File: //home/dfwparty/access-logs/smartcardcontacts.com.dfw.party-ssl_log
35.253.49.217 - - [16/Jul/2026:20:00:25 -0600] "GET / HTTP/1.1" 200 24943 "-" "Mozilla/5.0 (Windows NT 6.2) AppleWebKit/537.36 (KHTML, like Gecko) Chrome/28.0.1467.0 Safari/537.36"
113.88.193.67 - - [16/Jul/2026:20:26:46 -0600] "GET / HTTP/2" 403 1242 "https://smartcardcontacts.com/" "Mozilla/5.0 (Windows NT 6.1; WOW64) AppleWebKit/537.36 (KHTML, like Gecko) Chrome/50.0.2661.102 Safari/537.36"
74.7.175.176 - - [16/Jul/2026:21:13:14 -0600] "GET /robots.txt HTTP/2" 200 103 "-" "Mozilla/5.0 (Macintosh; Intel Mac OS X 10_15_7) AppleWebKit/537.36 (KHTML, like Gecko) Chrome/131.0.0.0 Safari/537.36; compatible; OAI-SearchBot/1.4; robots.txt; +https://openai.com/searchbot"
74.7.242.35 - - [16/Jul/2026:21:13:14 -0600] "GET / HTTP/2" 200 21678 "http://smartcardcontacts.com" "Mozilla/5.0 AppleWebKit/537.36 (KHTML, like Gecko; compatible; GPTBot/1.4; +https://openai.com/gptbot)"
74.7.242.35 - - [16/Jul/2026:21:13:16 -0600] "GET /wp-content/plugins/elementor/assets/js/webpack.runtime.min.js?ver=4.1.5 HTTP/2" 200 2338 "http://smartcardcontacts.com" "Mozilla/5.0 AppleWebKit/537.36 (KHTML, like Gecko; compatible; GPTBot/1.4; +https://openai.com/gptbot)"
74.7.242.35 - - [16/Jul/2026:21:13:19 -0600] "GET / HTTP/2" 200 21679 "http://smartcardcontacts.com" "Mozilla/5.0 AppleWebKit/537.36 (KHTML, like Gecko; compatible; GPTBot/1.4; +https://openai.com/gptbot)"
74.7.242.35 - - [16/Jul/2026:21:13:21 -0600] "GET /wp-content/plugins/elementor/assets/js/frontend-modules.min.js?ver=4.1.5 HTTP/2" 200 15445 "http://smartcardcontacts.com" "Mozilla/5.0 AppleWebKit/537.36 (KHTML, like Gecko; compatible; GPTBot/1.4; +https://openai.com/gptbot)"
74.7.242.35 - - [16/Jul/2026:21:13:24 -0600] "GET /wp-content/uploads/elementor/css/post-10.css?ver=1784253626 HTTP/2" 200 343 "http://smartcardcontacts.com" "Mozilla/5.0 AppleWebKit/537.36 (KHTML, like Gecko; compatible; GPTBot/1.4; +https://openai.com/gptbot)"
74.7.242.35 - - [16/Jul/2026:21:13:26 -0600] "GET /wp-content/uploads/elementor/css/post-15.css?ver=1784253626 HTTP/2" 200 153 "http://smartcardcontacts.com" "Mozilla/5.0 AppleWebKit/537.36 (KHTML, like Gecko; compatible; GPTBot/1.4; +https://openai.com/gptbot)"
74.7.242.35 - - [16/Jul/2026:21:13:27 -0600] "GET /wp-content/plugins/elementor/assets/css/frontend.min.css?ver=4.1.5 HTTP/2" 200 6613 "http://smartcardcontacts.com" "Mozilla/5.0 AppleWebKit/537.36 (KHTML, like Gecko; compatible; GPTBot/1.4; +https://openai.com/gptbot)"
74.7.242.35 - - [16/Jul/2026:21:13:29 -0600] "GET /wp-content/plugins/elementor-pro/assets/js/frontend.min.js?ver=4.1.3 HTTP/2" 200 6191 "http://smartcardcontacts.com" "Mozilla/5.0 AppleWebKit/537.36 (KHTML, like Gecko; compatible; GPTBot/1.4; +https://openai.com/gptbot)"
74.7.242.35 - - [16/Jul/2026:21:13:31 -0600] "GET /wp-content/plugins/elementor/assets/js/frontend.min.js?ver=4.1.5 HTTP/2" 200 10124 "http://smartcardcontacts.com" "Mozilla/5.0 AppleWebKit/537.36 (KHTML, like Gecko; compatible; GPTBot/1.4; +https://openai.com/gptbot)"
74.7.242.35 - - [16/Jul/2026:21:13:32 -0600] "GET /wp-content/plugins/elementor-pro/assets/js/webpack-pro.runtime.min.js?ver=4.1.3 HTTP/2" 200 2606 "http://smartcardcontacts.com" "Mozilla/5.0 AppleWebKit/537.36 (KHTML, like Gecko; compatible; GPTBot/1.4; +https://openai.com/gptbot)"
74.7.242.35 - - [16/Jul/2026:21:13:33 -0600] "GET /?p=15 HTTP/2" 301 0 "http://smartcardcontacts.com" "Mozilla/5.0 AppleWebKit/537.36 (KHTML, like Gecko; compatible; GPTBot/1.4; +https://openai.com/gptbot)"
74.7.242.35 - - [16/Jul/2026:21:13:34 -0600] "GET /wp-content/plugins/elementor-pro/assets/js/elements-handlers.min.js?ver=4.1.3 HTTP/2" 200 10079 "http://smartcardcontacts.com" "Mozilla/5.0 AppleWebKit/537.36 (KHTML, like Gecko; compatible; GPTBot/1.4; +https://openai.com/gptbot)"
198.175.150.9 - - [16/Jul/2026:22:36:43 -0600] "POST /wp-cron.php?doing_wp_cron=1784263003.8138520717620849609375 HTTP/1.1" 200 0 "-" "WordPress/7.0.1; https://smartcardcontacts.com"
198.175.150.9 - - [16/Jul/2026:22:36:43 -0600] "POST /wp-cron.php?doing_wp_cron=1784263003.8285539150238037109375 HTTP/1.1" 200 0 "-" "WordPress/7.0.1; https://smartcardcontacts.com"
198.175.150.9 - - [16/Jul/2026:22:36:43 -0600] "POST /wp-cron.php?doing_wp_cron=1784263003.8509569168090820312500 HTTP/1.1" 200 0 "-" "WordPress/7.0.1; https://smartcardcontacts.com"
173.252.70.62 - - [16/Jul/2026:22:36:42 -0600] "GET /robots.txt HTTP/2" 200 122 "-" "facebookexternalhit/1.1 (+http://www.facebook.com/externalhit_uatext.php)"
167.88.167.140 - - [16/Jul/2026:23:08:48 -0600] "HEAD /wp-content/plugins/custom-api-for-wp/classes/Common/Resources/JS/mo-caw-script.min.js HTTP/1.1" 404 0 "-" "Mozilla/5.0 (Windows NT 11.0; Win64; x64) AppleWebKit/537.36 (KHTML, like Gecko) Chrome/131.0.6778.86 Safari/537.36"
198.175.150.9 - - [16/Jul/2026:23:08:49 -0600] "POST /wp-cron.php?doing_wp_cron=1784264929.3308660984039306640625 HTTP/1.1" 200 0 "-" "WordPress/7.0.1; https://smartcardcontacts.com"
43.165.4.2 - - [16/Jul/2026:23:26:03 -0600] "GET / HTTP/1.1" 200 24948 "http://smartcardcontacts.com" "Mozilla/5.0 (iPhone; CPU iPhone OS 13_2_3 like Mac OS X) AppleWebKit/605.1.15 (KHTML, like Gecko) Version/13.0.3 Mobile/15E148 Safari/604.1"
198.175.150.9 - - [17/Jul/2026:01:43:18 -0600] "POST /wp-cron.php?doing_wp_cron=1784274198.3963499069213867187500 HTTP/1.1" 200 0 "-" "WordPress/7.0.1; https://smartcardcontacts.com"
136.118.127.255 - - [17/Jul/2026:01:43:20 -0600] "GET /wp-content/uploads/elementor/css/post-10.css?ver=1784253626 HTTP/1.1" 200 343 "-" "Mozilla/5.0 (Linux; Android 12; Pixel 6) AppleWebKit/537.36 (KHTML, like Gecko) Chrome/114.0.0.0 Mobile Safari/537.36"
136.118.127.255 - - [17/Jul/2026:01:43:20 -0600] "GET /wp-content/plugins/elementor/assets/js/webpack.runtime.min.js?ver=4.1.5 HTTP/1.1" 200 2338 "-" "Mozilla/5.0 (Linux; Android 12; Pixel 6) AppleWebKit/537.36 (KHTML, like Gecko) Chrome/114.0.0.0 Mobile Safari/537.36"
136.118.127.255 - - [17/Jul/2026:01:43:20 -0600] "GET /wp-content/plugins/astra-addon/assets/js/minified/purify.min.js?ver=4.13.5 HTTP/1.1" 200 10151 "-" "Mozilla/5.0 (Linux; Android 12; Pixel 6) AppleWebKit/537.36 (KHTML, like Gecko) Chrome/114.0.0.0 Mobile Safari/537.36"
136.118.127.255 - - [17/Jul/2026:01:43:20 -0600] "GET /wp-content/plugins/elementor/assets/js/frontend-modules.min.js?ver=4.1.5 HTTP/1.1" 200 15445 "-" "Mozilla/5.0 (Linux; Android 12; Pixel 6) AppleWebKit/537.36 (KHTML, like Gecko) Chrome/114.0.0.0 Mobile Safari/537.36"
136.118.127.255 - - [17/Jul/2026:01:43:20 -0600] "GET /wp-content/plugins/elementor/assets/css/frontend.min.css?ver=4.1.5 HTTP/1.1" 200 6613 "-" "Mozilla/5.0 (Linux; Android 12; Pixel 6) AppleWebKit/537.36 (KHTML, like Gecko) Chrome/114.0.0.0 Mobile Safari/537.36"
136.118.127.255 - - [17/Jul/2026:01:43:20 -0600] "GET /wp-includes/js/dist/i18n.min.js?ver=781d11515ad3d91786ec HTTP/1.1" 200 2354 "-" "Mozilla/5.0 (Linux; Android 12; Pixel 6) AppleWebKit/537.36 (KHTML, like Gecko) Chrome/114.0.0.0 Mobile Safari/537.36"
136.118.127.255 - - [17/Jul/2026:01:43:20 -0600] "GET /wp-content/plugins/elementor-pro/assets/js/webpack-pro.runtime.min.js?ver=4.1.3 HTTP/1.1" 200 2606 "-" "Mozilla/5.0 (Linux; Android 12; Pixel 6) AppleWebKit/537.36 (KHTML, like Gecko) Chrome/114.0.0.0 Mobile Safari/537.36"
136.118.127.255 - - [17/Jul/2026:01:43:20 -0600] "GET /xmlrpc.php?rsd HTTP/1.1" 200 301 "-" "Mozilla/5.0 (Linux; Android 12; Pixel 6) AppleWebKit/537.36 (KHTML, like Gecko) Chrome/114.0.0.0 Mobile Safari/537.36"
136.118.127.255 - - [17/Jul/2026:01:43:20 -0600] "GET / HTTP/1.1" 200 15174 "-" "Mozilla/5.0 (Linux; Android 12; Pixel 6) AppleWebKit/537.36 (KHTML, like Gecko) Chrome/114.0.0.0 Mobile Safari/537.36"
136.118.127.255 - - [17/Jul/2026:01:43:20 -0600] "GET /feed/ HTTP/1.1" 200 3287 "-" "Mozilla/5.0 (Linux; Android 12; Pixel 6) AppleWebKit/537.36 (KHTML, like Gecko) Chrome/114.0.0.0 Mobile Safari/537.36"
136.118.127.255 - - [17/Jul/2026:01:43:20 -0600] "GET /wp-json/wp/v2/pages/15 HTTP/1.1" 200 1472 "-" "Mozilla/5.0 (Linux; Android 12; Pixel 6) AppleWebKit/537.36 (KHTML, like Gecko) Chrome/114.0.0.0 Mobile Safari/537.36"
136.118.127.255 - - [17/Jul/2026:01:43:15 -0600] "GET / HTTP/1.1" 200 21663 "-" "Mozilla/5.0 (Linux; Android 12; Pixel 6) AppleWebKit/537.36 (KHTML, like Gecko) Chrome/114.0.0.0 Mobile Safari/537.36"
136.118.127.255 - - [17/Jul/2026:01:43:20 -0600] "GET /wp-content/plugins/elementor/assets/css/widget-social-icons.min.css?ver=3.24.0 HTTP/1.1" 200 1039 "-" "Mozilla/5.0 (Linux; Android 12; Pixel 6) AppleWebKit/537.36 (KHTML, like Gecko) Chrome/114.0.0.0 Mobile Safari/537.36"
136.118.127.255 - - [17/Jul/2026:01:43:20 -0600] "GET /wp-content/themes/astra/assets/js/minified/frontend.min.js?ver=4.13.6 HTTP/1.1" 200 5693 "-" "Mozilla/5.0 (Linux; Android 12; Pixel 6) AppleWebKit/537.36 (KHTML, like Gecko) Chrome/114.0.0.0 Mobile Safari/537.36"
136.118.127.255 - - [17/Jul/2026:01:43:20 -0600] "GET /wp-content/plugins/elementor/assets/lib/font-awesome/css/brands.css?ver=5.15.3 HTTP/1.1" 200 296 "-" "Mozilla/5.0 (Linux; Android 12; Pixel 6) AppleWebKit/537.36 (KHTML, like Gecko) Chrome/114.0.0.0 Mobile Safari/537.36"
136.118.127.255 - - [17/Jul/2026:01:43:20 -0600] "GET /wp-content/uploads/2025/01/cropped-smartqr-icon-logo-32x32.jpg HTTP/1.1" 200 1151 "-" "Mozilla/5.0 (Linux; Android 12; Pixel 6) AppleWebKit/537.36 (KHTML, like Gecko) Chrome/114.0.0.0 Mobile Safari/537.36"
136.118.127.255 - - [17/Jul/2026:01:43:20 -0600] "GET /wp-content/uploads/astra-addon/astra-addon-6a439d8eed5387-96069412.css?ver=4.13.5 HTTP/1.1" 200 2401 "-" "Mozilla/5.0 (Linux; Android 12; Pixel 6) AppleWebKit/537.36 (KHTML, like Gecko) Chrome/114.0.0.0 Mobile Safari/537.36"
136.118.127.255 - - [17/Jul/2026:01:43:20 -0600] "GET /wp-content/uploads/2025/01/cropped-smartqr-icon-logo-180x180.jpg HTTP/1.1" 200 6130 "-" "Mozilla/5.0 (Linux; Android 12; Pixel 6) AppleWebKit/537.36 (KHTML, like Gecko) Chrome/114.0.0.0 Mobile Safari/537.36"
136.118.127.255 - - [17/Jul/2026:01:43:20 -0600] "GET /wp-content/plugins/elementor/assets/lib/font-awesome/css/solid.css?ver=5.15.3 HTTP/1.1" 200 296 "-" "Mozilla/5.0 (Linux; Android 12; Pixel 6) AppleWebKit/537.36 (KHTML, like Gecko) Chrome/114.0.0.0 Mobile Safari/537.36"
136.118.127.255 - - [17/Jul/2026:01:43:20 -0600] "GET /wp-includes/js/jquery/ui/core.min.js?ver=1.13.3 HTTP/1.1" 200 6812 "-" "Mozilla/5.0 (Linux; Android 12; Pixel 6) AppleWebKit/537.36 (KHTML, like Gecko) Chrome/114.0.0.0 Mobile Safari/537.36"
136.118.127.255 - - [17/Jul/2026:01:43:20 -0600] "GET /wp-includes/js/jquery/jquery-migrate.min.js?ver=3.4.1 HTTP/1.1" 200 4678 "-" "Mozilla/5.0 (Linux; Android 12; Pixel 6) AppleWebKit/537.36 (KHTML, like Gecko) Chrome/114.0.0.0 Mobile Safari/537.36"
136.118.127.255 - - [17/Jul/2026:01:43:20 -0600] "GET /wp-content/uploads/astra-addon/astra-addon-6a439d8eee0a37-71681315.js?ver=4.13.5 HTTP/1.1" 200 3191 "-" "Mozilla/5.0 (Linux; Android 12; Pixel 6) AppleWebKit/537.36 (KHTML, like Gecko) Chrome/114.0.0.0 Mobile Safari/537.36"
136.118.127.255 - - [17/Jul/2026:01:43:20 -0600] "GET /wp-content/plugins/elementor-pro/assets/js/frontend.min.js?ver=4.1.3 HTTP/1.1" 200 6191 "-" "Mozilla/5.0 (Linux; Android 12; Pixel 6) AppleWebKit/537.36 (KHTML, like Gecko) Chrome/114.0.0.0 Mobile Safari/537.36"
136.118.127.255 - - [17/Jul/2026:01:43:20 -0600] "GET / HTTP/1.1" 200 15174 "-" "Mozilla/5.0 (Linux; Android 12; Pixel 6) AppleWebKit/537.36 (KHTML, like Gecko) Chrome/114.0.0.0 Mobile Safari/537.36"
136.118.127.255 - - [17/Jul/2026:01:43:20 -0600] "GET / HTTP/1.1" 200 15174 "-" "Mozilla/5.0 (Linux; Android 12; Pixel 6) AppleWebKit/537.36 (KHTML, like Gecko) Chrome/114.0.0.0 Mobile Safari/537.36"
136.118.127.255 - - [17/Jul/2026:01:43:20 -0600] "GET / HTTP/1.1" 200 15172 "-" "Mozilla/5.0 (Linux; Android 12; Pixel 6) AppleWebKit/537.36 (KHTML, like Gecko) Chrome/114.0.0.0 Mobile Safari/537.36"
74.7.242.35 - - [17/Jul/2026:02:07:26 -0600] "GET /wp-sitemap.xml HTTP/2" 200 196 "-" "Mozilla/5.0 AppleWebKit/537.36 (KHTML, like Gecko; compatible; GPTBot/1.4; +https://openai.com/gptbot)"
64.23.251.251 - - [17/Jul/2026:01:32:20 -0600] "GET /favicon.ico HTTP/1.1" 200 319 "https://autoconfig.smartcardcontacts.com/" "Mozilla/5.0 (X11; Linux x86_64; rv:142.0) Gecko/20100101 Firefox/142.0"
198.175.150.9 - - [17/Jul/2026:01:43:17 -0600] "POST /wp-cron.php?doing_wp_cron=1784274197.6815829277038574218750 HTTP/1.1" 200 0 "-" "WordPress/7.0.1; https://smartcardcontacts.com"
136.118.127.255 - - [17/Jul/2026:01:43:20 -0600] "GET /wp-content/themes/astra/assets/css/minified/main.min.css?ver=4.13.6 HTTP/1.1" 200 8389 "-" "Mozilla/5.0 (Linux; Android 12; Pixel 6) AppleWebKit/537.36 (KHTML, like Gecko) Chrome/114.0.0.0 Mobile Safari/537.36"
136.118.127.255 - - [17/Jul/2026:01:43:20 -0600] "GET /wp-content/plugins/elementor/assets/lib/font-awesome/css/fontawesome.css?ver=5.15.3 HTTP/1.1" 200 12526 "-" "Mozilla/5.0 (Linux; Android 12; Pixel 6) AppleWebKit/537.36 (KHTML, like Gecko) Chrome/114.0.0.0 Mobile Safari/537.36"
136.118.127.255 - - [17/Jul/2026:01:43:20 -0600] "GET /wp-content/plugins/elementor/assets/js/frontend.min.js?ver=4.1.5 HTTP/1.1" 200 10124 "-" "Mozilla/5.0 (Linux; Android 12; Pixel 6) AppleWebKit/537.36 (KHTML, like Gecko) Chrome/114.0.0.0 Mobile Safari/537.36"
136.118.127.255 - - [17/Jul/2026:01:43:20 -0600] "GET /wp-content/uploads/elementor/css/post-15.css?ver=1784253626 HTTP/1.1" 200 153 "-" "Mozilla/5.0 (Linux; Android 12; Pixel 6) AppleWebKit/537.36 (KHTML, like Gecko) Chrome/114.0.0.0 Mobile Safari/537.36"
136.118.127.255 - - [17/Jul/2026:01:43:20 -0600] "GET /wp-content/plugins/elementor-pro/assets/js/elements-handlers.min.js?ver=4.1.3 HTTP/1.1" 200 10079 "-" "Mozilla/5.0 (Linux; Android 12; Pixel 6) AppleWebKit/537.36 (KHTML, like Gecko) Chrome/114.0.0.0 Mobile Safari/537.36"
136.118.127.255 - - [17/Jul/2026:01:43:20 -0600] "GET / HTTP/1.1" 200 15174 "-" "Mozilla/5.0 (Linux; Android 12; Pixel 6) AppleWebKit/537.36 (KHTML, like Gecko) Chrome/114.0.0.0 Mobile Safari/537.36"
136.118.127.255 - - [17/Jul/2026:01:43:20 -0600] "GET /wp-json/ HTTP/1.1" 200 20306 "-" "Mozilla/5.0 (Linux; Android 12; Pixel 6) AppleWebKit/537.36 (KHTML, like Gecko) Chrome/114.0.0.0 Mobile Safari/537.36"
136.118.127.255 - - [17/Jul/2026:01:43:20 -0600] "GET / HTTP/1.1" 200 15174 "-" "Mozilla/5.0 (Linux; Android 12; Pixel 6) AppleWebKit/537.36 (KHTML, like Gecko) Chrome/114.0.0.0 Mobile Safari/537.36"
43.165.167.69 - - [17/Jul/2026:00:31:30 -0600] "GET / HTTP/1.1" 200 24945 "http://www.smartcardcontacts.com" "Mozilla/5.0 (iPhone; CPU iPhone OS 13_2_3 like Mac OS X) AppleWebKit/605.1.15 (KHTML, like Gecko) Version/13.0.3 Mobile/15E148 Safari/604.1"
64.23.251.251 - - [17/Jul/2026:01:32:18 -0600] "GET / HTTP/1.1" 200 319 "-" "Mozilla/5.0 (X11; Linux x86_64; rv:142.0) Gecko/20100101 Firefox/142.0"
198.175.150.9 - - [17/Jul/2026:01:43:17 -0600] "POST /wp-cron.php?doing_wp_cron=1784274197.7052099704742431640625 HTTP/1.1" 200 0 "-" "WordPress/7.0.1; https://smartcardcontacts.com"
136.118.127.255 - - [17/Jul/2026:01:43:20 -0600] "GET /wp-includes/js/jquery/jquery.min.js?ver=3.7.1 HTTP/1.1" 200 29744 "-" "Mozilla/5.0 (Linux; Android 12; Pixel 6) AppleWebKit/537.36 (KHTML, like Gecko) Chrome/114.0.0.0 Mobile Safari/537.36"
136.118.127.255 - - [17/Jul/2026:01:43:20 -0600] "GET /wp-content/uploads/elementor/google-fonts/css/robotoslab.css?ver=1742226817 HTTP/1.1" 200 708 "-" "Mozilla/5.0 (Linux; Android 12; Pixel 6) AppleWebKit/537.36 (KHTML, like Gecko) Chrome/114.0.0.0 Mobile Safari/537.36"
136.118.127.255 - - [17/Jul/2026:01:43:20 -0600] "GET /wp-includes/js/dist/hooks.min.js?ver=7496969728ca0f95732d HTTP/1.1" 200 1734 "-" "Mozilla/5.0 (Linux; Android 12; Pixel 6) AppleWebKit/537.36 (KHTML, like Gecko) Chrome/114.0.0.0 Mobile Safari/537.36"
136.118.127.255 - - [17/Jul/2026:01:43:20 -0600] "GET /wp-content/plugins/ultimate-elementor/assets/min-css/uael-frontend.min.css?ver=1.45.1 HTTP/1.1" 200 78024 "-" "Mozilla/5.0 (Linux; Android 12; Pixel 6) AppleWebKit/537.36 (KHTML, like Gecko) Chrome/114.0.0.0 Mobile Safari/537.36"
136.118.127.255 - - [17/Jul/2026:01:43:21 -0600] "GET /wp-content/uploads/2025/01/cropped-smartqr-icon-logo-192x192.jpg HTTP/1.1" 200 6691 "-" "Mozilla/5.0 (Linux; Android 12; Pixel 6) AppleWebKit/537.36 (KHTML, like Gecko) Chrome/114.0.0.0 Mobile Safari/537.36"
136.118.127.255 - - [17/Jul/2026:01:43:21 -0600] "GET /wp-content/plugins/elementor/assets/lib/eicons/css/elementor-icons.min.css?ver=5.50.0 HTTP/1.1" 200 4123 "-" "Mozilla/5.0 (Linux; Android 12; Pixel 6) AppleWebKit/537.36 (KHTML, like Gecko) Chrome/114.0.0.0 Mobile Safari/537.36"
136.118.127.255 - - [17/Jul/2026:01:43:21 -0600] "GET /wp-content/uploads/elementor/google-fonts/css/roboto.css?ver=1742226811 HTTP/1.1" 200 1867 "-" "Mozilla/5.0 (Linux; Android 12; Pixel 6) AppleWebKit/537.36 (KHTML, like Gecko) Chrome/114.0.0.0 Mobile Safari/537.36"
136.118.127.255 - - [17/Jul/2026:01:43:21 -0600] "GET /?p=15 HTTP/1.1" 301 0 "-" "Mozilla/5.0 (Linux; Android 12; Pixel 6) AppleWebKit/537.36 (KHTML, like Gecko) Chrome/114.0.0.0 Mobile Safari/537.36"
198.175.150.9 - - [17/Jul/2026:02:07:27 -0600] "POST /wp-cron.php?doing_wp_cron=1784275647.2186911106109619140625 HTTP/1.1" 200 0 "-" "WordPress/7.0.1; https://smartcardcontacts.com"
198.175.150.9 - - [17/Jul/2026:02:53:48 -0600] "POST /wp-cron.php?doing_wp_cron=1784278428.1540501117706298828125 HTTP/1.1" 200 0 "-" "WordPress/7.0.1; https://smartcardcontacts.com"
198.175.150.9 - - [17/Jul/2026:02:53:48 -0600] "POST /wp-cron.php?doing_wp_cron=1784278428.1434540748596191406250 HTTP/1.1" 200 0 "-" "WordPress/7.0.1; https://smartcardcontacts.com"
44.220.110.235 - - [17/Jul/2026:02:53:46 -0600] "GET /robots.txt HTTP/1.1" 200 116 "-" "Mozilla/5.0 (Macintosh; Intel Mac OS X 10_10_1) AppleWebKit/600.2.5 (KHTML, like Gecko) Version/8.0.2 Safari/600.2.5 (Gort)"
198.175.150.9 - - [17/Jul/2026:02:53:48 -0600] "POST /wp-cron.php?doing_wp_cron=1784278428.1262528896331787109375 HTTP/1.1" 200 0 "-" "WordPress/7.0.1; https://smartcardcontacts.com"
198.175.150.9 - - [17/Jul/2026:04:29:11 -0600] "POST /wp-cron.php?doing_wp_cron=1784284151.7442750930786132812500 HTTP/1.1" 200 0 "-" "WordPress/7.0.1; https://smartcardcontacts.com"
43.130.16.140 - - [17/Jul/2026:04:34:03 -0600] "GET / HTTP/1.1" 200 24944 "http://smartcardcontacts.com" "Mozilla/5.0 (iPhone; CPU iPhone OS 13_2_3 like Mac OS X) AppleWebKit/605.1.15 (KHTML, like Gecko) Version/13.0.3 Mobile/15E148 Safari/604.1"
43.159.132.207 - - [17/Jul/2026:05:32:12 -0600] "GET / HTTP/1.1" 200 24948 "http://www.smartcardcontacts.com" "Mozilla/5.0 (iPhone; CPU iPhone OS 13_2_3 like Mac OS X) AppleWebKit/605.1.15 (KHTML, like Gecko) Version/13.0.3 Mobile/15E148 Safari/604.1"
198.175.150.9 - - [17/Jul/2026:06:11:58 -0600] "POST /wp-cron.php?doing_wp_cron=1784290318.7836229801177978515625 HTTP/1.1" 200 0 "-" "WordPress/7.0.1; https://smartcardcontacts.com"
198.175.150.9 - - [17/Jul/2026:07:13:04 -0600] "POST /wp-cron.php?doing_wp_cron=1784293984.7069039344787597656250 HTTP/1.1" 200 0 "-" "WordPress/7.0.1; https://smartcardcontacts.com"
43.130.100.35 - - [17/Jul/2026:08:32:42 -0600] "GET / HTTP/1.1" 200 24948 "http://smartcardcontacts.com" "Mozilla/5.0 (iPhone; CPU iPhone OS 13_2_3 like Mac OS X) AppleWebKit/605.1.15 (KHTML, like Gecko) Version/13.0.3 Mobile/15E148 Safari/604.1"
198.175.150.9 - - [17/Jul/2026:07:13:01 -0600] "POST /wp-cron.php?doing_wp_cron=1784293981.1306679248809814453125 HTTP/1.1" 200 0 "-" "WordPress/7.0.1; https://smartcardcontacts.com"
57.141.0.32 - - [17/Jul/2026:07:12:57 -0600] "GET /kelli-cowart/ HTTP/2" 200 104110 "-" "Mozilla/5.0 (Macintosh; Intel Mac OS X 10_15_7) AppleWebKit/537.36 (KHTML, like Gecko) Chrome/145.0.0.0 Safari/537.36 (compatible; meta-externalagent/1.1 (+https://developers.facebook.com/docs/sharing/webmasters/crawler))"
198.175.150.9 - - [17/Jul/2026:07:13:01 -0600] "POST /wp-cron.php?doing_wp_cron=1784293981.1644690036773681640625 HTTP/1.1" 200 0 "-" "WordPress/7.0.1; https://smartcardcontacts.com"
167.172.226.151 - - [17/Jul/2026:07:30:54 -0600] "GET / HTTP/1.1" 200 24947 "-" "Mozilla/5.0 (X11; Linux x86_64) AppleWebKit/537.36 (KHTML, like Gecko) Chrome/142.0.0.0 Safari/537.36"
167.172.226.151 - - [17/Jul/2026:07:30:57 -0600] "GET /wp-content/uploads/2025/01/cropped-smartqr-icon-logo-32x32.jpg HTTP/1.1" 200 1151 "https://smartcardcontacts.com/" "Mozilla/5.0 (X11; Linux x86_64) AppleWebKit/537.36 (KHTML, like Gecko) Chrome/142.0.0.0 Safari/537.36"
202.8.40.128 - - [17/Jul/2026:09:12:05 -0600] "GET /wp-content/plugins/elementor/assets/css/frontend.min.css?ver=4.1.5 HTTP/2" 403 1242 "https://smartcardcontacts.com/gigi-cleaning/" "Mozilla/5.0 (compatible; AhrefsBot/7.0; +http://ahrefs.com/robot/)"
202.8.40.128 - - [17/Jul/2026:09:12:05 -0600] "GET /wp-content/plugins/elementor/assets/lib/font-awesome/css/brands.min.css?ver=5.15.3 HTTP/2" 403 1242 "https://smartcardcontacts.com/gigi-cleaning/" "Mozilla/5.0 (compatible; AhrefsBot/7.0; +http://ahrefs.com/robot/)"
202.8.40.128 - - [17/Jul/2026:09:12:05 -0600] "GET /wp-content/uploads/astra-addon/astra-addon-6a439d8eed5387-96069412.css?ver=4.13.5 HTTP/2" 403 1242 "https://smartcardcontacts.com/gigi-cleaning/" "Mozilla/5.0 (compatible; AhrefsBot/7.0; +http://ahrefs.com/robot/)"
202.8.40.128 - - [17/Jul/2026:09:12:05 -0600] "GET /wp-content/plugins/elementor/assets/lib/font-awesome/css/fontawesome.css?ver=5.15.3 HTTP/2" 403 1242 "https://smartcardcontacts.com/gigi-cleaning/" "Mozilla/5.0 (compatible; AhrefsBot/7.0; +http://ahrefs.com/robot/)"
202.8.40.128 - - [17/Jul/2026:09:12:05 -0600] "GET /wp-content/plugins/ultimate-elementor/assets/min-css/uael-frontend.min.css?ver=1.45.1 HTTP/2" 403 1242 "https://smartcardcontacts.com/gigi-cleaning/" "Mozilla/5.0 (compatible; AhrefsBot/7.0; +http://ahrefs.com/robot/)"
202.8.40.128 - - [17/Jul/2026:09:12:05 -0600] "GET /wp-content/uploads/elementor/css/post-687.css?ver=1784269739 HTTP/2" 403 1242 "https://smartcardcontacts.com/gigi-cleaning/" "Mozilla/5.0 (compatible; AhrefsBot/7.0; +http://ahrefs.com/robot/)"
202.8.40.128 - - [17/Jul/2026:09:12:05 -0600] "GET /wp-content/plugins/elementor/assets/lib/font-awesome/css/brands.css?ver=5.15.3 HTTP/2" 403 1242 "https://smartcardcontacts.com/gigi-cleaning/" "Mozilla/5.0 (compatible; AhrefsBot/7.0; +http://ahrefs.com/robot/)"
202.8.40.128 - - [17/Jul/2026:09:12:05 -0600] "GET /wp-content/uploads/elementor/google-fonts/css/robotoslab.css?ver=1742226817 HTTP/2" 403 1242 "https://smartcardcontacts.com/gigi-cleaning/" "Mozilla/5.0 (compatible; AhrefsBot/7.0; +http://ahrefs.com/robot/)"
202.8.40.128 - - [17/Jul/2026:09:12:05 -0600] "GET /wp-content/plugins/elementor/assets/lib/font-awesome/css/fontawesome.min.css?ver=5.15.3 HTTP/2" 403 1242 "https://smartcardcontacts.com/gigi-cleaning/" "Mozilla/5.0 (compatible; AhrefsBot/7.0; +http://ahrefs.com/robot/)"
202.8.40.128 - - [17/Jul/2026:09:12:05 -0600] "GET /wp-content/plugins/elementor/assets/lib/font-awesome/css/solid.css?ver=5.15.3 HTTP/2" 403 1242 "https://smartcardcontacts.com/gigi-cleaning/" "Mozilla/5.0 (compatible; AhrefsBot/7.0; +http://ahrefs.com/robot/)"
202.8.40.128 - - [17/Jul/2026:09:12:05 -0600] "GET /wp-content/uploads/elementor/google-fonts/css/roboto.css?ver=1742226811 HTTP/2" 403 1242 "https://smartcardcontacts.com/gigi-cleaning/" "Mozilla/5.0 (compatible; AhrefsBot/7.0; +http://ahrefs.com/robot/)"
202.8.40.128 - - [17/Jul/2026:09:12:05 -0600] "GET /wp-content/uploads/elementor/css/post-10.css?ver=1784253626 HTTP/2" 403 1242 "https://smartcardcontacts.com/gigi-cleaning/" "Mozilla/5.0 (compatible; AhrefsBot/7.0; +http://ahrefs.com/robot/)"
202.8.40.128 - - [17/Jul/2026:09:12:05 -0600] "GET /wp-content/plugins/elementor/assets/css/widget-social-icons.min.css?ver=3.24.0 HTTP/2" 403 1242 "https://smartcardcontacts.com/gigi-cleaning/" "Mozilla/5.0 (compatible; AhrefsBot/7.0; +http://ahrefs.com/robot/)"
202.8.40.128 - - [17/Jul/2026:09:12:05 -0600] "GET /wp-content/themes/astra/assets/css/minified/main.min.css?ver=4.13.6 HTTP/2" 403 1242 "https://smartcardcontacts.com/gigi-cleaning/" "Mozilla/5.0 (compatible; AhrefsBot/7.0; +http://ahrefs.com/robot/)"
202.8.40.128 - - [17/Jul/2026:09:12:05 -0600] "GET /wp-content/plugins/elementor/assets/lib/eicons/css/elementor-icons.min.css?ver=5.50.0 HTTP/2" 403 1242 "https://smartcardcontacts.com/gigi-cleaning/" "Mozilla/5.0 (compatible; AhrefsBot/7.0; +http://ahrefs.com/robot/)"
202.8.40.128 - - [17/Jul/2026:09:12:05 -0600] "GET /wp-content/plugins/elementor/assets/css/widget-image.min.css?ver=4.1.5 HTTP/2" 403 1242 "https://smartcardcontacts.com/gigi-cleaning/" "Mozilla/5.0 (compatible; AhrefsBot/7.0; +http://ahrefs.com/robot/)"
202.8.40.128 - - [17/Jul/2026:09:12:05 -0600] "GET /wp-includes/js/jquery/jquery.min.js?ver=3.7.1 HTTP/2" 403 1242 "https://smartcardcontacts.com/gigi-cleaning/" "Mozilla/5.0 (compatible; AhrefsBot/7.0; +http://ahrefs.com/robot/)"
202.8.40.128 - - [17/Jul/2026:09:12:05 -0600] "GET /wp-includes/js/jquery/jquery-migrate.min.js?ver=3.4.1 HTTP/2" 403 1242 "https://smartcardcontacts.com/gigi-cleaning/" "Mozilla/5.0 (compatible; AhrefsBot/7.0; +http://ahrefs.com/robot/)"
202.8.40.128 - - [17/Jul/2026:09:12:05 -0600] "GET /wp-content/plugins/unlimited-elements-for-elementor-premium/assets_libraries/font-awesome6/fontawesome-v4-shims.min.css HTTP/2" 403 1242 "https://smartcardcontacts.com/gigi-cleaning/" "Mozilla/5.0 (compatible; AhrefsBot/7.0; +http://ahrefs.com/robot/)"
202.8.40.128 - - [17/Jul/2026:09:12:05 -0600] "GET /wp-content/plugins/unlimited-elements-for-elementor-premium/assets_libraries/font-awesome6/fontawesome-all.min.css HTTP/2" 403 1242 "https://smartcardcontacts.com/gigi-cleaning/" "Mozilla/5.0 (compatible; AhrefsBot/7.0; +http://ahrefs.com/robot/)"
202.8.40.128 - - [17/Jul/2026:09:12:05 -0600] "GET /wp-content/themes/astra/assets/js/minified/frontend.min.js?ver=4.13.6 HTTP/2" 403 1242 "https://smartcardcontacts.com/gigi-cleaning/" "Mozilla/5.0 (compatible; AhrefsBot/7.0; +http://ahrefs.com/robot/)"
202.8.40.128 - - [17/Jul/2026:09:12:05 -0600] "GET /wp-content/plugins/astra-addon/assets/js/minified/purify.min.js?ver=4.13.5 HTTP/2" 403 1242 "https://smartcardcontacts.com/gigi-cleaning/" "Mozilla/5.0 (compatible; AhrefsBot/7.0; +http://ahrefs.com/robot/)"
202.8.40.128 - - [17/Jul/2026:09:12:05 -0600] "GET /wp-content/plugins/elementor/assets/js/webpack.runtime.min.js?ver=4.1.5 HTTP/2" 403 1242 "https://smartcardcontacts.com/gigi-cleaning/" "Mozilla/5.0 (compatible; AhrefsBot/7.0; +http://ahrefs.com/robot/)"
202.8.40.128 - - [17/Jul/2026:09:12:05 -0600] "GET /wp-content/uploads/astra-addon/astra-addon-6a439d8eee0a37-71681315.js?ver=4.13.5 HTTP/2" 403 1242 "https://smartcardcontacts.com/gigi-cleaning/" "Mozilla/5.0 (compatible; AhrefsBot/7.0; +http://ahrefs.com/robot/)"
202.8.40.128 - - [17/Jul/2026:09:12:05 -0600] "GET /wp-content/plugins/elementor/assets/js/frontend.min.js?ver=4.1.5 HTTP/2" 403 1242 "https://smartcardcontacts.com/gigi-cleaning/" "Mozilla/5.0 (compatible; AhrefsBot/7.0; +http://ahrefs.com/robot/)"
202.8.40.128 - - [17/Jul/2026:09:12:05 -0600] "GET /wp-content/plugins/elementor-pro/assets/js/webpack-pro.runtime.min.js?ver=4.1.3 HTTP/2" 403 1242 "https://smartcardcontacts.com/gigi-cleaning/" "Mozilla/5.0 (compatible; AhrefsBot/7.0; +http://ahrefs.com/robot/)"
202.8.40.128 - - [17/Jul/2026:09:12:05 -0600] "GET /wp-includes/js/jquery/ui/core.min.js?ver=1.13.3 HTTP/2" 403 1242 "https://smartcardcontacts.com/gigi-cleaning/" "Mozilla/5.0 (compatible; AhrefsBot/7.0; +http://ahrefs.com/robot/)"
202.8.40.128 - - [17/Jul/2026:09:12:05 -0600] "GET /wp-includes/js/dist/i18n.min.js?ver=781d11515ad3d91786ec HTTP/2" 403 1242 "https://smartcardcontacts.com/gigi-cleaning/" "Mozilla/5.0 (compatible; AhrefsBot/7.0; +http://ahrefs.com/robot/)"
202.8.40.128 - - [17/Jul/2026:09:12:05 -0600] "GET /wp-content/plugins/elementor/assets/js/frontend-modules.min.js?ver=4.1.5 HTTP/2" 403 1242 "https://smartcardcontacts.com/gigi-cleaning/" "Mozilla/5.0 (compatible; AhrefsBot/7.0; +http://ahrefs.com/robot/)"
202.8.40.128 - - [17/Jul/2026:09:12:05 -0600] "GET /wp-content/uploads/ac_assets/ue_vcard_button/vard-creator-v0.6.0.js?ver=2.0.13 HTTP/2" 403 1242 "https://smartcardcontacts.com/gigi-cleaning/" "Mozilla/5.0 (compatible; AhrefsBot/7.0; +http://ahrefs.com/robot/)"
202.8.40.128 - - [17/Jul/2026:09:12:05 -0600] "GET /wp-includes/js/dist/hooks.min.js?ver=7496969728ca0f95732d HTTP/2" 403 1242 "https://smartcardcontacts.com/gigi-cleaning/" "Mozilla/5.0 (compatible; AhrefsBot/7.0; +http://ahrefs.com/robot/)"
202.8.40.128 - - [17/Jul/2026:09:12:05 -0600] "GET /wp-content/plugins/elementor-pro/assets/js/frontend.min.js?ver=4.1.3 HTTP/2" 403 1242 "https://smartcardcontacts.com/gigi-cleaning/" "Mozilla/5.0 (compatible; AhrefsBot/7.0; +http://ahrefs.com/robot/)"
202.8.40.128 - - [17/Jul/2026:09:12:05 -0600] "GET /wp-content/plugins/elementor-pro/assets/js/elements-handlers.min.js?ver=4.1.3 HTTP/2" 403 1242 "https://smartcardcontacts.com/gigi-cleaning/" "Mozilla/5.0 (compatible; AhrefsBot/7.0; +http://ahrefs.com/robot/)"
202.8.40.128 - - [17/Jul/2026:09:12:05 -0600] "GET /wp-includes/js/wp-emoji-release.min.js?ver=7.0.1 HTTP/2" 403 1242 "https://smartcardcontacts.com/gigi-cleaning/" "Mozilla/5.0 (compatible; AhrefsBot/7.0; +http://ahrefs.com/robot/)"
66.249.70.134 - - [17/Jul/2026:09:12:52 -0600] "GET /dfw-singing-telegrams/ HTTP/1.1" 200 21607 "-" "Mozilla/5.0 (compatible; Googlebot/2.1; +http://www.google.com/bot.html)"
66.249.70.132 - - [17/Jul/2026:09:13:36 -0600] "GET /dfw-singing-telegrams/ HTTP/1.1" 200 21620 "-" "Mozilla/5.0 (Linux; Android 6.0.1; Nexus 5X Build/MMB29P) AppleWebKit/537.36 (KHTML, like Gecko) Chrome/150.0.7871.124 Mobile Safari/537.36 (compatible; Googlebot/2.1; +http://www.google.com/bot.html)"
66.249.70.132 - - [17/Jul/2026:09:13:40 -0600] "GET /wp-content/plugins/elementor/assets/css/widget-social-icons.min.css?ver=3.24.0 HTTP/1.1" 200 1039 "https://smartcardcontacts.com/dfw-singing-telegrams/" "Mozilla/5.0 (Linux; Android 6.0.1; Nexus 5X Build/MMB29P) AppleWebKit/537.36 (KHTML, like Gecko) Chrome/149.0.7827.200 Mobile Safari/537.36 (compatible; Googlebot/2.1; +http://www.google.com/bot.html)"
66.249.70.132 - - [17/Jul/2026:09:13:41 -0600] "GET /wp-content/plugins/elementor/assets/lib/font-awesome/css/fontawesome.css?ver=5.15.3 HTTP/1.1" 200 12526 "https://smartcardcontacts.com/dfw-singing-telegrams/" "Mozilla/5.0 (Linux; Android 6.0.1; Nexus 5X Build/MMB29P) AppleWebKit/537.36 (KHTML, like Gecko) Chrome/149.0.7827.200 Mobile Safari/537.36 (compatible; Googlebot/2.1; +http://www.google.com/bot.html)"
66.249.70.132 - - [17/Jul/2026:09:13:42 -0600] "GET /wp-content/plugins/elementor/assets/css/frontend.min.css?ver=4.1.5 HTTP/1.1" 200 6613 "https://smartcardcontacts.com/dfw-singing-telegrams/" "Mozilla/5.0 (Linux; Android 6.0.1; Nexus 5X Build/MMB29P) AppleWebKit/537.36 (KHTML, like Gecko) Chrome/149.0.7827.200 Mobile Safari/537.36 (compatible; Googlebot/2.1; +http://www.google.com/bot.html)"
66.249.70.132 - - [17/Jul/2026:09:13:43 -0600] "GET /wp-content/themes/astra/assets/css/minified/main.min.css?ver=4.13.6 HTTP/1.1" 200 8389 "https://smartcardcontacts.com/dfw-singing-telegrams/" "Mozilla/5.0 (Linux; Android 6.0.1; Nexus 5X Build/MMB29P) AppleWebKit/537.36 (KHTML, like Gecko) Chrome/149.0.7827.200 Mobile Safari/537.36 (compatible; Googlebot/2.1; +http://www.google.com/bot.html)"
66.249.70.132 - - [17/Jul/2026:09:13:44 -0600] "GET /wp-content/uploads/elementor/google-fonts/css/roboto.css?ver=1742226811 HTTP/1.1" 200 1867 "https://smartcardcontacts.com/dfw-singing-telegrams/" "Mozilla/5.0 (Linux; Android 6.0.1; Nexus 5X Build/MMB29P) AppleWebKit/537.36 (KHTML, like Gecko) Chrome/149.0.7827.200 Mobile Safari/537.36 (compatible; Googlebot/2.1; +http://www.google.com/bot.html)"
66.249.70.132 - - [17/Jul/2026:09:13:45 -0600] "GET /wp-content/uploads/elementor/css/post-264.css?ver=1783296000 HTTP/1.1" 200 542 "https://smartcardcontacts.com/dfw-singing-telegrams/" "Mozilla/5.0 (Linux; Android 6.0.1; Nexus 5X Build/MMB29P) AppleWebKit/537.36 (KHTML, like Gecko) Chrome/149.0.7827.200 Mobile Safari/537.36 (compatible; Googlebot/2.1; +http://www.google.com/bot.html)"
66.249.70.132 - - [17/Jul/2026:09:13:46 -0600] "GET /wp-content/plugins/elementor/assets/css/widget-image.min.css?ver=4.1.5 HTTP/1.1" 200 96 "https://smartcardcontacts.com/dfw-singing-telegrams/" "Mozilla/5.0 (Linux; Android 6.0.1; Nexus 5X Build/MMB29P) AppleWebKit/537.36 (KHTML, like Gecko) Chrome/149.0.7827.200 Mobile Safari/537.36 (compatible; Googlebot/2.1; +http://www.google.com/bot.html)"
66.249.70.132 - - [17/Jul/2026:09:13:47 -0600] "GET /wp-content/plugins/elementor/assets/lib/eicons/css/elementor-icons.min.css?ver=5.50.0 HTTP/1.1" 200 4123 "https://smartcardcontacts.com/dfw-singing-telegrams/" "Mozilla/5.0 (Linux; Android 6.0.1; Nexus 5X Build/MMB29P) AppleWebKit/537.36 (KHTML, like Gecko) Chrome/149.0.7827.200 Mobile Safari/537.36 (compatible; Googlebot/2.1; +http://www.google.com/bot.html)"
66.249.70.132 - - [17/Jul/2026:09:13:47 -0600] "GET /wp-content/plugins/elementor/assets/lib/font-awesome/css/solid.css?ver=5.15.3 HTTP/1.1" 200 296 "https://smartcardcontacts.com/dfw-singing-telegrams/" "Mozilla/5.0 (Linux; Android 6.0.1; Nexus 5X Build/MMB29P) AppleWebKit/537.36 (KHTML, like Gecko) Chrome/149.0.7827.200 Mobile Safari/537.36 (compatible; Googlebot/2.1; +http://www.google.com/bot.html)"
66.249.70.132 - - [17/Jul/2026:09:13:48 -0600] "GET /wp-content/plugins/unlimited-elements-for-elementor-premium/assets_libraries/font-awesome6/fontawesome-all.min.css HTTP/1.1" 200 22276 "https://smartcardcontacts.com/dfw-singing-telegrams/" "Mozilla/5.0 (Linux; Android 6.0.1; Nexus 5X Build/MMB29P) AppleWebKit/537.36 (KHTML, like Gecko) Chrome/149.0.7827.200 Mobile Safari/537.36 (compatible; Googlebot/2.1; +http://www.google.com/bot.html)"
66.249.70.132 - - [17/Jul/2026:09:13:49 -0600] "GET /wp-includes/js/jquery/jquery.min.js?ver=3.7.1 HTTP/1.1" 200 29744 "https://smartcardcontacts.com/dfw-singing-telegrams/" "Mozilla/5.0 (Linux; Android 6.0.1; Nexus 5X Build/MMB29P) AppleWebKit/537.36 (KHTML, like Gecko) Chrome/149.0.7827.200 Mobile Safari/537.36 (compatible; Googlebot/2.1; +http://www.google.com/bot.html)"
66.249.70.132 - - [17/Jul/2026:09:13:49 -0600] "GET /wp-content/plugins/unlimited-elements-for-elementor-premium/assets_libraries/font-awesome6/fontawesome-v4-shims.min.css HTTP/1.1" 200 3829 "https://smartcardcontacts.com/dfw-singing-telegrams/" "Mozilla/5.0 (Linux; Android 6.0.1; Nexus 5X Build/MMB29P) AppleWebKit/537.36 (KHTML, like Gecko) Chrome/149.0.7827.200 Mobile Safari/537.36 (compatible; Googlebot/2.1; +http://www.google.com/bot.html)"
66.249.70.132 - - [17/Jul/2026:09:13:50 -0600] "GET /wp-content/plugins/ultimate-elementor/assets/min-css/uael-frontend.min.css?ver=1.45.1 HTTP/1.1" 200 78024 "https://smartcardcontacts.com/dfw-singing-telegrams/" "Mozilla/5.0 (Linux; Android 6.0.1; Nexus 5X Build/MMB29P) AppleWebKit/537.36 (KHTML, like Gecko) Chrome/149.0.7827.200 Mobile Safari/537.36 (compatible; Googlebot/2.1; +http://www.google.com/bot.html)"
66.249.70.132 - - [17/Jul/2026:09:13:52 -0600] "GET /wp-content/uploads/elementor/css/post-10.css?ver=1783296000 HTTP/1.1" 200 343 "https://smartcardcontacts.com/dfw-singing-telegrams/" "Mozilla/5.0 (Linux; Android 6.0.1; Nexus 5X Build/MMB29P) AppleWebKit/537.36 (KHTML, like Gecko) Chrome/149.0.7827.200 Mobile Safari/537.36 (compatible; Googlebot/2.1; +http://www.google.com/bot.html)"
66.249.70.132 - - [17/Jul/2026:09:13:52 -0600] "GET /wp-content/plugins/elementor/assets/lib/font-awesome/css/fontawesome.min.css?ver=5.15.3 HTTP/1.1" 200 12164 "https://smartcardcontacts.com/dfw-singing-telegrams/" "Mozilla/5.0 (Linux; Android 6.0.1; Nexus 5X Build/MMB29P) AppleWebKit/537.36 (KHTML, like Gecko) Chrome/149.0.7827.200 Mobile Safari/537.36 (compatible; Googlebot/2.1; +http://www.google.com/bot.html)"
66.249.70.132 - - [17/Jul/2026:09:13:53 -0600] "GET /wp-content/themes/astra/assets/js/minified/frontend.min.js?ver=4.13.6 HTTP/1.1" 200 5693 "https://smartcardcontacts.com/dfw-singing-telegrams/" "Mozilla/5.0 (Linux; Android 6.0.1; Nexus 5X Build/MMB29P) AppleWebKit/537.36 (KHTML, like Gecko) Chrome/149.0.7827.200 Mobile Safari/537.36 (compatible; Googlebot/2.1; +http://www.google.com/bot.html)"
66.249.70.134 - - [17/Jul/2026:09:13:59 -0600] "GET /wp-content/uploads/astra-addon/astra-addon-6a439d8eee0a37-71681315.js?ver=4.13.5 HTTP/1.1" 200 3191 "https://smartcardcontacts.com/dfw-singing-telegrams/" "Mozilla/5.0 (Linux; Android 6.0.1; Nexus 5X Build/MMB29P) AppleWebKit/537.36 (KHTML, like Gecko) Chrome/149.0.7827.200 Mobile Safari/537.36 (compatible; Googlebot/2.1; +http://www.google.com/bot.html)"
66.249.70.134 - - [17/Jul/2026:09:13:59 -0600] "GET /wp-includes/js/dist/hooks.min.js?ver=7496969728ca0f95732d HTTP/1.1" 200 1734 "https://smartcardcontacts.com/dfw-singing-telegrams/" "Mozilla/5.0 (Linux; Android 6.0.1; Nexus 5X Build/MMB29P) AppleWebKit/537.36 (KHTML, like Gecko) Chrome/149.0.7827.200 Mobile Safari/537.36 (compatible; Googlebot/2.1; +http://www.google.com/bot.html)"
66.249.70.134 - - [17/Jul/2026:09:14:00 -0600] "GET /wp-content/plugins/elementor-pro/assets/js/webpack-pro.runtime.min.js?ver=4.1.3 HTTP/1.1" 200 2606 "https://smartcardcontacts.com/dfw-singing-telegrams/" "Mozilla/5.0 (Linux; Android 6.0.1; Nexus 5X Build/MMB29P) AppleWebKit/537.36 (KHTML, like Gecko) Chrome/149.0.7827.200 Mobile Safari/537.36 (compatible; Googlebot/2.1; +http://www.google.com/bot.html)"
66.249.70.134 - - [17/Jul/2026:09:14:01 -0600] "GET /wp-content/plugins/elementor/assets/js/frontend-modules.min.js?ver=4.1.5 HTTP/1.1" 200 15445 "https://smartcardcontacts.com/dfw-singing-telegrams/" "Mozilla/5.0 (Linux; Android 6.0.1; Nexus 5X Build/MMB29P) AppleWebKit/537.36 (KHTML, like Gecko) Chrome/149.0.7827.200 Mobile Safari/537.36 (compatible; Googlebot/2.1; +http://www.google.com/bot.html)"
66.249.70.134 - - [17/Jul/2026:09:14:01 -0600] "GET /wp-content/plugins/elementor/assets/js/webpack.runtime.min.js?ver=4.1.5 HTTP/1.1" 200 2338 "https://smartcardcontacts.com/dfw-singing-telegrams/" "Mozilla/5.0 (Linux; Android 6.0.1; Nexus 5X Build/MMB29P) AppleWebKit/537.36 (KHTML, like Gecko) Chrome/149.0.7827.200 Mobile Safari/537.36 (compatible; Googlebot/2.1; +http://www.google.com/bot.html)"
66.249.70.133 - - [17/Jul/2026:09:14:01 -0600] "GET /wp-content/plugins/elementor-pro/assets/js/elements-handlers.min.js?ver=4.1.3 HTTP/1.1" 200 10079 "https://smartcardcontacts.com/dfw-singing-telegrams/" "Mozilla/5.0 (Linux; Android 6.0.1; Nexus 5X Build/MMB29P) AppleWebKit/537.36 (KHTML, like Gecko) Chrome/149.0.7827.200 Mobile Safari/537.36 (compatible; Googlebot/2.1; +http://www.google.com/bot.html)"
66.249.70.133 - - [17/Jul/2026:09:14:02 -0600] "GET /wp-content/plugins/astra-addon/assets/js/minified/purify.min.js?ver=4.13.5 HTTP/1.1" 200 10151 "https://smartcardcontacts.com/dfw-singing-telegrams/" "Mozilla/5.0 (Linux; Android 6.0.1; Nexus 5X Build/MMB29P) AppleWebKit/537.36 (KHTML, like Gecko) Chrome/149.0.7827.200 Mobile Safari/537.36 (compatible; Googlebot/2.1; +http://www.google.com/bot.html)"
66.249.70.133 - - [17/Jul/2026:09:14:03 -0600] "GET /wp-content/plugins/elementor/assets/js/frontend.min.js?ver=4.1.5 HTTP/1.1" 200 10124 "https://smartcardcontacts.com/dfw-singing-telegrams/" "Mozilla/5.0 (Linux; Android 6.0.1; Nexus 5X Build/MMB29P) AppleWebKit/537.36 (KHTML, like Gecko) Chrome/149.0.7827.200 Mobile Safari/537.36 (compatible; Googlebot/2.1; +http://www.google.com/bot.html)"
66.249.70.133 - - [17/Jul/2026:09:14:03 -0600] "GET /wp-includes/js/jquery/ui/core.min.js?ver=1.13.3 HTTP/1.1" 200 6812 "https://smartcardcontacts.com/dfw-singing-telegrams/" "Mozilla/5.0 (Linux; Android 6.0.1; Nexus 5X Build/MMB29P) AppleWebKit/537.36 (KHTML, like Gecko) Chrome/149.0.7827.200 Mobile Safari/537.36 (compatible; Googlebot/2.1; +http://www.google.com/bot.html)"
51.195.183.42 - - [17/Jul/2026:09:11:59 -0600] "GET /robots.txt HTTP/2" 200 103 "-" "Mozilla/5.0 (compatible; AhrefsBot/7.0; +http://ahrefs.com/robot/)"
66.249.70.132 - - [17/Jul/2026:09:13:06 -0600] "GET /wp-content/themes/astra/assets/css/minified/main.min.css?ver=4.13.6 HTTP/1.1" 200 8389 "https://smartcardcontacts.com/dfw-singing-telegrams/" "Mozilla/5.0 AppleWebKit/537.36 (KHTML, like Gecko; compatible; Googlebot/2.1; +http://www.google.com/bot.html) Chrome/149.0.7827.200 Safari/537.36"
66.249.70.132 - - [17/Jul/2026:09:13:06 -0600] "GET /wp-content/plugins/elementor/assets/lib/font-awesome/css/fontawesome.css?ver=5.15.3 HTTP/1.1" 200 12526 "https://smartcardcontacts.com/dfw-singing-telegrams/" "Mozilla/5.0 AppleWebKit/537.36 (KHTML, like Gecko; compatible; Googlebot/2.1; +http://www.google.com/bot.html) Chrome/149.0.7827.200 Safari/537.36"
66.249.70.133 - - [17/Jul/2026:09:13:06 -0600] "GET /wp-content/plugins/elementor/assets/css/frontend.min.css?ver=4.1.5 HTTP/1.1" 200 6613 "https://smartcardcontacts.com/dfw-singing-telegrams/" "Mozilla/5.0 AppleWebKit/537.36 (KHTML, like Gecko; compatible; Googlebot/2.1; +http://www.google.com/bot.html) Chrome/149.0.7827.200 Safari/537.36"
66.249.70.133 - - [17/Jul/2026:09:13:07 -0600] "GET /wp-content/uploads/astra-addon/astra-addon-6a439d8eed5387-96069412.css?ver=4.13.5 HTTP/1.1" 200 2401 "https://smartcardcontacts.com/dfw-singing-telegrams/" "Mozilla/5.0 AppleWebKit/537.36 (KHTML, like Gecko; compatible; Googlebot/2.1; +http://www.google.com/bot.html) Chrome/149.0.7827.200 Safari/537.36"
66.249.70.133 - - [17/Jul/2026:09:13:09 -0600] "GET /wp-content/plugins/elementor/assets/lib/font-awesome/css/brands.css?ver=5.15.3 HTTP/1.1" 200 296 "https://smartcardcontacts.com/dfw-singing-telegrams/" "Mozilla/5.0 AppleWebKit/537.36 (KHTML, like Gecko; compatible; Googlebot/2.1; +http://www.google.com/bot.html) Chrome/149.0.7827.200 Safari/537.36"
66.249.70.132 - - [17/Jul/2026:09:13:59 -0600] "GET /wp-content/uploads/ac_assets/ue_vcard_button/vard-creator-v0.6.0.js?ver=2.0.13 HTTP/1.1" 200 3710 "https://smartcardcontacts.com/dfw-singing-telegrams/" "Mozilla/5.0 (Linux; Android 6.0.1; Nexus 5X Build/MMB29P) AppleWebKit/537.36 (KHTML, like Gecko) Chrome/149.0.7827.200 Mobile Safari/537.36 (compatible; Googlebot/2.1; +http://www.google.com/bot.html)"
66.249.70.132 - - [17/Jul/2026:09:14:02 -0600] "GET /wp-includes/js/dist/i18n.min.js?ver=781d11515ad3d91786ec HTTP/1.1" 200 2354 "https://smartcardcontacts.com/dfw-singing-telegrams/" "Mozilla/5.0 (Linux; Android 6.0.1; Nexus 5X Build/MMB29P) AppleWebKit/537.36 (KHTML, like Gecko) Chrome/149.0.7827.200 Mobile Safari/537.36 (compatible; Googlebot/2.1; +http://www.google.com/bot.html)"
66.249.70.132 - - [17/Jul/2026:09:14:03 -0600] "GET /wp-content/plugins/elementor-pro/assets/js/frontend.min.js?ver=4.1.3 HTTP/1.1" 200 6191 "https://smartcardcontacts.com/dfw-singing-telegrams/" "Mozilla/5.0 (Linux; Android 6.0.1; Nexus 5X Build/MMB29P) AppleWebKit/537.36 (KHTML, like Gecko) Chrome/149.0.7827.200 Mobile Safari/537.36 (compatible; Googlebot/2.1; +http://www.google.com/bot.html)"
66.249.66.196 - - [17/Jul/2026:09:14:09 -0600] "GET /favicon.ico HTTP/1.1" 404 1251 "-" "Googlebot-Image/1.0"
66.249.70.132 - - [17/Jul/2026:09:14:10 -0600] "GET /wp-content/uploads/2025/01/cropped-smartqr-icon-logo-180x180.jpg HTTP/1.1" 200 6130 "-" "Googlebot-Image/1.0"
54.38.147.95 - - [17/Jul/2026:09:16:25 -0600] "GET /wp-content/uploads/2024/11/GiGis-Cleaning-smartqr.jpg HTTP/2" 200 34230 "-" "Mozilla/5.0 (compatible; AhrefsBot/7.0; +http://ahrefs.com/robot/)"
198.244.226.66 - - [17/Jul/2026:09:16:26 -0600] "GET /wp-content/uploads/elementor/css/post-10.css?ver=1784253626 HTTP/2" 200 343 "-" "Mozilla/5.0 (compatible; AhrefsBot/7.0; +http://ahrefs.com/robot/)"
198.175.150.9 - - [17/Jul/2026:09:12:00 -0600] "POST /wp-cron.php?doing_wp_cron=1784301120.2033329010009765625000 HTTP/1.1" 200 0 "-" "WordPress/7.0.1; https://smartcardcontacts.com"
198.244.226.229 - - [17/Jul/2026:09:12:01 -0600] "GET /gigi-cleaning/ HTTP/2" 200 21449 "-" "Mozilla/5.0 (compatible; AhrefsBot/7.0; +http://ahrefs.com/robot/)"
168.100.149.34 - - [17/Jul/2026:09:12:04 -0600] "GET /robots.txt HTTP/2" 200 103 "-" "Mozilla/5.0 (compatible; AhrefsBot/7.0; +http://ahrefs.com/robot/)"
66.249.70.132 - - [17/Jul/2026:09:13:12 -0600] "GET /wp-content/themes/astra/assets/js/minified/frontend.min.js?ver=4.13.6 HTTP/1.1" 200 5693 "https://smartcardcontacts.com/dfw-singing-telegrams/" "Mozilla/5.0 AppleWebKit/537.36 (KHTML, like Gecko; compatible; Googlebot/2.1; +http://www.google.com/bot.html) Chrome/149.0.7827.200 Safari/537.36"
66.249.70.133 - - [17/Jul/2026:09:13:14 -0600] "GET /wp-content/uploads/astra-addon/astra-addon-6a439d8eee0a37-71681315.js?ver=4.13.5 HTTP/1.1" 200 3191 "https://smartcardcontacts.com/dfw-singing-telegrams/" "Mozilla/5.0 AppleWebKit/537.36 (KHTML, like Gecko; compatible; Googlebot/2.1; +http://www.google.com/bot.html) Chrome/149.0.7827.200 Safari/537.36"
66.249.70.132 - - [17/Jul/2026:09:13:15 -0600] "GET /wp-content/uploads/ac_assets/ue_vcard_button/vard-creator-v0.6.0.js?ver=2.0.13 HTTP/1.1" 200 3710 "https://smartcardcontacts.com/dfw-singing-telegrams/" "Mozilla/5.0 AppleWebKit/537.36 (KHTML, like Gecko; compatible; Googlebot/2.1; +http://www.google.com/bot.html) Chrome/149.0.7827.200 Safari/537.36"
66.249.70.132 - - [17/Jul/2026:09:13:16 -0600] "GET /wp-content/plugins/elementor/assets/js/frontend.min.js?ver=4.1.5 HTTP/1.1" 200 10124 "https://smartcardcontacts.com/dfw-singing-telegrams/" "Mozilla/5.0 AppleWebKit/537.36 (KHTML, like Gecko; compatible; Googlebot/2.1; +http://www.google.com/bot.html) Chrome/149.0.7827.200 Safari/537.36"
66.249.70.132 - - [17/Jul/2026:09:13:17 -0600] "GET /wp-content/plugins/astra-addon/assets/js/minified/purify.min.js?ver=4.13.5 HTTP/1.1" 200 10151 "https://smartcardcontacts.com/dfw-singing-telegrams/" "Mozilla/5.0 AppleWebKit/537.36 (KHTML, like Gecko; compatible; Googlebot/2.1; +http://www.google.com/bot.html) Chrome/149.0.7827.200 Safari/537.36"
66.249.70.132 - - [17/Jul/2026:09:13:18 -0600] "GET /wp-content/plugins/elementor/assets/js/frontend-modules.min.js?ver=4.1.5 HTTP/1.1" 200 15445 "https://smartcardcontacts.com/dfw-singing-telegrams/" "Mozilla/5.0 AppleWebKit/537.36 (KHTML, like Gecko; compatible; Googlebot/2.1; +http://www.google.com/bot.html) Chrome/149.0.7827.200 Safari/537.36"
66.249.70.132 - - [17/Jul/2026:09:13:19 -0600] "GET /wp-includes/js/jquery/ui/core.min.js?ver=1.13.3 HTTP/1.1" 200 6812 "https://smartcardcontacts.com/dfw-singing-telegrams/" "Mozilla/5.0 AppleWebKit/537.36 (KHTML, like Gecko; compatible; Googlebot/2.1; +http://www.google.com/bot.html) Chrome/149.0.7827.200 Safari/537.36"
66.249.70.132 - - [17/Jul/2026:09:13:20 -0600] "GET /wp-includes/js/dist/hooks.min.js?ver=7496969728ca0f95732d HTTP/1.1" 200 1734 "https://smartcardcontacts.com/dfw-singing-telegrams/" "Mozilla/5.0 AppleWebKit/537.36 (KHTML, like Gecko; compatible; Googlebot/2.1; +http://www.google.com/bot.html) Chrome/149.0.7827.200 Safari/537.36"
54.38.147.7 - - [17/Jul/2026:09:16:27 -0600] "GET /wp-content/plugins/elementor/assets/js/webpack.runtime.min.js?ver=4.1.5 HTTP/2" 200 2338 "-" "Mozilla/5.0 (compatible; AhrefsBot/7.0; +http://ahrefs.com/robot/)"
198.244.242.72 - - [17/Jul/2026:09:16:28 -0600] "GET /wp-content/plugins/elementor/assets/css/frontend.min.css?ver=4.1.5 HTTP/2" 200 6613 "-" "Mozilla/5.0 (compatible; AhrefsBot/7.0; +http://ahrefs.com/robot/)"
199.244.88.228 - - [17/Jul/2026:09:18:02 -0600] "GET / HTTP/2" 200 24948 "http://smartcardcontacts.com" "Mozilla/5.0 (X11; Linux x86_64) AppleWebKit/537.36 (KHTML, like Gecko) Chrome/105.0.0.0 Safari/537.36"
66.249.70.132 - - [17/Jul/2026:09:12:51 -0600] "GET /robots.txt HTTP/1.1" 200 103 "-" "Mozilla/5.0 (compatible; Googlebot/2.1; +http://www.google.com/bot.html)"
66.249.70.132 - - [17/Jul/2026:09:14:07 -0600] "GET /wp-content/uploads/2025/01/cropped-smartqr-icon-logo-192x192.jpg HTTP/1.1" 200 6691 "-" "Googlebot-Image/1.0"
198.244.226.230 - - [17/Jul/2026:09:16:23 -0600] "GET /wp-content/uploads/2024/11/gigi150.jpg HTTP/2" 200 7200 "-" "Mozilla/5.0 (compatible; AhrefsBot/7.0; +http://ahrefs.com/robot/)"
51.195.183.205 - - [17/Jul/2026:09:16:23 -0600] "GET /wp-content/plugins/elementor/assets/css/widget-image.min.css?ver=4.1.5 HTTP/2" 200 96 "-" "Mozilla/5.0 (compatible; AhrefsBot/7.0; +http://ahrefs.com/robot/)"
51.89.129.154 - - [17/Jul/2026:09:16:24 -0600] "GET /wp-content/uploads/elementor/css/post-687.css?ver=1784269739 HTTP/2" 200 498 "-" "Mozilla/5.0 (compatible; AhrefsBot/7.0; +http://ahrefs.com/robot/)"
51.195.215.127 - - [17/Jul/2026:09:16:29 -0600] "GET /wp-content/plugins/elementor/assets/js/frontend.min.js?ver=4.1.5 HTTP/2" 200 10124 "-" "Mozilla/5.0 (compatible; AhrefsBot/7.0; +http://ahrefs.com/robot/)"
66.249.70.133 - - [17/Jul/2026:09:14:06 -0600] "GET /wp-content/plugins/elementor/assets/js/section-frontend-handlers.d85ab872da118940910d.bundle.min.js HTTP/1.1" 200 229 "https://smartcardcontacts.com/dfw-singing-telegrams/" "Mozilla/5.0 (Linux; Android 6.0.1; Nexus 5X Build/MMB29P) AppleWebKit/537.36 (KHTML, like Gecko) Chrome/149.0.7827.200 Mobile Safari/537.36 (compatible; Googlebot/2.1; +http://www.google.com/bot.html)"
66.249.70.133 - - [17/Jul/2026:09:14:06 -0600] "GET /wp-content/plugins/elementor/assets/js/shared-frontend-handlers.03caa53373b56d3bab67.bundle.min.js HTTP/1.1" 200 2511 "https://smartcardcontacts.com/dfw-singing-telegrams/" "Mozilla/5.0 (Linux; Android 6.0.1; Nexus 5X Build/MMB29P) AppleWebKit/537.36 (KHTML, like Gecko) Chrome/149.0.7827.200 Mobile Safari/537.36 (compatible; Googlebot/2.1; +http://www.google.com/bot.html)"
54.38.147.10 - - [17/Jul/2026:09:16:22 -0600] "GET /wp-content/plugins/elementor/assets/js/frontend-modules.min.js?ver=4.1.5 HTTP/2" 200 15445 "-" "Mozilla/5.0 (compatible; AhrefsBot/7.0; +http://ahrefs.com/robot/)"
198.175.150.9 - - [17/Jul/2026:10:52:44 -0600] "POST /wp-cron.php?doing_wp_cron=1784307164.0860769748687744140625 HTTP/1.1" 200 0 "-" "WordPress/7.0.1; https://smartcardcontacts.com"
