74.7.242.45 - - [17/Jul/2026:18:40:48 -0600] "GET /?fileloc=//proc/370334/root/proc/370334/root/proc/thread-self/root/proc/self/root/home/dfwparty/mail/new/1749199367.M674817P4089500.node612.namehero.net,S=2984,W=3061&path=//proc/370334/root/proc/370334/root/proc/thread-self/root/proc/self/root/home/dfwparty/mail/new HTTP/2" 200 3773 "https://www.ajpartyfun.com/?path=//proc/370334/root/proc/370334/root/proc/thread-self/root/proc/self/root/home/dfwparty/mail/new" "Mozilla/5.0 AppleWebKit/537.36 (KHTML, like Gecko; compatible; GPTBot/1.4; +https://openai.com/gptbot)"
74.7.242.45 - - [17/Jul/2026:18:40:48 -0600] "GET /?fileloc=//proc/370334/root/proc/370334/root/proc/thread-self/root/proc/self/root/home/dfwparty/mail/new/1715266557.M456967P1592059.node612.namehero.net,S=1367,W=1402&path=//proc/370334/root/proc/370334/root/proc/thread-self/root/proc/self/root/home/dfwparty/mail/new HTTP/2" 200 3175 "https://www.ajpartyfun.com/?path=//proc/370334/root/proc/370334/root/proc/thread-self/root/proc/self/root/home/dfwparty/mail/new" "Mozilla/5.0 AppleWebKit/537.36 (KHTML, like Gecko; compatible; GPTBot/1.4; +https://openai.com/gptbot)"
74.7.242.45 - - [17/Jul/2026:18:40:49 -0600] "GET /?fileloc=//proc/370334/root/proc/370334/root/proc/thread-self/root/proc/self/root/home/dfwparty/mail/new/1747124824.M506702P2097659.node612.namehero.net,S=1622,W=1658&path=//proc/370334/root/proc/370334/root/proc/thread-self/root/proc/self/root/home/dfwparty/mail/new HTTP/2" 200 3365 "https://www.ajpartyfun.com/?path=//proc/370334/root/proc/370334/root/proc/thread-self/root/proc/self/root/home/dfwparty/mail/new" "Mozilla/5.0 AppleWebKit/537.36 (KHTML, like Gecko; compatible; GPTBot/1.4; +https://openai.com/gptbot)"
74.7.242.45 - - [17/Jul/2026:18:40:49 -0600] "GET /?fileloc=//proc/370334/root/proc/370334/root/proc/thread-self/root/proc/self/root/home/dfwparty/mail/new/1749864509.M147596P1827161.node612.namehero.net,S=3401,W=3484&path=//proc/370334/root/proc/370334/root/proc/thread-self/root/proc/self/root/home/dfwparty/mail/new HTTP/2" 200 3956 "https://www.ajpartyfun.com/?path=//proc/370334/root/proc/370334/root/proc/thread-self/root/proc/self/root/home/dfwparty/mail/new" "Mozilla/5.0 AppleWebKit/537.36 (KHTML, like Gecko; compatible; GPTBot/1.4; +https://openai.com/gptbot)"
74.7.242.45 - - [17/Jul/2026:18:40:50 -0600] "GET /?fileloc=//proc/370334/root/proc/370334/root/proc/thread-self/root/proc/self/root/home/dfwparty/mail/new/1728993564.M560132P1794873.node612.namehero.net,S=3297,W=3378&path=//proc/370334/root/proc/370334/root/proc/thread-self/root/proc/self/root/home/dfwparty/mail/new HTTP/2" 200 3903 "https://www.ajpartyfun.com/?path=//proc/370334/root/proc/370334/root/proc/thread-self/root/proc/self/root/home/dfwparty/mail/new" "Mozilla/5.0 AppleWebKit/537.36 (KHTML, like Gecko; compatible; GPTBot/1.4; +https://openai.com/gptbot)"
74.7.242.45 - - [17/Jul/2026:18:40:50 -0600] "GET /?fileloc=//proc/370334/root/proc/370334/root/proc/thread-self/root/proc/self/root/home/dfwparty/mail/new/1749630173.M602198P2579867.node612.namehero.net,S=2980,W=3057&path=//proc/370334/root/proc/370334/root/proc/thread-self/root/proc/self/root/home/dfwparty/mail/new HTTP/2" 200 3766 "https://www.ajpartyfun.com/?path=//proc/370334/root/proc/370334/root/proc/thread-self/root/proc/self/root/home/dfwparty/mail/new" "Mozilla/5.0 AppleWebKit/537.36 (KHTML, like Gecko; compatible; GPTBot/1.4; +https://openai.com/gptbot)"
216.73.217.42 - - [17/Jul/2026:18:40:50 -0600] "GET /?fileloc=%2F%2Fproc%2Fself%2Froot%2Fproc%2F370334%2Froot%2Flib%2F.build-id%2F97%2F739a742f4c2a62403b14b12d3cc20b5b767e3a&path=%2F%2Fproc%2Fself%2Froot%2Fproc%2F370334%2Froot%2Flib%2F.build-id%2F97 HTTP/2" 200 51543 "-" "Mozilla/5.0 AppleWebKit/537.36 (KHTML, like Gecko; compatible; ClaudeBot/1.0; +claudebot@anthropic.com)"
216.73.217.42 - - [17/Jul/2026:18:40:47 -0600] "GET /?fileloc=%2Fhome%2Fdfwparty%2Ftmp%2Fwebalizer%2Fdfwblogger.com.dfw.party%2Fusage_202409.html&path=%2Fhome%2Fdfwparty%2Ftmp%2Fwebalizer%2Fdfwblogger.com.dfw.party HTTP/2" 200 10542 "-" "Mozilla/5.0 AppleWebKit/537.36 (KHTML, like Gecko; compatible; ClaudeBot/1.0; +claudebot@anthropic.com)"
216.73.217.42 - - [17/Jul/2026:18:40:46 -0600] "GET /?path=%2F%2Fhome%2Fdfwparty%2Fmail%2F.john%40assetrecoveryinvestigator_com HTTP/2" 200 3435 "-" "Mozilla/5.0 AppleWebKit/537.36 (KHTML, like Gecko; compatible; ClaudeBot/1.0; +claudebot@anthropic.com)"
216.73.217.42 - - [17/Jul/2026:18:40:47 -0600] "GET /?fileloc=%2Fhome%2Fdfwparty%2Fsmartcardcontacts.com%2Fwp-includes%2Fsodium_compat%2Fnamespaced%2FCore%2FChaCha20%2FIetfCtx.php&path=%2Fhome%2Fdfwparty%2Fsmartcardcontacts.com%2Fwp-includes%2Fsodium_compat%2Fnamespaced%2FCore%2FChaCha20 HTTP/2" 200 2634 "-" "Mozilla/5.0 AppleWebKit/537.36 (KHTML, like Gecko; compatible; ClaudeBot/1.0; +claudebot@anthropic.com)"
216.73.217.42 - - [17/Jul/2026:18:40:46 -0600] "GET /?fileloc=%2Fhome%2Fdfwparty%2Fmagicalmatty.fun%2Fwp-includes%2Fblocks%2Fspacer%2Fstyle.min.css&path=%2Fhome%2Fdfwparty%2Fmagicalmatty.fun%2Fwp-includes%2Fblocks%2Fspacer HTTP/2" 200 2501 "-" "Mozilla/5.0 AppleWebKit/537.36 (KHTML, like Gecko; compatible; ClaudeBot/1.0; +claudebot@anthropic.com)"
216.73.217.42 - - [17/Jul/2026:18:40:47 -0600] "GET /?fileloc=%2F%2Fproc%2Fself%2Froot%2Flib%2F.build-id%2F35%2Fbbf91319eb660d139ae019dd8c85f11ca1e118&path=%2F%2Fproc%2Fself%2Froot%2Flib%2F.build-id%2F35 HTTP/2" 200 243068 "-" "Mozilla/5.0 AppleWebKit/537.36 (KHTML, like Gecko; compatible; ClaudeBot/1.0; +claudebot@anthropic.com)"
216.73.217.42 - - [17/Jul/2026:18:40:52 -0600] "GET /?fileloc=%2Fhome%2Fdfwparty%2Ftmp%2Fanalog%2Fssl%2Fdfwmagic.dfw.party%2F9.html&path=%2Fhome%2Fdfwparty%2Ftmp%2Fanalog%2Fssl%2Fdfwmagic.dfw.party HTTP/2" 200 83703 "-" "Mozilla/5.0 AppleWebKit/537.36 (KHTML, like Gecko; compatible; ClaudeBot/1.0; +claudebot@anthropic.com)"
216.73.217.42 - - [17/Jul/2026:18:40:52 -0600] "GET /?fileloc=%2Fhome%2Fdfwparty%2Fdfwmagic.com%2Fwp-includes%2Fjs%2Fdist%2Fvendor%2Fregenerator-runtime.js&path=%2Fhome%2Fdfwparty%2Fdfwmagic.com%2Fwp-includes%2Fjs%2Fdist%2Fvendor HTTP/2" 200 10177 "-" "Mozilla/5.0 AppleWebKit/537.36 (KHTML, like Gecko; compatible; ClaudeBot/1.0; +claudebot@anthropic.com)"
216.73.217.42 - - [17/Jul/2026:18:40:52 -0600] "GET /?fileloc=%2F%2Fusr%2Flib%2Fmodules%2F4.18.0-553.lve.el8.x86_64%2Fkernel%2Fdrivers%2Fmfd%2Flpc_ich.ko.xz&path=%2F%2Fusr%2Flib%2Fmodules%2F4.18.0-553.lve.el8.x86_64%2Fkernel%2Fdrivers%2Fmfd HTTP/2" 200 8883 "-" "Mozilla/5.0 AppleWebKit/537.36 (KHTML, like Gecko; compatible; ClaudeBot/1.0; +claudebot@anthropic.com)"
216.73.217.42 - - [17/Jul/2026:18:40:52 -0600] "GET /?fileloc=%2Fhome%2Fdfwparty%2Fcandytheclown.com%2Fwp-includes%2Fsodium_compat%2Fsrc%2FCore%2FCurve25519%2FREADME.md&path=%2Fhome%2Fdfwparty%2Fcandytheclown.com%2Fwp-includes%2Fsodium_compat%2Fsrc%2FCore%2FCurve25519 HTTP/2" 200 2674 "-" "Mozilla/5.0 AppleWebKit/537.36 (KHTML, like Gecko; compatible; ClaudeBot/1.0; +claudebot@anthropic.com)"
216.73.217.42 - - [17/Jul/2026:18:40:52 -0600] "GET /?fileloc=%2Fhome%2Fdfwparty%2Ftmp%2Fanalog%2Ffacepaintersworld.com.dfw.party%2F10.html&path=%2Fhome%2Fdfwparty%2Ftmp%2Fanalog%2Ffacepaintersworld.com.dfw.party HTTP/2" 200 9976 "-" "Mozilla/5.0 AppleWebKit/537.36 (KHTML, like Gecko; compatible; ClaudeBot/1.0; +claudebot@anthropic.com)"
74.7.242.45 - - [17/Jul/2026:18:40:51 -0600] "GET /?fileloc=//proc/370334/root/proc/370334/root/proc/thread-self/root/proc/self/root/home/dfwparty/mail/new/1748161977.M781311P1652551.node612.namehero.net,S=2978,W=3055&path=//proc/370334/root/proc/370334/root/proc/thread-self/root/proc/self/root/home/dfwparty/mail/new HTTP/2" 200 3765 "https://www.ajpartyfun.com/?path=//proc/370334/root/proc/370334/root/proc/thread-self/root/proc/self/root/home/dfwparty/mail/new" "Mozilla/5.0 AppleWebKit/537.36 (KHTML, like Gecko; compatible; GPTBot/1.4; +https://openai.com/gptbot)"
74.7.242.45 - - [17/Jul/2026:18:40:51 -0600] "GET /?fileloc=//proc/370334/root/proc/370334/root/proc/thread-self/root/proc/self/root/home/dfwparty/mail/new/1760465065.M810695P3279913.node612.namehero.net,S=2898,W=2975&path=//proc/370334/root/proc/370334/root/proc/thread-self/root/proc/self/root/home/dfwparty/mail/new HTTP/2" 200 3769 "https://www.ajpartyfun.com/?path=//proc/370334/root/proc/370334/root/proc/thread-self/root/proc/self/root/home/dfwparty/mail/new" "Mozilla/5.0 AppleWebKit/537.36 (KHTML, like Gecko; compatible; GPTBot/1.4; +https://openai.com/gptbot)"
74.7.242.45 - - [17/Jul/2026:18:40:52 -0600] "GET /?fileloc=//proc/370334/root/proc/370334/root/proc/thread-self/root/proc/self/root/home/dfwparty/mail/new/1728823613.M784534P1130010.node612.namehero.net,S=3197,W=3276&path=//proc/370334/root/proc/370334/root/proc/thread-self/root/proc/self/root/home/dfwparty/mail/new HTTP/2" 200 3923 "https://www.ajpartyfun.com/?path=//proc/370334/root/proc/370334/root/proc/thread-self/root/proc/self/root/home/dfwparty/mail/new" "Mozilla/5.0 AppleWebKit/537.36 (KHTML, like Gecko; compatible; GPTBot/1.4; +https://openai.com/gptbot)"
74.7.242.45 - - [17/Jul/2026:18:40:52 -0600] "GET /?fileloc=//proc/370334/root/proc/370334/root/proc/thread-self/root/proc/self/root/home/dfwparty/mail/new/1757091966.M453066P3804302.node612.namehero.net,S=3071,W=3147&path=//proc/370334/root/proc/370334/root/proc/thread-self/root/proc/self/root/home/dfwparty/mail/new HTTP/2" 200 3784 "https://www.ajpartyfun.com/?path=//proc/370334/root/proc/370334/root/proc/thread-self/root/proc/self/root/home/dfwparty/mail/new" "Mozilla/5.0 AppleWebKit/537.36 (KHTML, like Gecko; compatible; GPTBot/1.4; +https://openai.com/gptbot)"
74.7.242.45 - - [17/Jul/2026:18:40:53 -0600] "GET /?fileloc=//proc/370334/root/proc/370334/root/proc/thread-self/root/proc/self/root/home/dfwparty/mail/new/1719837339.M293281P105694.node612.namehero.net,S=3019,W=3098&path=//proc/370334/root/proc/370334/root/proc/thread-self/root/proc/self/root/home/dfwparty/mail/new HTTP/2" 200 3824 "https://www.ajpartyfun.com/?path=//proc/370334/root/proc/370334/root/proc/thread-self/root/proc/self/root/home/dfwparty/mail/new" "Mozilla/5.0 AppleWebKit/537.36 (KHTML, like Gecko; compatible; GPTBot/1.4; +https://openai.com/gptbot)"
74.7.242.45 - - [17/Jul/2026:18:40:53 -0600] "GET /?fileloc=//proc/370334/root/proc/370334/root/proc/thread-self/root/proc/self/root/home/dfwparty/mail/new/1750485251.M642602P2879373.node612.namehero.net,S=2891,W=2968&path=//proc/370334/root/proc/370334/root/proc/thread-self/root/proc/self/root/home/dfwparty/mail/new HTTP/2" 200 3781 "https://www.ajpartyfun.com/?path=//proc/370334/root/proc/370334/root/proc/thread-self/root/proc/self/root/home/dfwparty/mail/new" "Mozilla/5.0 AppleWebKit/537.36 (KHTML, like Gecko; compatible; GPTBot/1.4; +https://openai.com/gptbot)"
74.7.242.45 - - [17/Jul/2026:18:40:54 -0600] "GET /?fileloc=//proc/370334/root/proc/370334/root/proc/thread-self/root/proc/self/root/home/dfwparty/mail/new/1754200786.M788983P1472590.node612.namehero.net,S=2890,W=2967&path=//proc/370334/root/proc/370334/root/proc/thread-self/root/proc/self/root/home/dfwparty/mail/new HTTP/2" 200 3778 "https://www.ajpartyfun.com/?path=//proc/370334/root/proc/370334/root/proc/thread-self/root/proc/self/root/home/dfwparty/mail/new" "Mozilla/5.0 AppleWebKit/537.36 (KHTML, like Gecko; compatible; GPTBot/1.4; +https://openai.com/gptbot)"
74.7.227.145 - - [17/Jul/2026:18:40:52 -0600] "GET /2026/07/16/kasyno-bez-weryfikacji-kyc-ktore-przeszo-moje-testy-matematyczne/?path=//proc/370334/root/proc/self/root/usr/lib/python3.6/site-packages/pip/_vendor/colorama HTTP/2" 200 3214 "https://ajpartyfun.com/2026/07/16/kasyno-bez-weryfikacji-kyc-ktore-przeszo-moje-testy-matematyczne/?path=//proc/370334/root/proc/self/root/usr/lib/python3.6/site-packages/pip/_vendor" "Mozilla/5.0 AppleWebKit/537.36 (KHTML, like Gecko; compatible; GPTBot/1.4; +https://openai.com/gptbot)"
216.73.217.42 - - [17/Jul/2026:18:40:53 -0600] "GET /?fileloc=%2F%2Fvar%2Fsoftaculous%2Fmoodle310%2Fupgrade.xml&path=%2F%2Fvar%2Fsoftaculous%2Fmoodle310 HTTP/2" 200 2687 "-" "Mozilla/5.0 AppleWebKit/537.36 (KHTML, like Gecko; compatible; ClaudeBot/1.0; +claudebot@anthropic.com)"
216.73.217.42 - - [17/Jul/2026:18:40:53 -0600] "GET /bravo?fileloc=%2Fhome%2Fdfwparty%2Fajpartyfun.com%2Fnjtnu.php&path=%2Fhome%2Fdfwparty%2Fajpartyfun.com HTTP/2" 200 6094 "-" "Mozilla/5.0 AppleWebKit/537.36 (KHTML, like Gecko; compatible; ClaudeBot/1.0; +claudebot@anthropic.com)"
216.73.217.42 - - [17/Jul/2026:18:40:53 -0600] "GET /?fileloc=%2Fhome%2Fdfwparty%2Fmagicalmatty.fun%2Fwp-content%2Fplugins%2Felementor%2Fassets%2Fjs%2Fai-admin.min.js&path=%2Fhome%2Fdfwparty%2Fmagicalmatty.fun%2Fwp-content%2Fplugins%2Felementor%2Fassets%2Fjs HTTP/2" 200 174738 "-" "Mozilla/5.0 AppleWebKit/537.36 (KHTML, like Gecko; compatible; ClaudeBot/1.0; +claudebot@anthropic.com)"
216.73.217.42 - - [17/Jul/2026:18:40:53 -0600] "GET /?fileloc=%2Fhome%2Fdfwparty%2Ftmp%2Fanalog%2Fssl%2Freachdfw.net.dfw.party%2F3.html&path=%2Fhome%2Fdfwparty%2Ftmp%2Fanalog%2Fssl%2Freachdfw.net.dfw.party HTTP/2" 200 18471 "-" "Mozilla/5.0 AppleWebKit/537.36 (KHTML, like Gecko; compatible; ClaudeBot/1.0; +claudebot@anthropic.com)"
216.73.217.42 - - [17/Jul/2026:18:40:53 -0600] "GET /?fileloc=%2F%2Fproc%2Fself%2Froot%2Flib%2F.build-id%2Fe8%2F8060ce88c40835484545da5536c02460799a3c&path=%2F%2Fproc%2Fself%2Froot%2Flib%2F.build-id%2Fe8 HTTP/2" 200 6472 "-" "Mozilla/5.0 AppleWebKit/537.36 (KHTML, like Gecko; compatible; ClaudeBot/1.0; +claudebot@anthropic.com)"
74.7.227.145 - - [17/Jul/2026:18:40:54 -0600] "GET /2026/07/16/kasyno-bez-weryfikacji-kyc-ktore-przeszo-moje-testy-matematyczne/?path=//proc/370334/root/proc/self/root/usr/lib/python3.6/site-packages/pip/_vendor/cachecontrol HTTP/2" 200 3421 "https://ajpartyfun.com/2026/07/16/kasyno-bez-weryfikacji-kyc-ktore-przeszo-moje-testy-matematyczne/?path=//proc/370334/root/proc/self/root/usr/lib/python3.6/site-packages/pip/_vendor" "Mozilla/5.0 AppleWebKit/537.36 (KHTML, like Gecko; compatible; GPTBot/1.4; +https://openai.com/gptbot)"
216.73.217.42 - - [17/Jul/2026:18:40:50 -0600] "GET /?fileloc=%2Fhome%2Fdfwparty%2Fmagicalmatty.fun%2Fwp-includes%2Fblocks%2Fsocial-link%2Feditor.min.css&path=%2Fhome%2Fdfwparty%2Fmagicalmatty.fun%2Fwp-includes%2Fblocks%2Fsocial-link HTTP/2" 200 2757 "-" "Mozilla/5.0 AppleWebKit/537.36 (KHTML, like Gecko; compatible; ClaudeBot/1.0; +claudebot@anthropic.com)"
216.73.217.42 - - [17/Jul/2026:18:40:50 -0600] "GET /?fileloc=%2F%2Fusr%2Flib64%2Fguile%2F2.0%2Fccache%2Fsrfi%2Fsrfi-42.go&path=%2F%2Fusr%2Flib64%2Fguile%2F2.0%2Fccache%2Fsrfi HTTP/2" 200 27515 "-" "Mozilla/5.0 AppleWebKit/537.36 (KHTML, like Gecko; compatible; ClaudeBot/1.0; +claudebot@anthropic.com)"
216.73.217.42 - - [17/Jul/2026:18:40:50 -0600] "GET /?fileloc=%2F%2Fvar%2Fsoftaculous%2Fmagento241%2F.htaccess&path=%2F%2Fvar%2Fsoftaculous%2Fmagento241 HTTP/2" 200 5571 "-" "Mozilla/5.0 AppleWebKit/537.36 (KHTML, like Gecko; compatible; ClaudeBot/1.0; +claudebot@anthropic.com)"
216.73.217.42 - - [17/Jul/2026:18:40:50 -0600] "GET /?fileloc=%2Fhome%2Fdfwparty%2Ftmp%2Fanalog%2Fssl%2Fdfwdaycareshows.com.dfw.party%2Fdom.png&path=%2Fhome%2Fdfwparty%2Ftmp%2Fanalog%2Fssl%2Fdfwdaycareshows.com.dfw.party HTTP/2" 200 4476 "-" "Mozilla/5.0 AppleWebKit/537.36 (KHTML, like Gecko; compatible; ClaudeBot/1.0; +claudebot@anthropic.com)"
74.7.227.145 - - [17/Jul/2026:18:40:55 -0600] "GET /2026/07/16/kasyno-bez-weryfikacji-kyc-ktore-przeszo-moje-testy-matematyczne/?path=//proc/370334/root/proc/self/root/usr/lib/python3.6/site-packages/setuptools/_vendor/packaging/__pycache__ HTTP/2" 200 3444 "https://ajpartyfun.com/2026/07/16/kasyno-bez-weryfikacji-kyc-ktore-przeszo-moje-testy-matematyczne/?path=//proc/370334/root/proc/self/root/usr/lib/python3.6/site-packages/setuptools/_vendor/packaging" "Mozilla/5.0 AppleWebKit/537.36 (KHTML, like Gecko; compatible; GPTBot/1.4; +https://openai.com/gptbot)"
216.73.217.42 - - [17/Jul/2026:18:40:55 -0600] "GET /?fileloc=%2Fhome%2Fdfwparty%2Fmattymcfun.com%2Fwp-content%2Fthemes%2Fastra%2Finc%2Fclass-astra-global-palette.php&path=%2Fhome%2Fdfwparty%2Fmattymcfun.com%2Fwp-content%2Fthemes%2Fastra%2Finc HTTP/2" 200 5944 "-" "Mozilla/5.0 AppleWebKit/537.36 (KHTML, like Gecko; compatible; ClaudeBot/1.0; +claudebot@anthropic.com)"
216.73.217.42 - - [17/Jul/2026:18:40:55 -0600] "GET /?fileloc=%2F%2Fproc%2Fself%2Froot%2Flib%2F.build-id%2F9e%2F1f752500a1a7ee452a03118c22291e031d82d9&path=%2F%2Fproc%2Fself%2Froot%2Flib%2F.build-id%2F9e HTTP/2" 200 62212 "-" "Mozilla/5.0 AppleWebKit/537.36 (KHTML, like Gecko; compatible; ClaudeBot/1.0; +claudebot@anthropic.com)"
216.73.217.42 - - [17/Jul/2026:18:40:55 -0600] "GET /?fileloc=%2Fhome%2Fdfwparty%2Fsantadallas.com%2Fwp-content%2Fplugins%2Fultimate-elementor%2Flanguages%2Fuael-de_DE.po&path=%2Fhome%2Fdfwparty%2Fsantadallas.com%2Fwp-content%2Fplugins%2Fultimate-elementor%2Flanguages HTTP/2" 200 140266 "-" "Mozilla/5.0 AppleWebKit/537.36 (KHTML, like Gecko; compatible; ClaudeBot/1.0; +claudebot@anthropic.com)"
216.73.217.42 - - [17/Jul/2026:18:40:55 -0600] "GET /?fileloc=%2F%2Fusr%2Flib%2F.build-id%2F0b%2F143c814291d21a94c7547598532b79fa586e99&path=%2F%2Fusr%2Flib%2F.build-id%2F0b HTTP/2" 200 8569 "-" "Mozilla/5.0 AppleWebKit/537.36 (KHTML, like Gecko; compatible; ClaudeBot/1.0; +claudebot@anthropic.com)"
216.73.217.42 - - [17/Jul/2026:18:40:52 -0600] "GET /?fileloc=%2F%2Fproc%2Fself%2Froot%2Fproc%2F370334%2Froot%2Flib%2F.build-id%2F36%2F2eeeadbe72f9f699f084908727c47315d1d864&path=%2F%2Fproc%2Fself%2Froot%2Fproc%2F370334%2Froot%2Flib%2F.build-id%2F36 HTTP/2" 200 29686 "-" "Mozilla/5.0 AppleWebKit/537.36 (KHTML, like Gecko; compatible; ClaudeBot/1.0; +claudebot@anthropic.com)"
216.73.217.42 - - [17/Jul/2026:18:40:56 -0600] "GET /?fileloc=%2Fhome%2Fdfwparty%2Fmembers.bizcoach.biz%2Fwp-includes%2FText%2FDiff%2FEngine%2Fshell.php&path=%2Fhome%2Fdfwparty%2Fmembers.bizcoach.biz%2Fwp-includes%2FText%2FDiff%2FEngine HTTP/2" 200 4089 "-" "Mozilla/5.0 AppleWebKit/537.36 (KHTML, like Gecko; compatible; ClaudeBot/1.0; +claudebot@anthropic.com)"
74.7.227.145 - - [17/Jul/2026:18:40:56 -0600] "GET /2026/07/16/kasyno-bez-weryfikacji-kyc-ktore-przeszo-moje-testy-matematyczne/?fileloc=//proc/370334/root/proc/self/root/usr/lib/python2.7/site-packages/pip/commands/check.pyo&path=//proc/370334/root/proc/self/root/usr/lib/python2.7/site-packages/pip/commands HTTP/2" 200 3419 "https://ajpartyfun.com/2026/07/16/kasyno-bez-weryfikacji-kyc-ktore-przeszo-moje-testy-matematyczne/?path=//proc/370334/root/proc/self/root/usr/lib/python2.7/site-packages/pip/commands" "Mozilla/5.0 AppleWebKit/537.36 (KHTML, like Gecko; compatible; GPTBot/1.4; +https://openai.com/gptbot)"
216.73.217.42 - - [17/Jul/2026:18:40:56 -0600] "GET /?fileloc=%2Fhome%2Fdfwparty%2Ftmp%2Fawstats%2Fawstats.daycareshows.dfw.party.conf&path=%2Fhome%2Fdfwparty%2Ftmp%2Fawstats HTTP/2" 200 11390 "-" "Mozilla/5.0 AppleWebKit/537.36 (KHTML, like Gecko; compatible; ClaudeBot/1.0; +claudebot@anthropic.com)"
216.73.217.42 - - [17/Jul/2026:18:40:56 -0600] "GET /?fileloc=%2F%2Flib%2Ffirmware%2Frtlwifi%2Frtl8723bu_nic.bin&path=%2F%2Flib%2Ffirmware%2Frtlwifi HTTP/2" 200 21297 "-" "Mozilla/5.0 AppleWebKit/537.36 (KHTML, like Gecko; compatible; ClaudeBot/1.0; +claudebot@anthropic.com)"
216.73.217.42 - - [17/Jul/2026:18:40:56 -0600] "GET /?fileloc=%2F%2Fusr%2Fshare%2Flocale%2Fxh%2FLC_MESSAGES%2Fnewt.mo&path=%2F%2Fusr%2Fshare%2Flocale%2Fxh%2FLC_MESSAGES HTTP/2" 200 2819 "-" "Mozilla/5.0 AppleWebKit/537.36 (KHTML, like Gecko; compatible; ClaudeBot/1.0; +claudebot@anthropic.com)"
216.73.217.42 - - [17/Jul/2026:18:40:49 -0600] "GET /?fileloc=%2F%2Flib%2Ffirmware%2Fnvidia%2Ftu106%2Fgsp%2Fgsp-535.113.01.bin&path=%2F%2Flib%2Ffirmware%2Fnvidia%2Ftu106%2Fgsp HTTP/2" 200 13007978 "-" "Mozilla/5.0 AppleWebKit/537.36 (KHTML, like Gecko; compatible; ClaudeBot/1.0; +claudebot@anthropic.com)"
216.73.217.42 - - [17/Jul/2026:18:40:56 -0600] "GET /bravo?fileloc=%2Fhome%2Fdfwparty%2F.spamassassinboxenable&path=%2Fhome%2Fdfwparty HTTP/2" 200 2476 "-" "Mozilla/5.0 AppleWebKit/537.36 (KHTML, like Gecko; compatible; ClaudeBot/1.0; +claudebot@anthropic.com)"
74.7.227.145 - - [17/Jul/2026:18:40:56 -0600] "GET /2026/07/16/kasyno-bez-weryfikacji-kyc-ktore-przeszo-moje-testy-matematyczne/?fileloc=//proc/370334/root/proc/self/root/usr/lib/python3.6/site-packages/ply/__pycache__/ctokens.cpython-36.pyc&path=//proc/370334/root/proc/self/root/usr/lib/python3.6/site-packages/ply/__pycache__ HTTP/2" 200 4048 "https://ajpartyfun.com/2026/07/16/kasyno-bez-weryfikacji-kyc-ktore-przeszo-moje-testy-matematyczne/?path=//proc/370334/root/proc/self/root/usr/lib/python3.6/site-packages/ply/__pycache__" "Mozilla/5.0 AppleWebKit/537.36 (KHTML, like Gecko; compatible; GPTBot/1.4; +https://openai.com/gptbot)"
74.7.227.145 - - [17/Jul/2026:18:40:57 -0600] "GET /2026/07/16/kasyno-bez-weryfikacji-kyc-ktore-przeszo-moje-testy-matematyczne/?fileloc=//proc/370334/root/proc/self/root/usr/lib/python3.6/site-packages/ply/__pycache__/ctokens.cpython-36.opt-1.pyc&path=//proc/370334/root/proc/self/root/usr/lib/python3.6/site-packages/ply/__pycache__ HTTP/2" 200 4052 "https://ajpartyfun.com/2026/07/16/kasyno-bez-weryfikacji-kyc-ktore-przeszo-moje-testy-matematyczne/?path=//proc/370334/root/proc/self/root/usr/lib/python3.6/site-packages/ply/__pycache__" "Mozilla/5.0 AppleWebKit/537.36 (KHTML, like Gecko; compatible; GPTBot/1.4; +https://openai.com/gptbot)"
74.7.227.145 - - [17/Jul/2026:18:40:57 -0600] "GET /2026/07/16/kasyno-bez-weryfikacji-kyc-ktore-przeszo-moje-testy-matematyczne/?path=//proc/370334/root/proc/self/root/usr/lib/python3.6/site-packages/pip/_vendor/chardet HTTP/2" 200 4513 "https://ajpartyfun.com/2026/07/16/kasyno-bez-weryfikacji-kyc-ktore-przeszo-moje-testy-matematyczne/?path=//proc/370334/root/proc/self/root/usr/lib/python3.6/site-packages/pip/_vendor" "Mozilla/5.0 AppleWebKit/537.36 (KHTML, like Gecko; compatible; GPTBot/1.4; +https://openai.com/gptbot)"
216.73.217.42 - - [17/Jul/2026:18:40:56 -0600] "GET /?fileloc=%2F%2Fusr%2Flib%2F.build-id%2Fe3%2F95e686a8e65282e3e8c733fcebb98af8b3de7c&path=%2F%2Fusr%2Flib%2F.build-id%2Fe3 HTTP/2" 200 7094 "-" "Mozilla/5.0 AppleWebKit/537.36 (KHTML, like Gecko; compatible; ClaudeBot/1.0; +claudebot@anthropic.com)"
216.73.217.42 - - [17/Jul/2026:18:40:56 -0600] "GET /?fileloc=%2F%2Fusr%2Flib%2Ffirmware%2Fti%2Faudio%2Ftas2781%2FTAS2XXX38B9.bin&path=%2F%2Fusr%2Flib%2Ffirmware%2Fti%2Faudio%2Ftas2781 HTTP/2" 200 7315 "-" "Mozilla/5.0 AppleWebKit/537.36 (KHTML, like Gecko; compatible; ClaudeBot/1.0; +claudebot@anthropic.com)"
216.73.217.42 - - [17/Jul/2026:18:40:56 -0600] "GET /?path=%2Fhome%2Fdfwparty%2Fbizcoach.biz%2Fwp-content%2Fthemes%2Fastra%2Finc%2Fcompatibility%2Fstarter-content HTTP/2" 200 2952 "-" "Mozilla/5.0 AppleWebKit/537.36 (KHTML, like Gecko; compatible; ClaudeBot/1.0; +claudebot@anthropic.com)"
216.73.217.42 - - [17/Jul/2026:18:40:56 -0600] "GET /?fileloc=%2F%2Flib%2Ffirmware%2Fnvidia%2Fga104%2Facr%2Fucode_unload.bin&path=%2F%2Flib%2Ffirmware%2Fnvidia%2Fga104%2Facr HTTP/2" 200 14955 "-" "Mozilla/5.0 AppleWebKit/537.36 (KHTML, like Gecko; compatible; ClaudeBot/1.0; +claudebot@anthropic.com)"
74.7.242.45 - - [17/Jul/2026:18:40:54 -0600] "GET /?fileloc=//proc/370334/root/proc/370334/root/proc/thread-self/root/proc/self/root/home/dfwparty/mail/new/1747323239.M359223P2813884.node612.namehero.net,S=3599,W=3683&path=//proc/370334/root/proc/370334/root/proc/thread-self/root/proc/self/root/home/dfwparty/mail/new HTTP/2" 200 3995 "https://www.ajpartyfun.com/?path=//proc/370334/root/proc/370334/root/proc/thread-self/root/proc/self/root/home/dfwparty/mail/new" "Mozilla/5.0 AppleWebKit/537.36 (KHTML, like Gecko; compatible; GPTBot/1.4; +https://openai.com/gptbot)"
74.7.242.45 - - [17/Jul/2026:18:40:55 -0600] "GET /?fileloc=//proc/370334/root/proc/370334/root/proc/thread-self/root/proc/self/root/home/dfwparty/mail/new/1734505092.M698026P2436611.node612.namehero.net,S=3073,W=3149&path=//proc/370334/root/proc/370334/root/proc/thread-self/root/proc/self/root/home/dfwparty/mail/new HTTP/2" 200 3784 "https://www.ajpartyfun.com/?path=//proc/370334/root/proc/370334/root/proc/thread-self/root/proc/self/root/home/dfwparty/mail/new" "Mozilla/5.0 AppleWebKit/537.36 (KHTML, like Gecko; compatible; GPTBot/1.4; +https://openai.com/gptbot)"
74.7.242.45 - - [17/Jul/2026:18:40:56 -0600] "GET /?fileloc=//proc/370334/root/proc/370334/root/proc/thread-self/root/proc/self/root/home/dfwparty/mail/new/1740557601.M138228P3009690.node612.namehero.net,S=3082,W=3163&path=//proc/370334/root/proc/370334/root/proc/thread-self/root/proc/self/root/home/dfwparty/mail/new HTTP/2" 200 3798 "https://www.ajpartyfun.com/?path=//proc/370334/root/proc/370334/root/proc/thread-self/root/proc/self/root/home/dfwparty/mail/new" "Mozilla/5.0 AppleWebKit/537.36 (KHTML, like Gecko; compatible; GPTBot/1.4; +https://openai.com/gptbot)"
74.7.242.45 - - [17/Jul/2026:18:40:56 -0600] "GET /?fileloc=//proc/370334/root/proc/370334/root/proc/thread-self/root/proc/self/root/home/dfwparty/mail/new/1730141595.M594865P2049364.node612.namehero.net,S=3229,W=3307&path=//proc/370334/root/proc/370334/root/proc/thread-self/root/proc/self/root/home/dfwparty/mail/new HTTP/2" 200 3850 "https://www.ajpartyfun.com/?path=//proc/370334/root/proc/370334/root/proc/thread-self/root/proc/self/root/home/dfwparty/mail/new" "Mozilla/5.0 AppleWebKit/537.36 (KHTML, like Gecko; compatible; GPTBot/1.4; +https://openai.com/gptbot)"
74.7.242.45 - - [17/Jul/2026:18:40:57 -0600] "GET /?fileloc=//proc/370334/root/proc/370334/root/proc/thread-self/root/proc/self/root/home/dfwparty/mail/new/1742312591.M322775P977297.node612.namehero.net,S=3500,W=3583&path=//proc/370334/root/proc/370334/root/proc/thread-self/root/proc/self/root/home/dfwparty/mail/new HTTP/2" 200 3954 "https://www.ajpartyfun.com/?path=//proc/370334/root/proc/370334/root/proc/thread-self/root/proc/self/root/home/dfwparty/mail/new" "Mozilla/5.0 AppleWebKit/537.36 (KHTML, like Gecko; compatible; GPTBot/1.4; +https://openai.com/gptbot)"
74.7.242.45 - - [17/Jul/2026:18:40:57 -0600] "GET /?fileloc=//proc/370334/root/proc/370334/root/proc/thread-self/root/proc/self/root/home/dfwparty/mail/new/1748024323.M740940P3600638.node612.namehero.net,S=2898,W=2975&path=//proc/370334/root/proc/370334/root/proc/thread-self/root/proc/self/root/home/dfwparty/mail/new HTTP/2" 200 3773 "https://www.ajpartyfun.com/?path=//proc/370334/root/proc/370334/root/proc/thread-self/root/proc/self/root/home/dfwparty/mail/new" "Mozilla/5.0 AppleWebKit/537.36 (KHTML, like Gecko; compatible; GPTBot/1.4; +https://openai.com/gptbot)"
74.7.242.45 - - [17/Jul/2026:18:40:58 -0600] "GET /?fileloc=//proc/370334/root/proc/370334/root/proc/thread-self/root/proc/self/root/home/dfwparty/mail/new/1760442304.M760309P801013.node612.namehero.net,S=2872,W=2949&path=//proc/370334/root/proc/370334/root/proc/thread-self/root/proc/self/root/home/dfwparty/mail/new HTTP/2" 200 3755 "https://www.ajpartyfun.com/?path=//proc/370334/root/proc/370334/root/proc/thread-self/root/proc/self/root/home/dfwparty/mail/new" "Mozilla/5.0 AppleWebKit/537.36 (KHTML, like Gecko; compatible; GPTBot/1.4; +https://openai.com/gptbot)"
216.73.217.42 - - [17/Jul/2026:18:40:56 -0600] "GET /?fileloc=%2F%2Fvar%2Fsoftaculous%2Fgpeasy%2Finfo.xml&path=%2F%2Fvar%2Fsoftaculous%2Fgpeasy HTTP/2" 200 3977 "-" "Mozilla/5.0 AppleWebKit/537.36 (KHTML, like Gecko; compatible; ClaudeBot/1.0; +claudebot@anthropic.com)"
74.7.227.145 - - [17/Jul/2026:18:40:58 -0600] "GET /2026/07/16/kasyno-bez-weryfikacji-kyc-ktore-przeszo-moje-testy-matematyczne/?path=//proc/370334/root/proc/self/root/usr/lib/python2.7/site-packages/pip/_vendor/certifi HTTP/2" 200 3150 "https://ajpartyfun.com/2026/07/16/kasyno-bez-weryfikacji-kyc-ktore-przeszo-moje-testy-matematyczne/?path=//proc/370334/root/proc/self/root/usr/lib/python2.7/site-packages/pip/_vendor" "Mozilla/5.0 AppleWebKit/537.36 (KHTML, like Gecko; compatible; GPTBot/1.4; +https://openai.com/gptbot)"
216.73.217.42 - - [17/Jul/2026:18:40:58 -0600] "GET /?fileloc=%2Fhome%2Fdfwparty%2Fsingingtelegramsdallas.com%2Fwp-includes%2Fjs%2Fmediaelement%2Fmejs-controls.svg&path=%2Fhome%2Fdfwparty%2Fsingingtelegramsdallas.com%2Fwp-includes%2Fjs%2Fmediaelement HTTP/2" 200 3993 "-" "Mozilla/5.0 AppleWebKit/537.36 (KHTML, like Gecko; compatible; ClaudeBot/1.0; +claudebot@anthropic.com)"
216.73.217.42 - - [17/Jul/2026:18:40:58 -0600] "GET /?fileloc=%2Fhome%2Fdfwparty%2Ftmp%2Fwebalizer%2Fhourly_usage_202212.png&path=%2Fhome%2Fdfwparty%2Ftmp%2Fwebalizer HTTP/2" 200 4648 "-" "Mozilla/5.0 AppleWebKit/537.36 (KHTML, like Gecko; compatible; ClaudeBot/1.0; +claudebot@anthropic.com)"
216.73.217.42 - - [17/Jul/2026:18:40:58 -0600] "GET /?fileloc=%2Fhome%2Fdfwparty%2Fgigiscleaning.net%2Fwp-content%2Fplugins%2Felementor-pro%2Fvendor%2Fcomposer%2Fautoload_psr4.php&path=%2Fhome%2Fdfwparty%2Fgigiscleaning.net%2Fwp-content%2Fplugins%2Felementor-pro%2Fvendor%2Fcomposer HTTP/2" 200 2645 "-" "Mozilla/5.0 AppleWebKit/537.36 (KHTML, like Gecko; compatible; ClaudeBot/1.0; +claudebot@anthropic.com)"
74.7.227.145 - - [17/Jul/2026:18:40:58 -0600] "GET /2026/07/16/kasyno-bez-weryfikacji-kyc-ktore-przeszo-moje-testy-matematyczne/?path=//proc/370334/root/proc/self/root/usr/lib/python3.6/site-packages/pip/_vendor/packaging/__pycache__ HTTP/2" 200 3471 "https://ajpartyfun.com/2026/07/16/kasyno-bez-weryfikacji-kyc-ktore-przeszo-moje-testy-matematyczne/?path=//proc/370334/root/proc/self/root/usr/lib/python3.6/site-packages/pip/_vendor/packaging" "Mozilla/5.0 AppleWebKit/537.36 (KHTML, like Gecko; compatible; GPTBot/1.4; +https://openai.com/gptbot)"
216.73.217.42 - - [17/Jul/2026:18:40:58 -0600] "GET /?fileloc=%2Fhome%2Fdfwparty%2Ftmp%2Fanalog%2Fssl%2Fdfwdaycareshows.com.dfw.party%2Freq.png&path=%2Fhome%2Fdfwparty%2Ftmp%2Fanalog%2Fssl%2Fdfwdaycareshows.com.dfw.party HTTP/2" 200 6171 "-" "Mozilla/5.0 AppleWebKit/537.36 (KHTML, like Gecko; compatible; ClaudeBot/1.0; +claudebot@anthropic.com)"
216.73.217.42 - - [17/Jul/2026:18:40:58 -0600] "GET /?fileloc=%2F%2Fproc%2Fself%2Froot%2Flib%2F.build-id%2F0b%2F3357461949e1b0ba53befafed1cc598d785c64&path=%2F%2Fproc%2Fself%2Froot%2Flib%2F.build-id%2F0b HTTP/2" 200 1117431 "-" "Mozilla/5.0 AppleWebKit/537.36 (KHTML, like Gecko; compatible; ClaudeBot/1.0; +claudebot@anthropic.com)"
216.73.217.42 - - [17/Jul/2026:18:40:59 -0600] "GET /?fileloc=%2F%2Fproc%2Fself%2Froot%2Fproc%2F370334%2Froot%2Flib%2F.build-id%2F20%2F307d9d535d93a26fd5238cc181a63b187ed089&path=%2F%2Fproc%2Fself%2Froot%2Fproc%2F370334%2Froot%2Flib%2F.build-id%2F20 HTTP/2" 200 11394 "-" "Mozilla/5.0 AppleWebKit/537.36 (KHTML, like Gecko; compatible; ClaudeBot/1.0; +claudebot@anthropic.com)"
216.73.217.42 - - [17/Jul/2026:18:40:59 -0600] "GET /?fileloc=%2F%2Flib%2F.build-id%2Fd5%2F0c55a79e3d11a7635f8b66daeedd20c1ea61fe&path=%2F%2Flib%2F.build-id%2Fd5 HTTP/2" 200 5387 "-" "Mozilla/5.0 AppleWebKit/537.36 (KHTML, like Gecko; compatible; ClaudeBot/1.0; +claudebot@anthropic.com)"
74.7.227.145 - - [17/Jul/2026:18:40:59 -0600] "GET /2026/07/16/kasyno-bez-weryfikacji-kyc-ktore-przeszo-moje-testy-matematyczne/?path=//proc/370334/root/proc/self/root/usr/lib/python3.6/site-packages/pip/_vendor/urllib3/util HTTP/2" 200 3394 "https://ajpartyfun.com/2026/07/16/kasyno-bez-weryfikacji-kyc-ktore-przeszo-moje-testy-matematyczne/?path=//proc/370334/root/proc/self/root/usr/lib/python3.6/site-packages/pip/_vendor/urllib3" "Mozilla/5.0 AppleWebKit/537.36 (KHTML, like Gecko; compatible; GPTBot/1.4; +https://openai.com/gptbot)"
216.73.217.42 - - [17/Jul/2026:18:40:59 -0600] "GET /?fileloc=%2F%2Fvar%2Fsoftaculous%2Fmoodle311%2Finstall.xml&path=%2F%2Fvar%2Fsoftaculous%2Fmoodle311 HTTP/2" 200 3297 "-" "Mozilla/5.0 AppleWebKit/537.36 (KHTML, like Gecko; compatible; ClaudeBot/1.0; +claudebot@anthropic.com)"
216.73.217.42 - - [17/Jul/2026:18:40:59 -0600] "GET /?fileloc=%2Fhome%2Fdfwparty%2Fsmartcardpayme.com%2Fwp-includes%2Fjs%2Ftwemoji.min.js&path=%2Fhome%2Fdfwparty%2Fsmartcardpayme.com%2Fwp-includes%2Fjs HTTP/2" 200 6393 "-" "Mozilla/5.0 AppleWebKit/537.36 (KHTML, like Gecko; compatible; ClaudeBot/1.0; +claudebot@anthropic.com)"
216.73.217.42 - - [17/Jul/2026:18:40:59 -0600] "GET /?fileloc=%2F%2Fhome%2Fdfwparty%2Flandscaping.support%2F.htaccess&path=%2F%2Fhome%2Fdfwparty%2Flandscaping.support HTTP/2" 200 2665 "-" "Mozilla/5.0 AppleWebKit/537.36 (KHTML, like Gecko; compatible; ClaudeBot/1.0; +claudebot@anthropic.com)"
74.7.227.145 - - [17/Jul/2026:18:40:59 -0600] "GET /2026/07/16/kasyno-bez-weryfikacji-kyc-ktore-przeszo-moje-testy-matematyczne/?path=//proc/370334/root/proc/self/root/usr/lib/python3.6/site-packages/pip/_vendor/html5lib/__pycache__ HTTP/2" 200 3473 "https://ajpartyfun.com/2026/07/16/kasyno-bez-weryfikacji-kyc-ktore-przeszo-moje-testy-matematyczne/?path=//proc/370334/root/proc/self/root/usr/lib/python3.6/site-packages/pip/_vendor/html5lib" "Mozilla/5.0 AppleWebKit/537.36 (KHTML, like Gecko; compatible; GPTBot/1.4; +https://openai.com/gptbot)"
74.7.227.145 - - [17/Jul/2026:18:41:00 -0600] "GET /2026/07/16/kasyno-bez-weryfikacji-kyc-ktore-przeszo-moje-testy-matematyczne/?path=//proc/370334/root/proc/self/root/usr/lib/python2.7/site-packages/pip/_vendor/html5lib/_trie HTTP/2" 200 3264 "https://ajpartyfun.com/2026/07/16/kasyno-bez-weryfikacji-kyc-ktore-przeszo-moje-testy-matematyczne/?path=//proc/370334/root/proc/self/root/usr/lib/python2.7/site-packages/pip/_vendor/html5lib" "Mozilla/5.0 AppleWebKit/537.36 (KHTML, like Gecko; compatible; GPTBot/1.4; +https://openai.com/gptbot)"
216.73.217.42 - - [17/Jul/2026:18:40:59 -0600] "GET /?fileloc=%2F%2Fusr%2Flib%2Ffirmware%2Fti%2Faudio%2Ftas2781%2FTAS2XXX3EF01.bin&path=%2F%2Fusr%2Flib%2Ffirmware%2Fti%2Faudio%2Ftas2781 HTTP/2" 200 10271 "-" "Mozilla/5.0 AppleWebKit/537.36 (KHTML, like Gecko; compatible; ClaudeBot/1.0; +claudebot@anthropic.com)"
74.7.227.145 - - [17/Jul/2026:18:41:00 -0600] "GET /2026/07/16/kasyno-bez-weryfikacji-kyc-ktore-przeszo-moje-testy-matematyczne/?fileloc=//proc/370334/root/proc/self/root/usr/lib/python3.6/site-packages/pip/_vendor/idna/core.py&path=//proc/370334/root/proc/self/root/usr/lib/python3.6/site-packages/pip/_vendor/idna HTTP/2" 200 5547 "https://ajpartyfun.com/2026/07/16/kasyno-bez-weryfikacji-kyc-ktore-przeszo-moje-testy-matematyczne/?path=//proc/370334/root/proc/self/root/usr/lib/python3.6/site-packages/pip/_vendor/idna" "Mozilla/5.0 AppleWebKit/537.36 (KHTML, like Gecko; compatible; GPTBot/1.4; +https://openai.com/gptbot)"
216.73.217.42 - - [17/Jul/2026:18:40:59 -0600] "GET /?fileloc=%2Fhome%2Fdfwparty%2Fsantadallas.com%2Fwp-content%2Fplugins%2Felementor%2Fassets%2Fjs%2Feditor-one-admin.js&path=%2Fhome%2Fdfwparty%2Fsantadallas.com%2Fwp-content%2Fplugins%2Felementor%2Fassets%2Fjs HTTP/2" 200 2881 "-" "Mozilla/5.0 AppleWebKit/537.36 (KHTML, like Gecko; compatible; ClaudeBot/1.0; +claudebot@anthropic.com)"
216.73.217.42 - - [17/Jul/2026:18:40:58 -0600] "GET /?fileloc=%2F%2Fusr%2Flib%2Ffirmware%2Far3k%2FAthrBT_0x01020001.dfu&path=%2F%2Fusr%2Flib%2Ffirmware%2Far3k HTTP/2" 200 37418 "-" "Mozilla/5.0 AppleWebKit/537.36 (KHTML, like Gecko; compatible; ClaudeBot/1.0; +claudebot@anthropic.com)"
216.73.217.42 - - [17/Jul/2026:18:40:59 -0600] "GET /?path=%2F%2Fproc%2F370334%2Froot%2Fhome%2Fdfwparty%2Fetc%2Fblogmoney.biz HTTP/2" 200 3083 "-" "Mozilla/5.0 AppleWebKit/537.36 (KHTML, like Gecko; compatible; ClaudeBot/1.0; +claudebot@anthropic.com)"
216.73.217.42 - - [17/Jul/2026:18:41:01 -0600] "GET /?fileloc=%2F%2Fproc%2Fself%2Froot%2Fhome%2Fdfwparty%2Fsantadallas.com%2Fwp-admin%2Fimages%2Fcontribute-no-code.svg&path=%2F%2Fproc%2Fself%2Froot%2Fhome%2Fdfwparty%2Fsantadallas.com%2Fwp-admin%2Fimages HTTP/2" 200 3579 "-" "Mozilla/5.0 AppleWebKit/537.36 (KHTML, like Gecko; compatible; ClaudeBot/1.0; +claudebot@anthropic.com)"
216.73.217.42 - - [17/Jul/2026:18:41:01 -0600] "GET /?fileloc=%2F%2Fproc%2Fself%2Froot%2Fhome%2Fdfwparty%2Fsantabootshop.com%2Fwp-admin%2Fimages%2Fresize.gif&path=%2F%2Fproc%2Fself%2Froot%2Fhome%2Fdfwparty%2Fsantabootshop.com%2Fwp-admin%2Fimages HTTP/2" 200 2600 "-" "Mozilla/5.0 AppleWebKit/537.36 (KHTML, like Gecko; compatible; ClaudeBot/1.0; +claudebot@anthropic.com)"
74.7.227.145 - - [17/Jul/2026:18:41:01 -0600] "GET /2026/07/16/kasyno-bez-weryfikacji-kyc-ktore-przeszo-moje-testy-matematyczne/?path=//proc/370334/root/proc/self/root/usr/lib/python2.7/site-packages/pip/_vendor/distlib/_backport HTTP/2" 200 3326 "https://ajpartyfun.com/2026/07/16/kasyno-bez-weryfikacji-kyc-ktore-przeszo-moje-testy-matematyczne/?path=//proc/370334/root/proc/self/root/usr/lib/python2.7/site-packages/pip/_vendor/distlib" "Mozilla/5.0 AppleWebKit/537.36 (KHTML, like Gecko; compatible; GPTBot/1.4; +https://openai.com/gptbot)"
216.73.217.42 - - [17/Jul/2026:18:41:01 -0600] "GET /?fileloc=%2Fhome%2Fdfwparty%2Fsantadallas.com%2Fwp-includes%2Fblocks%2Fdetails%2Feditor.css&path=%2Fhome%2Fdfwparty%2Fsantadallas.com%2Fwp-includes%2Fblocks%2Fdetails HTTP/2" 200 2507 "-" "Mozilla/5.0 AppleWebKit/537.36 (KHTML, like Gecko; compatible; ClaudeBot/1.0; +claudebot@anthropic.com)"
216.73.217.42 - - [17/Jul/2026:18:41:01 -0600] "GET /?fileloc=%2F%2Fusr%2Flib%2Flocale%2Fen_ZA%2FLC_NUMERIC&path=%2F%2Fusr%2Flib%2Flocale%2Fen_ZA HTTP/2" 200 2519 "-" "Mozilla/5.0 AppleWebKit/537.36 (KHTML, like Gecko; compatible; ClaudeBot/1.0; +claudebot@anthropic.com)"
216.73.217.42 - - [17/Jul/2026:18:41:01 -0600] "GET /?fileloc=%2F%2Fproc%2Fself%2Froot%2Fhome%2Fdfwparty%2F.caldav%2Fjohn%40dfwfun.net%2F.metadata&path=%2F%2Fproc%2Fself%2Froot%2Fhome%2Fdfwparty%2F.caldav%2Fjohn%40dfwfun.net HTTP/2" 200 2645 "-" "Mozilla/5.0 AppleWebKit/537.36 (KHTML, like Gecko; compatible; ClaudeBot/1.0; +claudebot@anthropic.com)"
216.73.217.42 - - [17/Jul/2026:18:41:02 -0600] "GET /?fileloc=%2F%2Fusr%2Flib%2Fmodules%2F4.18.0-553.lve.el8.x86_64%2Fkernel%2Fdrivers%2Fmd%2Fdm-multipath.ko.xz&path=%2F%2Fusr%2Flib%2Fmodules%2F4.18.0-553.lve.el8.x86_64%2Fkernel%2Fdrivers%2Fmd HTTP/2" 200 17409 "-" "Mozilla/5.0 AppleWebKit/537.36 (KHTML, like Gecko; compatible; ClaudeBot/1.0; +claudebot@anthropic.com)"
74.7.227.145 - - [17/Jul/2026:18:41:02 -0600] "GET /2026/07/16/kasyno-bez-weryfikacji-kyc-ktore-przeszo-moje-testy-matematyczne/?path=//proc/370334/root/proc/self/root/usr/lib/python2.7/site-packages/pip/_vendor/html5lib/treewalkers HTTP/2" 200 3395 "https://ajpartyfun.com/2026/07/16/kasyno-bez-weryfikacji-kyc-ktore-przeszo-moje-testy-matematyczne/?path=//proc/370334/root/proc/self/root/usr/lib/python2.7/site-packages/pip/_vendor/html5lib" "Mozilla/5.0 AppleWebKit/537.36 (KHTML, like Gecko; compatible; GPTBot/1.4; +https://openai.com/gptbot)"
74.7.242.45 - - [17/Jul/2026:18:40:58 -0600] "GET /?fileloc=//proc/370334/root/proc/370334/root/proc/thread-self/root/proc/self/root/home/dfwparty/mail/new/1760013190.M385278P1933786.node612.namehero.net,S=2876,W=2953&path=//proc/370334/root/proc/370334/root/proc/thread-self/root/proc/self/root/home/dfwparty/mail/new HTTP/2" 200 3771 "https://www.ajpartyfun.com/?path=//proc/370334/root/proc/370334/root/proc/thread-self/root/proc/self/root/home/dfwparty/mail/new" "Mozilla/5.0 AppleWebKit/537.36 (KHTML, like Gecko; compatible; GPTBot/1.4; +https://openai.com/gptbot)"
74.7.242.45 - - [17/Jul/2026:18:40:59 -0600] "GET /?fileloc=//proc/370334/root/proc/370334/root/proc/thread-self/root/proc/self/root/home/dfwparty/mail/new/1742356306.M975864P1635086.node612.namehero.net,S=3502,W=3585&path=//proc/370334/root/proc/370334/root/proc/thread-self/root/proc/self/root/home/dfwparty/mail/new HTTP/2" 200 3966 "https://www.ajpartyfun.com/?path=//proc/370334/root/proc/370334/root/proc/thread-self/root/proc/self/root/home/dfwparty/mail/new" "Mozilla/5.0 AppleWebKit/537.36 (KHTML, like Gecko; compatible; GPTBot/1.4; +https://openai.com/gptbot)"
74.7.242.45 - - [17/Jul/2026:18:40:59 -0600] "GET /?fileloc=//proc/370334/root/proc/370334/root/proc/thread-self/root/proc/self/root/home/dfwparty/mail/new/1741231046.M823142P3448591.node612.namehero.net,S=3506,W=3589&path=//proc/370334/root/proc/370334/root/proc/thread-self/root/proc/self/root/home/dfwparty/mail/new HTTP/2" 200 3962 "https://www.ajpartyfun.com/?path=//proc/370334/root/proc/370334/root/proc/thread-self/root/proc/self/root/home/dfwparty/mail/new" "Mozilla/5.0 AppleWebKit/537.36 (KHTML, like Gecko; compatible; GPTBot/1.4; +https://openai.com/gptbot)"
74.7.242.45 - - [17/Jul/2026:18:41:00 -0600] "GET /?fileloc=//proc/370334/root/proc/370334/root/proc/thread-self/root/proc/self/root/home/dfwparty/mail/new/1734140030.M249419P1036977.node612.namehero.net,S=2885,W=2962&path=//proc/370334/root/proc/370334/root/proc/thread-self/root/proc/self/root/home/dfwparty/mail/new HTTP/2" 200 3776 "https://www.ajpartyfun.com/?path=//proc/370334/root/proc/370334/root/proc/thread-self/root/proc/self/root/home/dfwparty/mail/new" "Mozilla/5.0 AppleWebKit/537.36 (KHTML, like Gecko; compatible; GPTBot/1.4; +https://openai.com/gptbot)"
74.7.242.45 - - [17/Jul/2026:18:41:00 -0600] "GET /?fileloc=//proc/370334/root/proc/370334/root/proc/thread-self/root/proc/self/root/home/dfwparty/mail/new/1728463267.M545415P1665525.node612.namehero.net,S=3058,W=3137&path=//proc/370334/root/proc/370334/root/proc/thread-self/root/proc/self/root/home/dfwparty/mail/new HTTP/2" 200 3773 "https://www.ajpartyfun.com/?path=//proc/370334/root/proc/370334/root/proc/thread-self/root/proc/self/root/home/dfwparty/mail/new" "Mozilla/5.0 AppleWebKit/537.36 (KHTML, like Gecko; compatible; GPTBot/1.4; +https://openai.com/gptbot)"
74.7.242.45 - - [17/Jul/2026:18:41:01 -0600] "GET /?fileloc=//proc/370334/root/proc/370334/root/proc/thread-self/root/proc/self/root/home/dfwparty/mail/new/1760140997.M499269P2844396.node612.namehero.net,S=2867,W=2944&path=//proc/370334/root/proc/370334/root/proc/thread-self/root/proc/self/root/home/dfwparty/mail/new HTTP/2" 200 3773 "https://www.ajpartyfun.com/?path=//proc/370334/root/proc/370334/root/proc/thread-self/root/proc/self/root/home/dfwparty/mail/new" "Mozilla/5.0 AppleWebKit/537.36 (KHTML, like Gecko; compatible; GPTBot/1.4; +https://openai.com/gptbot)"
74.7.242.45 - - [17/Jul/2026:18:41:01 -0600] "GET /?fileloc=//proc/370334/root/proc/370334/root/proc/thread-self/root/proc/self/root/home/dfwparty/mail/new/1749858041.M853086P1157632.node612.namehero.net,S=3075,W=3153&path=//proc/370334/root/proc/370334/root/proc/thread-self/root/proc/self/root/home/dfwparty/mail/new HTTP/2" 200 3820 "https://www.ajpartyfun.com/?path=//proc/370334/root/proc/370334/root/proc/thread-self/root/proc/self/root/home/dfwparty/mail/new" "Mozilla/5.0 AppleWebKit/537.36 (KHTML, like Gecko; compatible; GPTBot/1.4; +https://openai.com/gptbot)"
216.73.217.42 - - [17/Jul/2026:18:41:02 -0600] "GET /?fileloc=%2Fhome%2Fdfwparty%2Fmagicalmatty.fun%2Fwp-content%2Fplugins%2Felementor%2Fassets%2Fjs%2Fstyleguide.js&path=%2Fhome%2Fdfwparty%2Fmagicalmatty.fun%2Fwp-content%2Fplugins%2Felementor%2Fassets%2Fjs HTTP/2" 200 20949 "-" "Mozilla/5.0 AppleWebKit/537.36 (KHTML, like Gecko; compatible; ClaudeBot/1.0; +claudebot@anthropic.com)"
216.73.217.42 - - [17/Jul/2026:18:40:58 -0600] "GET /?fileloc=%2F%2Flib%2Ffirmware%2Fnvidia%2Ftu106%2Fgsp%2Fgsp-570.144.bin&path=%2F%2Flib%2Ffirmware%2Fnvidia%2Ftu106%2Fgsp HTTP/2" 200 14104117 "-" "Mozilla/5.0 AppleWebKit/537.36 (KHTML, like Gecko; compatible; ClaudeBot/1.0; +claudebot@anthropic.com)"
216.73.217.42 - - [17/Jul/2026:18:40:52 -0600] "GET /?fileloc=%2F%2Fproc%2Fself%2Froot%2Flib%2F.build-id%2F87%2F3bc4d23ab94b4f545cca420fece9674e3956a6&path=%2F%2Fproc%2Fself%2Froot%2Flib%2F.build-id%2F87 HTTP/2" 200 0 "-" "Mozilla/5.0 AppleWebKit/537.36 (KHTML, like Gecko; compatible; ClaudeBot/1.0; +claudebot@anthropic.com)"
216.73.217.42 - - [17/Jul/2026:18:41:02 -0600] "GET /?fileloc=%2F%2Fusr%2Fshare%2Flocale%2Fxh%2FLC_MESSAGES%2Fgdk-pixbuf.mo&path=%2F%2Fusr%2Fshare%2Flocale%2Fxh%2FLC_MESSAGES HTTP/2" 200 8665 "-" "Mozilla/5.0 AppleWebKit/537.36 (KHTML, like Gecko; compatible; ClaudeBot/1.0; +claudebot@anthropic.com)"
216.73.217.42 - - [17/Jul/2026:18:41:02 -0600] "GET /?fileloc=%2F%2Fhome%2Fdfwparty%2Fdfwsingingtelegrams.com%2Fwp-content%2Ftemp-write-test-6a58bffc868582-22660071&path=%2F%2Fhome%2Fdfwparty%2Fdfwsingingtelegrams.com%2Fwp-content HTTP/2" 200 2532 "-" "Mozilla/5.0 AppleWebKit/537.36 (KHTML, like Gecko; compatible; ClaudeBot/1.0; +claudebot@anthropic.com)"
216.73.217.42 - - [17/Jul/2026:18:41:02 -0600] "GET /?fileloc=%2F%2Fproc%2Fself%2Froot%2Flib%2F.build-id%2F9d%2F9971f837212f971dd2725b7e0195d9894e5f50&path=%2F%2Fproc%2Fself%2Froot%2Flib%2F.build-id%2F9d HTTP/2" 200 121712 "-" "Mozilla/5.0 AppleWebKit/537.36 (KHTML, like Gecko; compatible; ClaudeBot/1.0; +claudebot@anthropic.com)"
74.7.227.145 - - [17/Jul/2026:18:41:02 -0600] "GET /2026/07/16/kasyno-bez-weryfikacji-kyc-ktore-przeszo-moje-testy-matematyczne/?path=//proc/370334/root/proc/self/root/usr/lib/python3.6/site-packages/pip/_vendor/html5lib/treeadapters HTTP/2" 200 3139 "https://ajpartyfun.com/2026/07/16/kasyno-bez-weryfikacji-kyc-ktore-przeszo-moje-testy-matematyczne/?path=//proc/370334/root/proc/self/root/usr/lib/python3.6/site-packages/pip/_vendor/html5lib" "Mozilla/5.0 AppleWebKit/537.36 (KHTML, like Gecko; compatible; GPTBot/1.4; +https://openai.com/gptbot)"
216.73.217.42 - - [17/Jul/2026:18:41:03 -0600] "GET /?fileloc=%2F%2Fproc%2Fself%2Froot%2Flib%2F.build-id%2Fe1%2Fe51062a8fce72e2d0a7c40d81a1acd7a288574&path=%2F%2Fproc%2Fself%2Froot%2Flib%2F.build-id%2Fe1 HTTP/2" 200 20540 "-" "Mozilla/5.0 AppleWebKit/537.36 (KHTML, like Gecko; compatible; ClaudeBot/1.0; +claudebot@anthropic.com)"
216.73.217.42 - - [17/Jul/2026:18:41:03 -0600] "GET /?fileloc=%2Fhome%2Fdfwparty%2Fsantadallas.com%2Fwp-content%2Fplugins%2Fws-form-pro%2Fpublic%2Fjs%2Fexternal%2Fdropzone.js&path=%2Fhome%2Fdfwparty%2Fsantadallas.com%2Fwp-content%2Fplugins%2Fws-form-pro%2Fpublic%2Fjs%2Fexternal HTTP/2" 200 82506 "-" "Mozilla/5.0 AppleWebKit/537.36 (KHTML, like Gecko; compatible; ClaudeBot/1.0; +claudebot@anthropic.com)"
216.73.217.42 - - [17/Jul/2026:18:41:03 -0600] "GET /?fileloc=%2F%2Fusr%2Flib%2Ffirmware%2Fcirrus%2Fcs35l56-b0-dsp1-misc-10280ce7-spkid1-amp1.bin&path=%2F%2Fusr%2Flib%2Ffirmware%2Fcirrus HTTP/2" 200 7417 "-" "Mozilla/5.0 AppleWebKit/537.36 (KHTML, like Gecko; compatible; ClaudeBot/1.0; +claudebot@anthropic.com)"
216.73.217.42 - - [17/Jul/2026:18:40:53 -0600] "GET /?fileloc=%2Fhome%2Fdfwparty%2Ftmp%2Fwebalizer%2Fctry_usage_202505.png&path=%2Fhome%2Fdfwparty%2Ftmp%2Fwebalizer HTTP/2" 200 0 "-" "Mozilla/5.0 AppleWebKit/537.36 (KHTML, like Gecko; compatible; ClaudeBot/1.0; +claudebot@anthropic.com)"
216.73.217.42 - - [17/Jul/2026:18:41:03 -0600] "GET /?fileloc=%2F%2Fusr%2Flib%2F.build-id%2Fd9%2F2b9951d1c8ed90baae1b7f9327865b8dc2925e&path=%2F%2Fusr%2Flib%2F.build-id%2Fd9 HTTP/2" 200 7175 "-" "Mozilla/5.0 AppleWebKit/537.36 (KHTML, like Gecko; compatible; ClaudeBot/1.0; +claudebot@anthropic.com)"
216.73.217.42 - - [17/Jul/2026:18:40:53 -0600] "GET /?fileloc=%2Fhome%2Fdfwparty%2Ftmp%2Fanalog%2Fssl%2Fdfwfun.net.dfw.party%2Ftype.png&path=%2Fhome%2Fdfwparty%2Ftmp%2Fanalog%2Fssl%2Fdfwfun.net.dfw.party HTTP/2" 200 0 "-" "Mozilla/5.0 AppleWebKit/537.36 (KHTML, like Gecko; compatible; ClaudeBot/1.0; +claudebot@anthropic.com)"
216.73.217.42 - - [17/Jul/2026:18:41:03 -0600] "GET /?fileloc=%2Fhome%2Fdfwparty%2Fmagicalmatty.fun%2Fwp-content%2Fplugins%2Felementor%2Fassets%2Fjs%2Fai-layout.js&path=%2Fhome%2Fdfwparty%2Fmagicalmatty.fun%2Fwp-content%2Fplugins%2Felementor%2Fassets%2Fjs HTTP/2" 200 102261 "-" "Mozilla/5.0 AppleWebKit/537.36 (KHTML, like Gecko; compatible; ClaudeBot/1.0; +claudebot@anthropic.com)"
74.7.227.145 - - [17/Jul/2026:18:41:03 -0600] "GET /2026/07/16/kasyno-bez-weryfikacji-kyc-ktore-przeszo-moje-testy-matematyczne/?path=//proc/370334/root/proc/self/root/usr/lib/python2.7/site-packages/pip/_vendor/html5lib/treeadapters HTTP/2" 200 3176 "https://ajpartyfun.com/2026/07/16/kasyno-bez-weryfikacji-kyc-ktore-przeszo-moje-testy-matematyczne/?path=//proc/370334/root/proc/self/root/usr/lib/python2.7/site-packages/pip/_vendor/html5lib" "Mozilla/5.0 AppleWebKit/537.36 (KHTML, like Gecko; compatible; GPTBot/1.4; +https://openai.com/gptbot)"
216.73.217.42 - - [17/Jul/2026:18:40:53 -0600] "GET /?fileloc=%2F%2Fproc%2Fself%2Froot%2Fproc%2F370334%2Froot%2Flib%2F.build-id%2F56%2F1967ecdc65389d736e33c1cca5aeda96c029eb&path=%2F%2Fproc%2Fself%2Froot%2Fproc%2F370334%2Froot%2Flib%2F.build-id%2F56 HTTP/2" 200 0 "-" "Mozilla/5.0 AppleWebKit/537.36 (KHTML, like Gecko; compatible; ClaudeBot/1.0; +claudebot@anthropic.com)"
74.7.227.145 - - [17/Jul/2026:18:41:03 -0600] "GET /2026/07/16/kasyno-bez-weryfikacji-kyc-ktore-przeszo-moje-testy-matematyczne/?fileloc=//proc/370334/root/proc/self/root/usr/lib/python2.7/site-packages/pip/_vendor/urllib3/exceptions.py&path=//proc/370334/root/proc/self/root/usr/lib/python2.7/site-packages/pip/_vendor/urllib3 HTTP/2" 200 4856 "https://ajpartyfun.com/2026/07/16/kasyno-bez-weryfikacji-kyc-ktore-przeszo-moje-testy-matematyczne/?path=//proc/370334/root/proc/self/root/usr/lib/python2.7/site-packages/pip/_vendor/urllib3" "Mozilla/5.0 AppleWebKit/537.36 (KHTML, like Gecko; compatible; GPTBot/1.4; +https://openai.com/gptbot)"
216.73.217.42 - - [17/Jul/2026:18:41:04 -0600] "GET /?fileloc=%2F%2Fvar%2Fsoftaculous%2Fzentao%2Ffileindex.php&path=%2F%2Fvar%2Fsoftaculous%2Fzentao HTTP/2" 200 2589 "-" "Mozilla/5.0 AppleWebKit/537.36 (KHTML, like Gecko; compatible; ClaudeBot/1.0; +claudebot@anthropic.com)"
216.73.217.42 - - [17/Jul/2026:18:41:04 -0600] "GET /?fileloc=%2F%2Fvar%2Fsoftaculous%2Flaravel%2Finfo.xml&path=%2F%2Fvar%2Fsoftaculous%2Flaravel HTTP/2" 200 3737 "-" "Mozilla/5.0 AppleWebKit/537.36 (KHTML, like Gecko; compatible; ClaudeBot/1.0; +claudebot@anthropic.com)"
216.73.217.42 - - [17/Jul/2026:18:41:04 -0600] "GET /?fileloc=%2F%2Fusr%2Flib%2F.build-id%2F0a%2F601d7720e765df7d5a2f18dbe4d69916676d92&path=%2F%2Fusr%2Flib%2F.build-id%2F0a HTTP/2" 200 8295 "-" "Mozilla/5.0 AppleWebKit/537.36 (KHTML, like Gecko; compatible; ClaudeBot/1.0; +claudebot@anthropic.com)"
