216.73.217.42 - - [17/Jul/2026:18:40:33 -0600] "GET /?fileloc=%2Fhome%2Fdfwparty%2Fmattymcfun.com%2Fwp-includes%2Fhtml-api%2Fclass-wp-html-decoder.php&path=%2Fhome%2Fdfwparty%2Fmattymcfun.com%2Fwp-includes%2Fhtml-api HTTP/2" 200 7771 "-" "Mozilla/5.0 AppleWebKit/537.36 (KHTML, like Gecko; compatible; ClaudeBot/1.0; +claudebot@anthropic.com)"
74.7.227.145 - - [17/Jul/2026:18:40:35 -0600] "GET /2026/07/16/kasyno-bez-weryfikacji-kyc-ktore-przeszo-moje-testy-matematyczne/?path=//proc/370334/root/proc/self/root/usr/lib/python3.6/site-packages/pip/_vendor/webencodings HTTP/2" 200 3205 "https://ajpartyfun.com/2026/07/16/kasyno-bez-weryfikacji-kyc-ktore-przeszo-moje-testy-matematyczne/?path=//proc/370334/root/proc/self/root/usr/lib/python3.6/site-packages/pip/_vendor" "Mozilla/5.0 AppleWebKit/537.36 (KHTML, like Gecko; compatible; GPTBot/1.4; +https://openai.com/gptbot)"
74.7.227.145 - - [17/Jul/2026:18:40:36 -0600] "GET /2026/07/16/kasyno-bez-weryfikacji-kyc-ktore-przeszo-moje-testy-matematyczne/?path=//proc/370334/root/proc/self/root/usr/lib/python3.6/site-packages/pip/_vendor/requests HTTP/2" 200 3652 "https://ajpartyfun.com/2026/07/16/kasyno-bez-weryfikacji-kyc-ktore-przeszo-moje-testy-matematyczne/?path=//proc/370334/root/proc/self/root/usr/lib/python3.6/site-packages/pip/_vendor" "Mozilla/5.0 AppleWebKit/537.36 (KHTML, like Gecko; compatible; GPTBot/1.4; +https://openai.com/gptbot)"
74.7.242.45 - - [17/Jul/2026:18:40:32 -0600] "GET /?fileloc=//proc/370334/root/proc/370334/root/proc/thread-self/root/proc/self/root/home/dfwparty/mail/new/1746068626.M45187P3445421.node612.namehero.net,S=1749,W=1788&path=//proc/370334/root/proc/370334/root/proc/thread-self/root/proc/self/root/home/dfwparty/mail/new HTTP/2" 200 3369 "https://www.ajpartyfun.com/?path=//proc/370334/root/proc/370334/root/proc/thread-self/root/proc/self/root/home/dfwparty/mail/new" "Mozilla/5.0 AppleWebKit/537.36 (KHTML, like Gecko; compatible; GPTBot/1.4; +https://openai.com/gptbot)"
74.7.242.45 - - [17/Jul/2026:18:40:33 -0600] "GET /?fileloc=//proc/370334/root/proc/370334/root/proc/thread-self/root/proc/self/root/home/dfwparty/mail/new/1734004132.M739262P3347581.node612.namehero.net,S=2890,W=2967&path=//proc/370334/root/proc/370334/root/proc/thread-self/root/proc/self/root/home/dfwparty/mail/new HTTP/2" 200 3780 "https://www.ajpartyfun.com/?path=//proc/370334/root/proc/370334/root/proc/thread-self/root/proc/self/root/home/dfwparty/mail/new" "Mozilla/5.0 AppleWebKit/537.36 (KHTML, like Gecko; compatible; GPTBot/1.4; +https://openai.com/gptbot)"
74.7.242.45 - - [17/Jul/2026:18:40:33 -0600] "GET /?fileloc=//proc/370334/root/proc/370334/root/proc/thread-self/root/proc/self/root/home/dfwparty/mail/new/1726058549.M865016P768123.node612.namehero.net,S=3116,W=3199&path=//proc/370334/root/proc/370334/root/proc/thread-self/root/proc/self/root/home/dfwparty/mail/new HTTP/2" 200 3848 "https://www.ajpartyfun.com/?path=//proc/370334/root/proc/370334/root/proc/thread-self/root/proc/self/root/home/dfwparty/mail/new" "Mozilla/5.0 AppleWebKit/537.36 (KHTML, like Gecko; compatible; GPTBot/1.4; +https://openai.com/gptbot)"
74.7.242.45 - - [17/Jul/2026:18:40:34 -0600] "GET /?fileloc=//proc/370334/root/proc/370334/root/proc/thread-self/root/proc/self/root/home/dfwparty/mail/new/1753919174.M292598P960316.node612.namehero.net,S=2960,W=3038&path=//proc/370334/root/proc/370334/root/proc/thread-self/root/proc/self/root/home/dfwparty/mail/new HTTP/2" 200 3792 "https://www.ajpartyfun.com/?path=//proc/370334/root/proc/370334/root/proc/thread-self/root/proc/self/root/home/dfwparty/mail/new" "Mozilla/5.0 AppleWebKit/537.36 (KHTML, like Gecko; compatible; GPTBot/1.4; +https://openai.com/gptbot)"
74.7.242.45 - - [17/Jul/2026:18:40:34 -0600] "GET /?fileloc=//proc/370334/root/proc/370334/root/proc/thread-self/root/proc/self/root/home/dfwparty/mail/new/1740052525.M280160P4168577.node612.namehero.net,S=3068,W=3146&path=//proc/370334/root/proc/370334/root/proc/thread-self/root/proc/self/root/home/dfwparty/mail/new HTTP/2" 200 3814 "https://www.ajpartyfun.com/?path=//proc/370334/root/proc/370334/root/proc/thread-self/root/proc/self/root/home/dfwparty/mail/new" "Mozilla/5.0 AppleWebKit/537.36 (KHTML, like Gecko; compatible; GPTBot/1.4; +https://openai.com/gptbot)"
74.7.242.45 - - [17/Jul/2026:18:40:35 -0600] "GET /?fileloc=//proc/370334/root/proc/370334/root/proc/thread-self/root/proc/self/root/home/dfwparty/mail/new/1745527907.M884603P3742718.node612.namehero.net,S=1765,W=1804&path=//proc/370334/root/proc/370334/root/proc/thread-self/root/proc/self/root/home/dfwparty/mail/new HTTP/2" 200 3388 "https://www.ajpartyfun.com/?path=//proc/370334/root/proc/370334/root/proc/thread-self/root/proc/self/root/home/dfwparty/mail/new" "Mozilla/5.0 AppleWebKit/537.36 (KHTML, like Gecko; compatible; GPTBot/1.4; +https://openai.com/gptbot)"
74.7.242.45 - - [17/Jul/2026:18:40:36 -0600] "GET /?fileloc=//proc/370334/root/proc/370334/root/proc/thread-self/root/proc/self/root/home/dfwparty/mail/new/1751964484.M166876P1387742.node612.namehero.net,S=3308,W=3390&path=//proc/370334/root/proc/370334/root/proc/thread-self/root/proc/self/root/home/dfwparty/mail/new HTTP/2" 200 3904 "https://www.ajpartyfun.com/?path=//proc/370334/root/proc/370334/root/proc/thread-self/root/proc/self/root/home/dfwparty/mail/new" "Mozilla/5.0 AppleWebKit/537.36 (KHTML, like Gecko; compatible; GPTBot/1.4; +https://openai.com/gptbot)"
216.73.217.42 - - [17/Jul/2026:18:40:34 -0600] "GET /?path=%2Fhome%2Fdfwparty%2Fmattymcfun.com%2Fwp-content%2Fplugins%2Fastra-addon%2Fadmin%2Fcore%2Fassets HTTP/2" 200 2957 "-" "Mozilla/5.0 AppleWebKit/537.36 (KHTML, like Gecko; compatible; ClaudeBot/1.0; +claudebot@anthropic.com)"
216.73.217.42 - - [17/Jul/2026:18:40:35 -0600] "GET /?path=%2F%2Fhome%2Fdfwparty%2Fcrazybubba.com%2Fwp-includes%2Fsodium_compat%2Fsrc%2FCore%2FBase64 HTTP/2" 200 2924 "-" "Mozilla/5.0 AppleWebKit/537.36 (KHTML, like Gecko; compatible; ClaudeBot/1.0; +claudebot@anthropic.com)"
216.73.217.42 - - [17/Jul/2026:18:40:35 -0600] "GET /?path=%2Fhome%2Fdfwparty%2Fsmartcardcontacts.com%2Fwp-content%2Fplugins%2Felementor-pro%2Fmodules%2Fnotes HTTP/2" 200 3366 "-" "Mozilla/5.0 AppleWebKit/537.36 (KHTML, like Gecko; compatible; ClaudeBot/1.0; +claudebot@anthropic.com)"
216.73.217.42 - - [17/Jul/2026:18:40:35 -0600] "GET /?fileloc=%2F%2Flib64%2Fpython3.6%2Fwsgiref%2F__init__.py&path=%2F%2Flib64%2Fpython3.6%2Fwsgiref HTTP/2" 200 2825 "-" "Mozilla/5.0 AppleWebKit/537.36 (KHTML, like Gecko; compatible; ClaudeBot/1.0; +claudebot@anthropic.com)"
216.73.217.42 - - [17/Jul/2026:18:40:35 -0600] "GET /?path=%2F%2Fhome%2Fdfwparty%2Fpublic_html%2Fwp-includes%2Fjs%2Ftinymce%2Futils HTTP/2" 200 3013 "-" "Mozilla/5.0 AppleWebKit/537.36 (KHTML, like Gecko; compatible; ClaudeBot/1.0; +claudebot@anthropic.com)"
216.73.217.42 - - [17/Jul/2026:18:40:26 -0600] "GET /?path=%2F%2Fusr%2Fshare%2Fperl5%2Funicore%2Flib%2FEa HTTP/2" 200 0 "-" "Mozilla/5.0 AppleWebKit/537.36 (KHTML, like Gecko; compatible; ClaudeBot/1.0; +claudebot@anthropic.com)"
74.7.227.145 - - [17/Jul/2026:18:40:36 -0600] "GET /2026/07/16/kasyno-bez-weryfikacji-kyc-ktore-przeszo-moje-testy-matematyczne/?path=//proc/370334/root/proc/self/root/usr/lib/python3.6/site-packages/pip/_vendor/lockfile HTTP/2" 200 3228 "https://ajpartyfun.com/2026/07/16/kasyno-bez-weryfikacji-kyc-ktore-przeszo-moje-testy-matematyczne/?path=//proc/370334/root/proc/self/root/usr/lib/python3.6/site-packages/pip/_vendor" "Mozilla/5.0 AppleWebKit/537.36 (KHTML, like Gecko; compatible; GPTBot/1.4; +https://openai.com/gptbot)"
216.73.217.42 - - [17/Jul/2026:18:40:37 -0600] "GET /?fileloc=%2F%2Flib%2Fsystemd%2Fsystem%2Fsystemd-tmpfiles-clean.timer&path=%2F%2Flib%2Fsystemd%2Fsystem HTTP/2" 200 2784 "-" "Mozilla/5.0 AppleWebKit/537.36 (KHTML, like Gecko; compatible; ClaudeBot/1.0; +claudebot@anthropic.com)"
216.73.217.42 - - [17/Jul/2026:18:40:36 -0600] "GET /?path=%2Fhome%2Fdfwparty%2Fmagicalmatty.fun%2Fwp-content%2Fplugins%2Fastra-addon%2Fclasses%2Fbuilder HTTP/2" 200 3119 "-" "Mozilla/5.0 AppleWebKit/537.36 (KHTML, like Gecko; compatible; ClaudeBot/1.0; +claudebot@anthropic.com)"
216.73.217.42 - - [17/Jul/2026:18:40:35 -0600] "GET /?fileloc=%2F%2Flib64%2Fpython2.7%2Fencodings%2Funicode_escape.pyc&path=%2F%2Flib64%2Fpython2.7%2Fencodings HTTP/2" 200 3299 "-" "Mozilla/5.0 AppleWebKit/537.36 (KHTML, like Gecko; compatible; ClaudeBot/1.0; +claudebot@anthropic.com)"
216.73.217.42 - - [17/Jul/2026:18:40:37 -0600] "GET /?fileloc=%2F%2Flib64%2Fpython3.6%2Fwsgiref%2Futil.py&path=%2F%2Flib64%2Fpython3.6%2Fwsgiref HTTP/2" 200 4671 "-" "Mozilla/5.0 AppleWebKit/537.36 (KHTML, like Gecko; compatible; ClaudeBot/1.0; +claudebot@anthropic.com)"
216.73.217.42 - - [17/Jul/2026:18:40:27 -0600] "GET /?path=%2F%2Fusr%2Fshare%2Fcrypto-policies%2FFUTURE HTTP/2" 200 0 "-" "Mozilla/5.0 AppleWebKit/537.36 (KHTML, like Gecko; compatible; ClaudeBot/1.0; +claudebot@anthropic.com)"
216.73.217.42 - - [17/Jul/2026:18:40:36 -0600] "GET /?path=%2Fhome%2Fdfwparty%2Fmattymcfun.com%2Fwp-content%2Fplugins%2Fastra-addon%2Fclasses%2Fcustomizer%2Fassets HTTP/2" 200 2891 "-" "Mozilla/5.0 AppleWebKit/537.36 (KHTML, like Gecko; compatible; ClaudeBot/1.0; +claudebot@anthropic.com)"
74.7.227.145 - - [17/Jul/2026:18:40:37 -0600] "GET /2026/07/16/kasyno-bez-weryfikacji-kyc-ktore-przeszo-moje-testy-matematyczne/?path=//proc/370334/root/proc/self/root/usr/lib/python3.6/site-packages/pip/_vendor/html5lib HTTP/2" 200 3507 "https://ajpartyfun.com/2026/07/16/kasyno-bez-weryfikacji-kyc-ktore-przeszo-moje-testy-matematyczne/?path=//proc/370334/root/proc/self/root/usr/lib/python3.6/site-packages/pip/_vendor" "Mozilla/5.0 AppleWebKit/537.36 (KHTML, like Gecko; compatible; GPTBot/1.4; +https://openai.com/gptbot)"
216.73.217.42 - - [17/Jul/2026:18:40:27 -0600] "GET /?path=%2Fhome%2Fdfwparty%2Fdfwchat.net%2Fwp-includes%2Fblocks%2Fembed HTTP/2" 200 0 "-" "Mozilla/5.0 AppleWebKit/537.36 (KHTML, like Gecko; compatible; ClaudeBot/1.0; +claudebot@anthropic.com)"
216.73.217.42 - - [17/Jul/2026:18:40:27 -0600] "GET /?path=%2Fhome%2Fdfwparty%2Fpublic_html%2Fwp-content%2Fplugins%2Fastra-addon%2Fclasses%2Fbuilder%2Ftype%2Fassets HTTP/2" 200 0 "-" "Mozilla/5.0 AppleWebKit/537.36 (KHTML, like Gecko; compatible; ClaudeBot/1.0; +claudebot@anthropic.com)"
74.7.227.145 - - [17/Jul/2026:18:40:37 -0600] "GET /2026/07/16/kasyno-bez-weryfikacji-kyc-ktore-przeszo-moje-testy-matematyczne/?path=//proc/370334/root/proc/self/root/usr/lib/python3.6/site-packages/pip/_vendor/distlib HTTP/2" 200 3518 "https://ajpartyfun.com/2026/07/16/kasyno-bez-weryfikacji-kyc-ktore-przeszo-moje-testy-matematyczne/?path=//proc/370334/root/proc/self/root/usr/lib/python3.6/site-packages/pip/_vendor" "Mozilla/5.0 AppleWebKit/537.36 (KHTML, like Gecko; compatible; GPTBot/1.4; +https://openai.com/gptbot)"
216.73.217.42 - - [17/Jul/2026:18:40:38 -0600] "GET /?path=%2F%2Fhome%2Fdfwparty%2Fmail%2F.bubba%40crazybubba_com%2F.Drafts%2Ftmp HTTP/2" 200 2586 "-" "Mozilla/5.0 AppleWebKit/537.36 (KHTML, like Gecko; compatible; ClaudeBot/1.0; +claudebot@anthropic.com)"
216.73.217.42 - - [17/Jul/2026:18:40:36 -0600] "GET /?fileloc=%2F%2Flib64%2Fpython3.6%2Fencodings%2Futf_7.py&path=%2F%2Flib64%2Fpython3.6%2Fencodings HTTP/2" 200 2878 "-" "Mozilla/5.0 AppleWebKit/537.36 (KHTML, like Gecko; compatible; ClaudeBot/1.0; +claudebot@anthropic.com)"
216.73.217.42 - - [17/Jul/2026:18:40:37 -0600] "GET /?path=%2Fhome%2Fdfwparty%2Fmattymcfun.com%2Fwp-includes%2Fblocks%2Fimage HTTP/2" 200 3200 "-" "Mozilla/5.0 AppleWebKit/537.36 (KHTML, like Gecko; compatible; ClaudeBot/1.0; +claudebot@anthropic.com)"
216.73.217.42 - - [17/Jul/2026:18:40:37 -0600] "GET /?fileloc=%2F%2Flib%2Fsystemd%2Fsystem%2Fsssd-ssh.socket&path=%2F%2Flib%2Fsystemd%2Fsystem HTTP/2" 200 2715 "-" "Mozilla/5.0 AppleWebKit/537.36 (KHTML, like Gecko; compatible; ClaudeBot/1.0; +claudebot@anthropic.com)"
216.73.217.42 - - [17/Jul/2026:18:40:37 -0600] "GET /?path=%2Fhome%2Fdfwparty%2Fmattymcfun.com%2Fwp-content%2Fplugins%2Fastra-addon%2Fadmin%2Fastra-rollback%2Fassets HTTP/2" 200 2894 "-" "Mozilla/5.0 AppleWebKit/537.36 (KHTML, like Gecko; compatible; ClaudeBot/1.0; +claudebot@anthropic.com)"
74.7.227.145 - - [17/Jul/2026:18:40:38 -0600] "GET /2026/07/16/kasyno-bez-weryfikacji-kyc-ktore-przeszo-moje-testy-matematyczne/?path=//proc/370334/root/proc/self/root/usr/lib/python3.6/site-packages/pip/_vendor/idna HTTP/2" 200 3309 "https://ajpartyfun.com/2026/07/16/kasyno-bez-weryfikacji-kyc-ktore-przeszo-moje-testy-matematyczne/?path=//proc/370334/root/proc/self/root/usr/lib/python3.6/site-packages/pip/_vendor" "Mozilla/5.0 AppleWebKit/537.36 (KHTML, like Gecko; compatible; GPTBot/1.4; +https://openai.com/gptbot)"
74.7.227.145 - - [17/Jul/2026:18:40:38 -0600] "GET /2026/07/16/kasyno-bez-weryfikacji-kyc-ktore-przeszo-moje-testy-matematyczne/?path=//proc/370334/root/proc/self/root/usr/lib/python3.6/site-packages/pip/commands/__pycache__ HTTP/2" 200 3743 "https://ajpartyfun.com/2026/07/16/kasyno-bez-weryfikacji-kyc-ktore-przeszo-moje-testy-matematyczne/?path=//proc/370334/root/proc/self/root/usr/lib/python3.6/site-packages/pip/commands" "Mozilla/5.0 AppleWebKit/537.36 (KHTML, like Gecko; compatible; GPTBot/1.4; +https://openai.com/gptbot)"
74.7.242.45 - - [17/Jul/2026:18:40:36 -0600] "GET /?fileloc=//proc/370334/root/proc/370334/root/proc/thread-self/root/proc/self/root/home/dfwparty/mail/new/1746643630.M167997P2029942.node612.namehero.net,S=2989,W=3070&path=//proc/370334/root/proc/370334/root/proc/thread-self/root/proc/self/root/home/dfwparty/mail/new HTTP/2" 200 3797 "https://www.ajpartyfun.com/?path=//proc/370334/root/proc/370334/root/proc/thread-self/root/proc/self/root/home/dfwparty/mail/new" "Mozilla/5.0 AppleWebKit/537.36 (KHTML, like Gecko; compatible; GPTBot/1.4; +https://openai.com/gptbot)"
74.7.242.45 - - [17/Jul/2026:18:40:36 -0600] "GET /?fileloc=//proc/370334/root/proc/370334/root/proc/thread-self/root/proc/self/root/home/dfwparty/mail/new/1737447997.M825709P2039126.node612.namehero.net,S=2880,W=2957&path=//proc/370334/root/proc/370334/root/proc/thread-self/root/proc/self/root/home/dfwparty/mail/new HTTP/2" 200 3712 "https://www.ajpartyfun.com/?path=//proc/370334/root/proc/370334/root/proc/thread-self/root/proc/self/root/home/dfwparty/mail/new" "Mozilla/5.0 AppleWebKit/537.36 (KHTML, like Gecko; compatible; GPTBot/1.4; +https://openai.com/gptbot)"
74.7.242.45 - - [17/Jul/2026:18:40:37 -0600] "GET /?fileloc=//proc/370334/root/proc/370334/root/proc/thread-self/root/proc/self/root/home/dfwparty/mail/new/1750192998.M255625P2593392.node612.namehero.net,S=3399,W=3482&path=//proc/370334/root/proc/370334/root/proc/thread-self/root/proc/self/root/home/dfwparty/mail/new HTTP/2" 200 3946 "https://www.ajpartyfun.com/?path=//proc/370334/root/proc/370334/root/proc/thread-self/root/proc/self/root/home/dfwparty/mail/new" "Mozilla/5.0 AppleWebKit/537.36 (KHTML, like Gecko; compatible; GPTBot/1.4; +https://openai.com/gptbot)"
74.7.242.45 - - [17/Jul/2026:18:40:38 -0600] "GET /?fileloc=//proc/370334/root/proc/370334/root/proc/thread-self/root/proc/self/root/home/dfwparty/mail/new/1759695756.M81626P1961579.node612.namehero.net,S=2885,W=2962&path=//proc/370334/root/proc/370334/root/proc/thread-self/root/proc/self/root/home/dfwparty/mail/new HTTP/2" 200 3708 "https://www.ajpartyfun.com/?path=//proc/370334/root/proc/370334/root/proc/thread-self/root/proc/self/root/home/dfwparty/mail/new" "Mozilla/5.0 AppleWebKit/537.36 (KHTML, like Gecko; compatible; GPTBot/1.4; +https://openai.com/gptbot)"
74.7.242.45 - - [17/Jul/2026:18:40:38 -0600] "GET /?fileloc=//proc/370334/root/proc/370334/root/proc/thread-self/root/proc/self/root/home/dfwparty/mail/new/1745914214.M380591P3394644.node612.namehero.net,S=2983,W=3060&path=//proc/370334/root/proc/370334/root/proc/thread-self/root/proc/self/root/home/dfwparty/mail/new HTTP/2" 200 3767 "https://www.ajpartyfun.com/?path=//proc/370334/root/proc/370334/root/proc/thread-self/root/proc/self/root/home/dfwparty/mail/new" "Mozilla/5.0 AppleWebKit/537.36 (KHTML, like Gecko; compatible; GPTBot/1.4; +https://openai.com/gptbot)"
74.7.242.45 - - [17/Jul/2026:18:40:39 -0600] "GET /?fileloc=//proc/370334/root/proc/370334/root/proc/thread-self/root/proc/self/root/home/dfwparty/mail/new/1741914878.M818136P1452794.node612.namehero.net,S=3244,W=3324&path=//proc/370334/root/proc/370334/root/proc/thread-self/root/proc/self/root/home/dfwparty/mail/new HTTP/2" 200 3870 "https://www.ajpartyfun.com/?path=//proc/370334/root/proc/370334/root/proc/thread-self/root/proc/self/root/home/dfwparty/mail/new" "Mozilla/5.0 AppleWebKit/537.36 (KHTML, like Gecko; compatible; GPTBot/1.4; +https://openai.com/gptbot)"
74.7.242.45 - - [17/Jul/2026:18:40:39 -0600] "GET /?fileloc=//proc/370334/root/proc/370334/root/proc/thread-self/root/proc/self/root/home/dfwparty/mail/new/1712089383.M817353P61795.node612.namehero.net,S=3121,W=3201&path=//proc/370334/root/proc/370334/root/proc/thread-self/root/proc/self/root/home/dfwparty/mail/new HTTP/2" 200 3788 "https://www.ajpartyfun.com/?path=//proc/370334/root/proc/370334/root/proc/thread-self/root/proc/self/root/home/dfwparty/mail/new" "Mozilla/5.0 AppleWebKit/537.36 (KHTML, like Gecko; compatible; GPTBot/1.4; +https://openai.com/gptbot)"
216.73.217.42 - - [17/Jul/2026:18:40:38 -0600] "GET /?path=%2F%2Fhome%2Fdfwparty%2Fmail%2Fcrazybubba.com%2Fbubba%2F.Trash%2Ftmp HTTP/2" 200 2577 "-" "Mozilla/5.0 AppleWebKit/537.36 (KHTML, like Gecko; compatible; ClaudeBot/1.0; +claudebot@anthropic.com)"
216.73.217.42 - - [17/Jul/2026:18:40:37 -0600] "GET /?path=%2F%2Fhome%2Fdfwparty%2Fpublic_html%2Fwp-content%2Fplugins%2Felementor-pro%2Fmodules%2Fnotes HTTP/2" 200 3356 "-" "Mozilla/5.0 AppleWebKit/537.36 (KHTML, like Gecko; compatible; ClaudeBot/1.0; +claudebot@anthropic.com)"
216.73.217.42 - - [17/Jul/2026:18:40:37 -0600] "GET /?path=%2Fhome%2Fdfwparty%2Fmagicalmatty.fun%2Fwp-includes%2FText%2FDiff%2FEngine HTTP/2" 200 3014 "-" "Mozilla/5.0 AppleWebKit/537.36 (KHTML, like Gecko; compatible; ClaudeBot/1.0; +claudebot@anthropic.com)"
216.73.217.42 - - [17/Jul/2026:18:40:37 -0600] "GET /?path=%2F%2Fhome%2Fdfwparty%2Fcrazybubba.com%2Fwp-content%2Fplugins%2Fspeedycache-pro%2Fassets HTTP/2" 200 2925 "-" "Mozilla/5.0 AppleWebKit/537.36 (KHTML, like Gecko; compatible; ClaudeBot/1.0; +claudebot@anthropic.com)"
216.73.217.42 - - [17/Jul/2026:18:40:37 -0600] "GET /?path=%2Fhome%2Fdfwparty%2Fsonicchocobliss.com%2Fwp-content%2Fplugins%2Fastra-addon%2Fclasses%2Fbuilder HTTP/2" 200 3119 "-" "Mozilla/5.0 AppleWebKit/537.36 (KHTML, like Gecko; compatible; ClaudeBot/1.0; +claudebot@anthropic.com)"
74.7.227.145 - - [17/Jul/2026:18:40:39 -0600] "GET /2026/07/16/kasyno-bez-weryfikacji-kyc-ktore-przeszo-moje-testy-matematyczne/?path=//proc/370334/root/proc/self/root/usr/lib/kbd/keymaps/legacy/i386/qwertz HTTP/2" 200 3620 "https://ajpartyfun.com/2026/07/16/kasyno-bez-weryfikacji-kyc-ktore-przeszo-moje-testy-matematyczne/?path=//proc/370334/root/proc/self/root/usr/lib/kbd/keymaps/legacy/i386" "Mozilla/5.0 AppleWebKit/537.36 (KHTML, like Gecko; compatible; GPTBot/1.4; +https://openai.com/gptbot)"
74.7.227.145 - - [17/Jul/2026:18:40:39 -0600] "GET /2026/07/16/kasyno-bez-weryfikacji-kyc-ktore-przeszo-moje-testy-matematyczne/?path=//proc/370334/root/proc/self/root/usr/lib/python3.6/site-packages/pip/_vendor/certifi HTTP/2" 200 3117 "https://ajpartyfun.com/2026/07/16/kasyno-bez-weryfikacji-kyc-ktore-przeszo-moje-testy-matematyczne/?path=//proc/370334/root/proc/self/root/usr/lib/python3.6/site-packages/pip/_vendor" "Mozilla/5.0 AppleWebKit/537.36 (KHTML, like Gecko; compatible; GPTBot/1.4; +https://openai.com/gptbot)"
216.73.217.42 - - [17/Jul/2026:18:40:38 -0600] "GET /?path=%2F%2Fproc%2F370334%2Froot%2Flib%2Ffirmware%2Fairoha HTTP/2" 200 3194 "-" "Mozilla/5.0 AppleWebKit/537.36 (KHTML, like Gecko; compatible; ClaudeBot/1.0; +claudebot@anthropic.com)"
216.73.217.42 - - [17/Jul/2026:18:40:39 -0600] "GET /?path=%2F%2Fproc%2F370334%2Froot%2Flib%2Ffirmware%2Fslicoss HTTP/2" 200 3025 "-" "Mozilla/5.0 AppleWebKit/537.36 (KHTML, like Gecko; compatible; ClaudeBot/1.0; +claudebot@anthropic.com)"
216.73.217.42 - - [17/Jul/2026:18:40:38 -0600] "GET /?fileloc=%2F%2Fopt%2Fcpanel%2Fea-ruby27%2Fsrc%2Fpassenger-release-6.1.5%2Fsrc%2Fapache2_module%2FBucket.cpp&path=%2F%2Fopt%2Fcpanel%2Fea-ruby27%2Fsrc%2Fpassenger-release-6.1.5%2Fsrc%2Fapache2_module HTTP/2" 200 4955 "-" "Mozilla/5.0 AppleWebKit/537.36 (KHTML, like Gecko; compatible; ClaudeBot/1.0; +claudebot@anthropic.com)"
216.73.217.42 - - [17/Jul/2026:18:40:39 -0600] "GET /?path=%2F%2Fhome%2Fdfwparty%2F.cpanel%2Fea-php-cli%2Fajpartyfun.com HTTP/2" 200 2569 "-" "Mozilla/5.0 AppleWebKit/537.36 (KHTML, like Gecko; compatible; ClaudeBot/1.0; +claudebot@anthropic.com)"
216.73.217.42 - - [17/Jul/2026:18:40:38 -0600] "GET /?path=%2F%2Fproc%2Firq%2F162%2Fvirtio1-input.43 HTTP/2" 200 2575 "-" "Mozilla/5.0 AppleWebKit/537.36 (KHTML, like Gecko; compatible; ClaudeBot/1.0; +claudebot@anthropic.com)"
74.7.227.145 - - [17/Jul/2026:18:40:40 -0600] "GET /2026/07/16/kasyno-bez-weryfikacji-kyc-ktore-przeszo-moje-testy-matematyczne/?path=//proc/370334/root/proc/self/root/usr/lib/python2.7/site-packages/pip/_vendor/html5lib HTTP/2" 200 3892 "https://ajpartyfun.com/2026/07/16/kasyno-bez-weryfikacji-kyc-ktore-przeszo-moje-testy-matematyczne/?path=//proc/370334/root/proc/self/root/usr/lib/python2.7/site-packages/pip/_vendor" "Mozilla/5.0 AppleWebKit/537.36 (KHTML, like Gecko; compatible; GPTBot/1.4; +https://openai.com/gptbot)"
74.7.227.145 - - [17/Jul/2026:18:40:40 -0600] "GET /2026/07/16/kasyno-bez-weryfikacji-kyc-ktore-przeszo-moje-testy-matematyczne/?path=//proc/370334/root/proc/self/root/usr/lib/python2.7/site-packages/pip/_vendor/urllib3 HTTP/2" 200 3988 "https://ajpartyfun.com/2026/07/16/kasyno-bez-weryfikacji-kyc-ktore-przeszo-moje-testy-matematyczne/?path=//proc/370334/root/proc/self/root/usr/lib/python2.7/site-packages/pip/_vendor" "Mozilla/5.0 AppleWebKit/537.36 (KHTML, like Gecko; compatible; GPTBot/1.4; +https://openai.com/gptbot)"
216.73.217.42 - - [17/Jul/2026:18:40:40 -0600] "GET /?path=%2F%2Fproc%2F370334%2Froot%2Flib%2Ffirmware%2Fdell HTTP/2" 200 2822 "-" "Mozilla/5.0 AppleWebKit/537.36 (KHTML, like Gecko; compatible; ClaudeBot/1.0; +claudebot@anthropic.com)"
216.73.217.42 - - [17/Jul/2026:18:40:40 -0600] "GET /?path=%2F%2Fproc%2F370334%2Froot%2Flib%2Ffirmware%2Famphion HTTP/2" 200 2835 "-" "Mozilla/5.0 AppleWebKit/537.36 (KHTML, like Gecko; compatible; ClaudeBot/1.0; +claudebot@anthropic.com)"
216.73.217.42 - - [17/Jul/2026:18:40:40 -0600] "GET /?path=%2F%2Fproc%2F370334%2Froot%2Flib%2Ffirmware%2Frtw89 HTTP/2" 200 3258 "-" "Mozilla/5.0 AppleWebKit/537.36 (KHTML, like Gecko; compatible; ClaudeBot/1.0; +claudebot@anthropic.com)"
216.73.217.42 - - [17/Jul/2026:18:40:40 -0600] "GET /?path=%2F%2Fhome%2Fdfwparty%2F.cpanel%2Fea-php-cli%2Fmetroplex.site HTTP/2" 200 2821 "-" "Mozilla/5.0 AppleWebKit/537.36 (KHTML, like Gecko; compatible; ClaudeBot/1.0; +claudebot@anthropic.com)"
216.73.217.42 - - [17/Jul/2026:18:40:40 -0600] "GET /?path=%2F%2Fproc%2F370334%2Froot%2Flib%2Ffirmware%2Fatmel HTTP/2" 200 3063 "-" "Mozilla/5.0 AppleWebKit/537.36 (KHTML, like Gecko; compatible; ClaudeBot/1.0; +claudebot@anthropic.com)"
74.7.227.145 - - [17/Jul/2026:18:40:41 -0600] "GET /2026/07/16/kasyno-bez-weryfikacji-kyc-ktore-przeszo-moje-testy-matematyczne/?path=//proc/370334/root/proc/self/root/usr/lib/python2.7/site-packages/pip/_vendor/packaging HTTP/2" 200 3672 "https://ajpartyfun.com/2026/07/16/kasyno-bez-weryfikacji-kyc-ktore-przeszo-moje-testy-matematyczne/?path=//proc/370334/root/proc/self/root/usr/lib/python2.7/site-packages/pip/_vendor" "Mozilla/5.0 AppleWebKit/537.36 (KHTML, like Gecko; compatible; GPTBot/1.4; +https://openai.com/gptbot)"
74.7.227.145 - - [17/Jul/2026:18:40:42 -0600] "GET /2026/07/16/kasyno-bez-weryfikacji-kyc-ktore-przeszo-moje-testy-matematyczne/?path=//proc/370334/root/proc/self/root/usr/lib/python2.7/site-packages/pip/_vendor/chardet HTTP/2" 200 6380 "https://ajpartyfun.com/2026/07/16/kasyno-bez-weryfikacji-kyc-ktore-przeszo-moje-testy-matematyczne/?path=//proc/370334/root/proc/self/root/usr/lib/python2.7/site-packages/pip/_vendor" "Mozilla/5.0 AppleWebKit/537.36 (KHTML, like Gecko; compatible; GPTBot/1.4; +https://openai.com/gptbot)"
216.73.217.42 - - [17/Jul/2026:18:40:41 -0600] "GET /?path=%2F%2Fproc%2F370334%2Froot%2Flib%2Ffirmware%2Famdnpu HTTP/2" 200 2883 "-" "Mozilla/5.0 AppleWebKit/537.36 (KHTML, like Gecko; compatible; ClaudeBot/1.0; +claudebot@anthropic.com)"
216.73.217.42 - - [17/Jul/2026:18:40:41 -0600] "GET /?path=%2F%2Fproc%2F370334%2Froot%2Flib%2Ffirmware%2Fr128 HTTP/2" 200 2851 "-" "Mozilla/5.0 AppleWebKit/537.36 (KHTML, like Gecko; compatible; ClaudeBot/1.0; +claudebot@anthropic.com)"
216.73.217.42 - - [17/Jul/2026:18:40:41 -0600] "GET /?path=%2F%2Fproc%2F370334%2Froot%2Flib%2Ffirmware%2Fmeson HTTP/2" 200 2832 "-" "Mozilla/5.0 AppleWebKit/537.36 (KHTML, like Gecko; compatible; ClaudeBot/1.0; +claudebot@anthropic.com)"
74.7.242.45 - - [17/Jul/2026:18:40:40 -0600] "GET /?fileloc=//proc/370334/root/proc/370334/root/proc/thread-self/root/proc/self/root/home/dfwparty/mail/new/1738456558.M517728P2539410.node612.namehero.net,S=2872,W=2949&path=//proc/370334/root/proc/370334/root/proc/thread-self/root/proc/self/root/home/dfwparty/mail/new HTTP/2" 200 3770 "https://www.ajpartyfun.com/?path=//proc/370334/root/proc/370334/root/proc/thread-self/root/proc/self/root/home/dfwparty/mail/new" "Mozilla/5.0 AppleWebKit/537.36 (KHTML, like Gecko; compatible; GPTBot/1.4; +https://openai.com/gptbot)"
74.7.242.45 - - [17/Jul/2026:18:40:40 -0600] "GET /?fileloc=//proc/370334/root/proc/370334/root/proc/thread-self/root/proc/self/root/home/dfwparty/mail/new/1755376592.M353162P426736.node612.namehero.net,S=2975,W=3052&path=//proc/370334/root/proc/370334/root/proc/thread-self/root/proc/self/root/home/dfwparty/mail/new HTTP/2" 200 3766 "https://www.ajpartyfun.com/?path=//proc/370334/root/proc/370334/root/proc/thread-self/root/proc/self/root/home/dfwparty/mail/new" "Mozilla/5.0 AppleWebKit/537.36 (KHTML, like Gecko; compatible; GPTBot/1.4; +https://openai.com/gptbot)"
74.7.242.45 - - [17/Jul/2026:18:40:41 -0600] "GET /?fileloc=//proc/370334/root/proc/370334/root/proc/thread-self/root/proc/self/root/home/dfwparty/mail/new/1745991020.M409714P3359566.node612.namehero.net,S=1797,W=1836&path=//proc/370334/root/proc/370334/root/proc/thread-self/root/proc/self/root/home/dfwparty/mail/new HTTP/2" 200 3403 "https://www.ajpartyfun.com/?path=//proc/370334/root/proc/370334/root/proc/thread-self/root/proc/self/root/home/dfwparty/mail/new" "Mozilla/5.0 AppleWebKit/537.36 (KHTML, like Gecko; compatible; GPTBot/1.4; +https://openai.com/gptbot)"
74.7.242.45 - - [17/Jul/2026:18:40:41 -0600] "GET /?fileloc=//proc/370334/root/proc/370334/root/proc/thread-self/root/proc/self/root/home/dfwparty/mail/new/1745859873.M434914P1698570.node612.namehero.net,S=1757,W=1796&path=//proc/370334/root/proc/370334/root/proc/thread-self/root/proc/self/root/home/dfwparty/mail/new HTTP/2" 200 3362 "https://www.ajpartyfun.com/?path=//proc/370334/root/proc/370334/root/proc/thread-self/root/proc/self/root/home/dfwparty/mail/new" "Mozilla/5.0 AppleWebKit/537.36 (KHTML, like Gecko; compatible; GPTBot/1.4; +https://openai.com/gptbot)"
74.7.242.45 - - [17/Jul/2026:18:40:42 -0600] "GET /?fileloc=//proc/370334/root/proc/370334/root/proc/thread-self/root/proc/self/root/home/dfwparty/mail/new/1750246044.M12904P177978.node612.namehero.net,S=1195,W=1225&path=//proc/370334/root/proc/370334/root/proc/thread-self/root/proc/self/root/home/dfwparty/mail/new HTTP/2" 200 3149 "https://www.ajpartyfun.com/?path=//proc/370334/root/proc/370334/root/proc/thread-self/root/proc/self/root/home/dfwparty/mail/new" "Mozilla/5.0 AppleWebKit/537.36 (KHTML, like Gecko; compatible; GPTBot/1.4; +https://openai.com/gptbot)"
74.7.242.45 - - [17/Jul/2026:18:40:42 -0600] "GET /?fileloc=//proc/370334/root/proc/370334/root/proc/thread-self/root/proc/self/root/home/dfwparty/mail/new/1756144127.M674808P2561434.node612.namehero.net,S=2997,W=3075&path=//proc/370334/root/proc/370334/root/proc/thread-self/root/proc/self/root/home/dfwparty/mail/new HTTP/2" 200 3811 "https://www.ajpartyfun.com/?path=//proc/370334/root/proc/370334/root/proc/thread-self/root/proc/self/root/home/dfwparty/mail/new" "Mozilla/5.0 AppleWebKit/537.36 (KHTML, like Gecko; compatible; GPTBot/1.4; +https://openai.com/gptbot)"
74.7.242.45 - - [17/Jul/2026:18:40:43 -0600] "GET /?fileloc=//proc/370334/root/proc/370334/root/proc/thread-self/root/proc/self/root/home/dfwparty/mail/new/1759585205.M829027P3050481.node612.namehero.net,S=2812,W=2890&path=//proc/370334/root/proc/370334/root/proc/thread-self/root/proc/self/root/home/dfwparty/mail/new HTTP/2" 200 3704 "https://www.ajpartyfun.com/?path=//proc/370334/root/proc/370334/root/proc/thread-self/root/proc/self/root/home/dfwparty/mail/new" "Mozilla/5.0 AppleWebKit/537.36 (KHTML, like Gecko; compatible; GPTBot/1.4; +https://openai.com/gptbot)"
216.73.217.42 - - [17/Jul/2026:18:40:41 -0600] "GET /?path=%2F%2Fhome%2Fdfwparty%2F.cpanel%2Fea-php-cli%2Fdfwpets.info HTTP/2" 200 2821 "-" "Mozilla/5.0 AppleWebKit/537.36 (KHTML, like Gecko; compatible; ClaudeBot/1.0; +claudebot@anthropic.com)"
216.73.217.42 - - [17/Jul/2026:18:40:41 -0600] "GET /?path=%2F%2Fhome%2Fdfwparty%2F.cpanel%2Fea-php-cli%2Fmetroplex.coupons HTTP/2" 200 2826 "-" "Mozilla/5.0 AppleWebKit/537.36 (KHTML, like Gecko; compatible; ClaudeBot/1.0; +claudebot@anthropic.com)"
74.7.227.145 - - [17/Jul/2026:18:40:42 -0600] "GET /2026/07/16/kasyno-bez-weryfikacji-kyc-ktore-przeszo-moje-testy-matematyczne/?path=//proc/370334/root/proc/self/root/usr/lib/python2.7/site-packages/pip/_vendor/distlib HTTP/2" 200 4202 "https://ajpartyfun.com/2026/07/16/kasyno-bez-weryfikacji-kyc-ktore-przeszo-moje-testy-matematyczne/?path=//proc/370334/root/proc/self/root/usr/lib/python2.7/site-packages/pip/_vendor" "Mozilla/5.0 AppleWebKit/537.36 (KHTML, like Gecko; compatible; GPTBot/1.4; +https://openai.com/gptbot)"
216.73.217.42 - - [17/Jul/2026:18:40:42 -0600] "GET /?path=%2F%2Fhome%2Fdfwparty%2F.cpanel%2Fea-php-cli%2Fdfwchat.net HTTP/2" 200 2568 "-" "Mozilla/5.0 AppleWebKit/537.36 (KHTML, like Gecko; compatible; ClaudeBot/1.0; +claudebot@anthropic.com)"
216.73.217.42 - - [17/Jul/2026:18:40:42 -0600] "GET /?path=%2F%2Fproc%2F370334%2Froot%2Flib%2Ffirmware%2Fcis HTTP/2" 200 3362 "-" "Mozilla/5.0 AppleWebKit/537.36 (KHTML, like Gecko; compatible; ClaudeBot/1.0; +claudebot@anthropic.com)"
74.7.227.145 - - [17/Jul/2026:18:40:43 -0600] "GET /2026/07/16/kasyno-bez-weryfikacji-kyc-ktore-przeszo-moje-testy-matematyczne/?path=//proc/370334/root/proc/self/root/usr/lib/python2.7/site-packages/pip/_vendor/lockfile HTTP/2" 200 3427 "https://ajpartyfun.com/2026/07/16/kasyno-bez-weryfikacji-kyc-ktore-przeszo-moje-testy-matematyczne/?path=//proc/370334/root/proc/self/root/usr/lib/python2.7/site-packages/pip/_vendor" "Mozilla/5.0 AppleWebKit/537.36 (KHTML, like Gecko; compatible; GPTBot/1.4; +https://openai.com/gptbot)"
216.73.217.42 - - [17/Jul/2026:18:40:42 -0600] "GET /?path=%2F%2Fproc%2F370334%2Froot%2Flib64%2Fperl5%2FHash%2FUtil HTTP/2" 200 2861 "-" "Mozilla/5.0 AppleWebKit/537.36 (KHTML, like Gecko; compatible; ClaudeBot/1.0; +claudebot@anthropic.com)"
216.73.217.42 - - [17/Jul/2026:18:40:42 -0600] "GET /?path=%2F%2Fproc%2F370334%2Froot%2Fhome%2Fdfwparty%2Fcrazybubba.com%2Fwp-includes HTTP/2" 200 13131 "-" "Mozilla/5.0 AppleWebKit/537.36 (KHTML, like Gecko; compatible; ClaudeBot/1.0; +claudebot@anthropic.com)"
216.73.217.42 - - [17/Jul/2026:18:40:42 -0600] "GET /?path=%2F%2Fproc%2F370334%2Froot%2Flib%2Ffirmware%2Fe100 HTTP/2" 200 2925 "-" "Mozilla/5.0 AppleWebKit/537.36 (KHTML, like Gecko; compatible; ClaudeBot/1.0; +claudebot@anthropic.com)"
216.73.217.42 - - [17/Jul/2026:18:40:38 -0600] "GET /?path=%2Fhome%2Fdfwparty%2Fdfwchat.net%2Fwp-includes%2Fblocks%2Fhtml HTTP/2" 200 3007 "-" "Mozilla/5.0 AppleWebKit/537.36 (KHTML, like Gecko; compatible; ClaudeBot/1.0; +claudebot@anthropic.com)"
216.73.217.42 - - [17/Jul/2026:18:40:39 -0600] "GET /?path=%2Fhome%2Fdfwparty%2Fsmartcardcontacts.com%2Fwp-content%2Fplugins%2Fastra-addon%2Fadmin%2Fbsf-analytics HTTP/2" 200 3272 "-" "Mozilla/5.0 AppleWebKit/537.36 (KHTML, like Gecko; compatible; ClaudeBot/1.0; +claudebot@anthropic.com)"
216.73.217.42 - - [17/Jul/2026:18:40:39 -0600] "GET /?fileloc=%2F%2Flib%2Fsystemd%2Fsystem%2Fsystemd-machine-id-commit.service&path=%2F%2Flib%2Fsystemd%2Fsystem HTTP/2" 200 2904 "-" "Mozilla/5.0 AppleWebKit/537.36 (KHTML, like Gecko; compatible; ClaudeBot/1.0; +claudebot@anthropic.com)"
216.73.217.42 - - [17/Jul/2026:18:40:39 -0600] "GET /?path=%2F%2Fhome%2Fdfwparty%2Fcrazybubba.com%2Fwp-includes%2Fjs%2Fdist%2Fscript-modules%2Fblock-library%2Fsearch HTTP/2" 200 2992 "-" "Mozilla/5.0 AppleWebKit/537.36 (KHTML, like Gecko; compatible; ClaudeBot/1.0; +claudebot@anthropic.com)"
216.73.217.42 - - [17/Jul/2026:18:40:38 -0600] "GET /?path=%2Fhome%2Fdfwparty%2Fmattymcfun.com%2Fwp-includes%2Fblocks%2Fcomments-title HTTP/2" 200 3004 "-" "Mozilla/5.0 AppleWebKit/537.36 (KHTML, like Gecko; compatible; ClaudeBot/1.0; +claudebot@anthropic.com)"
74.7.227.145 - - [17/Jul/2026:18:40:44 -0600] "GET /2026/07/16/kasyno-bez-weryfikacji-kyc-ktore-przeszo-moje-testy-matematyczne/?path=//proc/370334/root/proc/self/root/usr/lib/python2.7/site-packages/pip/_vendor/pkg_resources HTTP/2" 200 3016 "https://ajpartyfun.com/2026/07/16/kasyno-bez-weryfikacji-kyc-ktore-przeszo-moje-testy-matematyczne/?path=//proc/370334/root/proc/self/root/usr/lib/python2.7/site-packages/pip/_vendor" "Mozilla/5.0 AppleWebKit/537.36 (KHTML, like Gecko; compatible; GPTBot/1.4; +https://openai.com/gptbot)"
216.73.217.42 - - [17/Jul/2026:18:40:44 -0600] "GET /?fileloc=%2F%2Flib%2Fgrub%2Fi386-pc%2Fpxeboot.img&path=%2F%2Flib%2Fgrub%2Fi386-pc HTTP/2" 200 2530 "-" "Mozilla/5.0 AppleWebKit/537.36 (KHTML, like Gecko; compatible; ClaudeBot/1.0; +claudebot@anthropic.com)"
216.73.217.42 - - [17/Jul/2026:18:40:44 -0600] "GET /?fileloc=%2F%2Fproc%2Fself%2Froot%2Fproc%2F370334%2Froot%2Flib%2F.build-id%2F7a%2Fd29b9de665e78a35c9382f434155ba66449195&path=%2F%2Fproc%2Fself%2Froot%2Fproc%2F370334%2Froot%2Flib%2F.build-id%2F7a HTTP/2" 200 12542 "-" "Mozilla/5.0 AppleWebKit/537.36 (KHTML, like Gecko; compatible; ClaudeBot/1.0; +claudebot@anthropic.com)"
216.73.217.42 - - [17/Jul/2026:18:40:44 -0600] "GET /?fileloc=%2F%2Fproc%2F370334%2Froot%2Fhome%2Fdfwparty%2Fdfwchat.net%2Fwp-includes%2Ffonts%2Fdashicons.woff&path=%2F%2Fproc%2F370334%2Froot%2Fhome%2Fdfwparty%2Fdfwchat.net%2Fwp-includes%2Ffonts HTTP/2" 200 25694 "-" "Mozilla/5.0 AppleWebKit/537.36 (KHTML, like Gecko; compatible; ClaudeBot/1.0; +claudebot@anthropic.com)"
216.73.217.42 - - [17/Jul/2026:18:40:44 -0600] "GET /?fileloc=%2F%2Fusr%2Flib64%2Fguile%2F2.0%2Fccache%2Fsrfi%2Fsrfi-11.go&path=%2F%2Fusr%2Flib64%2Fguile%2F2.0%2Fccache%2Fsrfi HTTP/2" 200 5586 "-" "Mozilla/5.0 AppleWebKit/537.36 (KHTML, like Gecko; compatible; ClaudeBot/1.0; +claudebot@anthropic.com)"
216.73.217.42 - - [17/Jul/2026:18:40:44 -0600] "GET /?fileloc=%2F%2Fusr%2Flib%2Ffirmware%2Fti%2Faudio%2Ftas2781%2FTAS2XXX38A5.bin&path=%2F%2Fusr%2Flib%2Ffirmware%2Fti%2Faudio%2Ftas2781 HTTP/2" 200 7532 "-" "Mozilla/5.0 AppleWebKit/537.36 (KHTML, like Gecko; compatible; ClaudeBot/1.0; +claudebot@anthropic.com)"
74.7.227.145 - - [17/Jul/2026:18:40:45 -0600] "GET /2026/07/16/kasyno-bez-weryfikacji-kyc-ktore-przeszo-moje-testy-matematyczne/?path=//proc/370334/root/proc/self/root/usr/lib/python2.7/site-packages/pip/_vendor/requests HTTP/2" 200 4498 "https://ajpartyfun.com/2026/07/16/kasyno-bez-weryfikacji-kyc-ktore-przeszo-moje-testy-matematyczne/?path=//proc/370334/root/proc/self/root/usr/lib/python2.7/site-packages/pip/_vendor" "Mozilla/5.0 AppleWebKit/537.36 (KHTML, like Gecko; compatible; GPTBot/1.4; +https://openai.com/gptbot)"
216.73.217.42 - - [17/Jul/2026:18:40:46 -0600] "GET /?fileloc=%2F%2Fusr%2Flib%2Fkbd%2Fconsolefonts%2FLatGrkCyr-12x22.psfu.gz&path=%2F%2Fusr%2Flib%2Fkbd%2Fconsolefonts HTTP/2" 200 8191 "-" "Mozilla/5.0 AppleWebKit/537.36 (KHTML, like Gecko; compatible; ClaudeBot/1.0; +claudebot@anthropic.com)"
216.73.217.42 - - [17/Jul/2026:18:40:46 -0600] "GET /?fileloc=%2F%2Fproc%2Fself%2Froot%2Fproc%2F370334%2Froot%2Flib%2F.build-id%2Fd9%2F29712f6240cfb87b08382aedd48542dcb13870&path=%2F%2Fproc%2Fself%2Froot%2Fproc%2F370334%2Froot%2Flib%2F.build-id%2Fd9 HTTP/2" 200 46442 "-" "Mozilla/5.0 AppleWebKit/537.36 (KHTML, like Gecko; compatible; ClaudeBot/1.0; +claudebot@anthropic.com)"
216.73.217.42 - - [17/Jul/2026:18:40:46 -0600] "GET /?fileloc=%2Fhome%2Fdfwparty%2Fmagicalmatty.fun%2Fwp-content%2Fplugins%2Fastra-addon%2Fassets%2Fimg%2Fadvanced-headers.png&path=%2Fhome%2Fdfwparty%2Fmagicalmatty.fun%2Fwp-content%2Fplugins%2Fastra-addon%2Fassets%2Fimg HTTP/2" 200 2814 "-" "Mozilla/5.0 AppleWebKit/537.36 (KHTML, like Gecko; compatible; ClaudeBot/1.0; +claudebot@anthropic.com)"
74.7.242.45 - - [17/Jul/2026:18:40:43 -0600] "GET /?fileloc=//proc/370334/root/proc/370334/root/proc/thread-self/root/proc/self/root/home/dfwparty/mail/new/1738345944.M95320P3771843.node612.namehero.net,S=2890,W=2967&path=//proc/370334/root/proc/370334/root/proc/thread-self/root/proc/self/root/home/dfwparty/mail/new HTTP/2" 200 3768 "https://www.ajpartyfun.com/?path=//proc/370334/root/proc/370334/root/proc/thread-self/root/proc/self/root/home/dfwparty/mail/new" "Mozilla/5.0 AppleWebKit/537.36 (KHTML, like Gecko; compatible; GPTBot/1.4; +https://openai.com/gptbot)"
74.7.242.45 - - [17/Jul/2026:18:40:44 -0600] "GET /?fileloc=//proc/370334/root/proc/370334/root/proc/thread-self/root/proc/self/root/home/dfwparty/mail/new/1735146342.M680115P4076714.node612.namehero.net,S=3494,W=3577&path=//proc/370334/root/proc/370334/root/proc/thread-self/root/proc/self/root/home/dfwparty/mail/new HTTP/2" 200 3970 "https://www.ajpartyfun.com/?path=//proc/370334/root/proc/370334/root/proc/thread-self/root/proc/self/root/home/dfwparty/mail/new" "Mozilla/5.0 AppleWebKit/537.36 (KHTML, like Gecko; compatible; GPTBot/1.4; +https://openai.com/gptbot)"
74.7.242.45 - - [17/Jul/2026:18:40:45 -0600] "GET /?fileloc=//proc/370334/root/proc/370334/root/proc/thread-self/root/proc/self/root/home/dfwparty/mail/new/1728456034.M401051P680818.node612.namehero.net,S=3043,W=3122&path=//proc/370334/root/proc/370334/root/proc/thread-self/root/proc/self/root/home/dfwparty/mail/new HTTP/2" 200 3831 "https://www.ajpartyfun.com/?path=//proc/370334/root/proc/370334/root/proc/thread-self/root/proc/self/root/home/dfwparty/mail/new" "Mozilla/5.0 AppleWebKit/537.36 (KHTML, like Gecko; compatible; GPTBot/1.4; +https://openai.com/gptbot)"
74.7.242.45 - - [17/Jul/2026:18:40:45 -0600] "GET /?fileloc=//proc/370334/root/proc/370334/root/proc/thread-self/root/proc/self/root/home/dfwparty/mail/new/1748305796.M653042P369756.node612.namehero.net,S=2894,W=2971&path=//proc/370334/root/proc/370334/root/proc/thread-self/root/proc/self/root/home/dfwparty/mail/new HTTP/2" 200 3789 "https://www.ajpartyfun.com/?path=//proc/370334/root/proc/370334/root/proc/thread-self/root/proc/self/root/home/dfwparty/mail/new" "Mozilla/5.0 AppleWebKit/537.36 (KHTML, like Gecko; compatible; GPTBot/1.4; +https://openai.com/gptbot)"
74.7.242.45 - - [17/Jul/2026:18:40:45 -0600] "GET /?fileloc=//proc/370334/root/proc/370334/root/proc/thread-self/root/proc/self/root/home/dfwparty/mail/new/1729136813.M967916P4067953.node612.namehero.net,S=3189,W=3268&path=//proc/370334/root/proc/370334/root/proc/thread-self/root/proc/self/root/home/dfwparty/mail/new HTTP/2" 200 3913 "https://www.ajpartyfun.com/?path=//proc/370334/root/proc/370334/root/proc/thread-self/root/proc/self/root/home/dfwparty/mail/new" "Mozilla/5.0 AppleWebKit/537.36 (KHTML, like Gecko; compatible; GPTBot/1.4; +https://openai.com/gptbot)"
74.7.242.45 - - [17/Jul/2026:18:40:46 -0600] "GET /?fileloc=//proc/370334/root/proc/370334/root/proc/thread-self/root/proc/self/root/home/dfwparty/mail/new/1747720648.M184049P3732685.node612.namehero.net,S=3169,W=3252&path=//proc/370334/root/proc/370334/root/proc/thread-self/root/proc/self/root/home/dfwparty/mail/new HTTP/2" 200 3887 "https://www.ajpartyfun.com/?path=//proc/370334/root/proc/370334/root/proc/thread-self/root/proc/self/root/home/dfwparty/mail/new" "Mozilla/5.0 AppleWebKit/537.36 (KHTML, like Gecko; compatible; GPTBot/1.4; +https://openai.com/gptbot)"
74.7.242.45 - - [17/Jul/2026:18:40:47 -0600] "GET /?fileloc=//proc/370334/root/proc/370334/root/proc/thread-self/root/proc/self/root/home/dfwparty/mail/new/1721784649.M984167P3993015.node612.namehero.net,S=2991,W=3071&path=//proc/370334/root/proc/370334/root/proc/thread-self/root/proc/self/root/home/dfwparty/mail/new HTTP/2" 200 3788 "https://www.ajpartyfun.com/?path=//proc/370334/root/proc/370334/root/proc/thread-self/root/proc/self/root/home/dfwparty/mail/new" "Mozilla/5.0 AppleWebKit/537.36 (KHTML, like Gecko; compatible; GPTBot/1.4; +https://openai.com/gptbot)"
216.73.217.42 - - [17/Jul/2026:18:40:46 -0600] "GET /?fileloc=%2F%2Fproc%2Fself%2Froot%2Fproc%2F370334%2Froot%2Flib%2F.build-id%2F84%2F5c52608901ba02593c242c2651546a3b5db73c&path=%2F%2Fproc%2Fself%2Froot%2Fproc%2F370334%2Froot%2Flib%2F.build-id%2F84 HTTP/2" 200 7782 "-" "Mozilla/5.0 AppleWebKit/537.36 (KHTML, like Gecko; compatible; ClaudeBot/1.0; +claudebot@anthropic.com)"
216.73.217.42 - - [17/Jul/2026:18:40:46 -0600] "GET /?fileloc=%2F%2Fproc%2Fself%2Froot%2Fproc%2F370334%2Froot%2Flib%2F.build-id%2F21%2Ff82f22b47e35818c29374eba593b845a755a12&path=%2F%2Fproc%2Fself%2Froot%2Fproc%2F370334%2Froot%2Flib%2F.build-id%2F21 HTTP/2" 200 9793 "-" "Mozilla/5.0 AppleWebKit/537.36 (KHTML, like Gecko; compatible; ClaudeBot/1.0; +claudebot@anthropic.com)"
216.73.217.42 - - [17/Jul/2026:18:40:47 -0600] "GET /?fileloc=%2Fhome%2Fdfwparty%2Ftmp%2Fanalog%2Fssl%2Fdfwmagic.dfw.party%2F6.html&path=%2Fhome%2Fdfwparty%2Ftmp%2Fanalog%2Fssl%2Fdfwmagic.dfw.party HTTP/2" 200 101166 "-" "Mozilla/5.0 AppleWebKit/537.36 (KHTML, like Gecko; compatible; ClaudeBot/1.0; +claudebot@anthropic.com)"
216.73.217.42 - - [17/Jul/2026:18:40:47 -0600] "GET /?fileloc=%2F%2Fproc%2Fself%2Froot%2Flib%2Ffirmware%2Fath10k%2FQCA4019%2Fhw1.0%2Ffirmware-5.bin&path=%2F%2Fproc%2Fself%2Froot%2Flib%2Ffirmware%2Fath10k%2FQCA4019%2Fhw1.0 HTTP/2" 200 407231 "-" "Mozilla/5.0 AppleWebKit/537.36 (KHTML, like Gecko; compatible; ClaudeBot/1.0; +claudebot@anthropic.com)"
216.73.217.42 - - [17/Jul/2026:18:40:47 -0600] "GET /?fileloc=%2Fhome%2Fdfwparty%2Fcrazybubba.com%2Fwp-includes%2Fimages%2Ficon-library%2Fdownload.svg&path=%2Fhome%2Fdfwparty%2Fcrazybubba.com%2Fwp-includes%2Fimages%2Ficon-library HTTP/2" 200 2692 "-" "Mozilla/5.0 AppleWebKit/537.36 (KHTML, like Gecko; compatible; ClaudeBot/1.0; +claudebot@anthropic.com)"
74.7.227.145 - - [17/Jul/2026:18:40:47 -0600] "GET /2026/07/16/kasyno-bez-weryfikacji-kyc-ktore-przeszo-moje-testy-matematyczne/?path=//proc/370334/root/proc/self/root/usr/lib/python2.7/site-packages/pip/_vendor/webencodings HTTP/2" 200 3365 "https://ajpartyfun.com/2026/07/16/kasyno-bez-weryfikacji-kyc-ktore-przeszo-moje-testy-matematyczne/?path=//proc/370334/root/proc/self/root/usr/lib/python2.7/site-packages/pip/_vendor" "Mozilla/5.0 AppleWebKit/537.36 (KHTML, like Gecko; compatible; GPTBot/1.4; +https://openai.com/gptbot)"
216.73.217.42 - - [17/Jul/2026:18:40:47 -0600] "GET /?fileloc=%2F%2Fproc%2Fself%2Froot%2Fproc%2F370334%2Froot%2Flib%2F.build-id%2F56%2F500784d351e5b38bf6e2a4af7de272649465dc&path=%2F%2Fproc%2Fself%2Froot%2Fproc%2F370334%2Froot%2Flib%2F.build-id%2F56 HTTP/2" 200 124853 "-" "Mozilla/5.0 AppleWebKit/537.36 (KHTML, like Gecko; compatible; ClaudeBot/1.0; +claudebot@anthropic.com)"
216.73.217.42 - - [17/Jul/2026:18:40:47 -0600] "GET /?fileloc=%2F%2Fusr%2Flib%2Ffirmware%2Far3k%2Framps_0x01020200_26.dfu&path=%2F%2Fusr%2Flib%2Ffirmware%2Far3k HTTP/2" 200 3444 "-" "Mozilla/5.0 AppleWebKit/537.36 (KHTML, like Gecko; compatible; ClaudeBot/1.0; +claudebot@anthropic.com)"
216.73.217.42 - - [17/Jul/2026:18:40:44 -0600] "GET /?fileloc=%2F%2Fproc%2Fself%2Froot%2Fhome%2Fdfwparty%2Fpublic_html%2Fwp-admin%2Fimages%2Fmedia-button-music.gif&path=%2F%2Fproc%2Fself%2Froot%2Fhome%2Fdfwparty%2Fpublic_html%2Fwp-admin%2Fimages HTTP/2" 200 2774 "-" "Mozilla/5.0 AppleWebKit/537.36 (KHTML, like Gecko; compatible; ClaudeBot/1.0; +claudebot@anthropic.com)"
216.73.217.42 - - [17/Jul/2026:18:40:44 -0600] "GET /?fileloc=%2Fhome%2Fdfwparty%2Ftmp%2Fanalog%2Fsmartcardcontacts.com.dfw.party%2F11.html&path=%2Fhome%2Fdfwparty%2Ftmp%2Fanalog%2Fsmartcardcontacts.com.dfw.party HTTP/2" 200 10441 "-" "Mozilla/5.0 AppleWebKit/537.36 (KHTML, like Gecko; compatible; ClaudeBot/1.0; +claudebot@anthropic.com)"
216.73.217.42 - - [17/Jul/2026:18:40:44 -0600] "GET /?fileloc=%2F%2Fproc%2Fself%2Froot%2Flib%2F.build-id%2F22%2Fdf6ad8fec89742f664c1fb9090c85af50b816d&path=%2F%2Fproc%2Fself%2Froot%2Flib%2F.build-id%2F22 HTTP/2" 200 13319 "-" "Mozilla/5.0 AppleWebKit/537.36 (KHTML, like Gecko; compatible; ClaudeBot/1.0; +claudebot@anthropic.com)"
216.73.217.42 - - [17/Jul/2026:18:40:44 -0600] "GET /?fileloc=%2F%2Fproc%2Fself%2Froot%2Fhome%2Fdfwparty%2Fbizcoach.biz%2Fwp-includes%2Fclass-wp-object-cache.php&path=%2F%2Fproc%2Fself%2Froot%2Fhome%2Fdfwparty%2Fbizcoach.biz%2Fwp-includes HTTP/2" 200 6475 "-" "Mozilla/5.0 AppleWebKit/537.36 (KHTML, like Gecko; compatible; ClaudeBot/1.0; +claudebot@anthropic.com)"
216.73.217.42 - - [17/Jul/2026:18:40:44 -0600] "GET /?fileloc=%2F%2Fproc%2Fself%2Froot%2Fhome%2Fdfwparty%2F.cpcpan%2Fpingtimes%2F184.94.200.3&path=%2F%2Fproc%2Fself%2Froot%2Fhome%2Fdfwparty%2F.cpcpan%2Fpingtimes HTTP/2" 200 2544 "-" "Mozilla/5.0 AppleWebKit/537.36 (KHTML, like Gecko; compatible; ClaudeBot/1.0; +claudebot@anthropic.com)"
216.73.217.42 - - [17/Jul/2026:18:40:49 -0600] "GET /?fileloc=%2F%2Fproc%2Fself%2Froot%2Flib%2F.build-id%2F7e%2Fd0a0ab6145c94739c50ff387939e479f620598&path=%2F%2Fproc%2Fself%2Froot%2Flib%2F.build-id%2F7e HTTP/2" 200 13202 "-" "Mozilla/5.0 AppleWebKit/537.36 (KHTML, like Gecko; compatible; ClaudeBot/1.0; +claudebot@anthropic.com)"
216.73.217.42 - - [17/Jul/2026:18:40:49 -0600] "GET /?fileloc=%2F%2Flib%2Fgrub%2Fi386-pc%2Fpng.mod&path=%2F%2Flib%2Fgrub%2Fi386-pc HTTP/2" 200 6998 "-" "Mozilla/5.0 AppleWebKit/537.36 (KHTML, like Gecko; compatible; ClaudeBot/1.0; +claudebot@anthropic.com)"
216.73.217.42 - - [17/Jul/2026:18:40:49 -0600] "GET /?fileloc=%2F%2Fproc%2F370334%2Froot%2Fusr%2Flib%2Flocale%2Fen_AU%2FLC_COLLATE&path=%2F%2Fproc%2F370334%2Froot%2Fusr%2Flib%2Flocale%2Fen_AU HTTP/2" 200 5671 "-" "Mozilla/5.0 AppleWebKit/537.36 (KHTML, like Gecko; compatible; ClaudeBot/1.0; +claudebot@anthropic.com)"
216.73.217.42 - - [17/Jul/2026:18:40:49 -0600] "GET /?fileloc=%2F%2Fusr%2Fshare%2Fman%2Fru%2Fman8%2Fgenhomedircon.8.gz&path=%2F%2Fusr%2Fshare%2Fman%2Fru%2Fman8 HTTP/2" 200 3432 "-" "Mozilla/5.0 AppleWebKit/537.36 (KHTML, like Gecko; compatible; ClaudeBot/1.0; +claudebot@anthropic.com)"
74.7.227.145 - - [17/Jul/2026:18:40:49 -0600] "GET /2026/07/16/kasyno-bez-weryfikacji-kyc-ktore-przeszo-moje-testy-matematyczne/?path=//proc/370334/root/proc/self/root/usr/lib/python2.7/site-packages/pip/_vendor/idna HTTP/2" 200 3599 "https://ajpartyfun.com/2026/07/16/kasyno-bez-weryfikacji-kyc-ktore-przeszo-moje-testy-matematyczne/?path=//proc/370334/root/proc/self/root/usr/lib/python2.7/site-packages/pip/_vendor" "Mozilla/5.0 AppleWebKit/537.36 (KHTML, like Gecko; compatible; GPTBot/1.4; +https://openai.com/gptbot)"
216.73.217.42 - - [17/Jul/2026:18:40:49 -0600] "GET /?fileloc=%2F%2Fusr%2Flib%2Ffirmware%2Frtlwifi%2Frtl8723aufw_B_NoBT.bin&path=%2F%2Fusr%2Flib%2Ffirmware%2Frtlwifi HTTP/2" 200 12273 "-" "Mozilla/5.0 AppleWebKit/537.36 (KHTML, like Gecko; compatible; ClaudeBot/1.0; +claudebot@anthropic.com)"
216.73.217.42 - - [17/Jul/2026:18:40:50 -0600] "GET /?fileloc=%2F%2Fusr%2Flib64%2Fguile%2F2.0%2Fccache%2Fsrfi%2Fsrfi-14.go&path=%2F%2Fusr%2Flib64%2Fguile%2F2.0%2Fccache%2Fsrfi HTTP/2" 200 3721 "-" "Mozilla/5.0 AppleWebKit/537.36 (KHTML, like Gecko; compatible; ClaudeBot/1.0; +claudebot@anthropic.com)"
216.73.217.42 - - [17/Jul/2026:18:40:50 -0600] "GET /?fileloc=%2Fhome%2Fdfwparty%2Fsantabootshop.com%2Fwp-content%2Fthemes%2Fastra%2Finc%2Flib%2Fbsf-analytics%2Fversion.json&path=%2Fhome%2Fdfwparty%2Fsantabootshop.com%2Fwp-content%2Fthemes%2Fastra%2Finc%2Flib%2Fbsf-analytics HTTP/2" 200 2594 "-" "Mozilla/5.0 AppleWebKit/537.36 (KHTML, like Gecko; compatible; ClaudeBot/1.0; +claudebot@anthropic.com)"
216.73.217.42 - - [17/Jul/2026:18:40:50 -0600] "GET /?fileloc=%2Fhome%2Fdfwparty%2Fsonicchocobliss.com%2Fwp-includes%2Fjs%2Fdist%2Fvendor%2Fwp-polyfill.min.js&path=%2Fhome%2Fdfwparty%2Fsonicchocobliss.com%2Fwp-includes%2Fjs%2Fdist%2Fvendor HTTP/2" 200 15363 "-" "Mozilla/5.0 AppleWebKit/537.36 (KHTML, like Gecko; compatible; ClaudeBot/1.0; +claudebot@anthropic.com)"
216.73.217.42 - - [17/Jul/2026:18:40:50 -0600] "GET /?fileloc=%2F%2Fusr%2Fshare%2Fzoneinfo%2FAfrica%2FNiamey&path=%2F%2Fusr%2Fshare%2Fzoneinfo%2FAfrica HTTP/2" 200 2649 "-" "Mozilla/5.0 AppleWebKit/537.36 (KHTML, like Gecko; compatible; ClaudeBot/1.0; +claudebot@anthropic.com)"
74.7.242.45 - - [17/Jul/2026:18:40:47 -0600] "GET /?fileloc=//proc/370334/root/proc/370334/root/proc/thread-self/root/proc/self/root/home/dfwparty/mail/new/1745612708.M124214P384135.node612.namehero.net,S=1821,W=1858&path=//proc/370334/root/proc/370334/root/proc/thread-self/root/proc/self/root/home/dfwparty/mail/new HTTP/2" 200 3422 "https://www.ajpartyfun.com/?path=//proc/370334/root/proc/370334/root/proc/thread-self/root/proc/self/root/home/dfwparty/mail/new" "Mozilla/5.0 AppleWebKit/537.36 (KHTML, like Gecko; compatible; GPTBot/1.4; +https://openai.com/gptbot)"
