File: //proc/370334/root/home/dfwparty/access-logs/ajpartyfun.com.dfw.party-ssl_log
74.7.227.145 - - [17/Jul/2026:18:39:39 -0600] "GET /2026/07/16/kasyno-bez-weryfikacji-kyc-ktore-przeszo-moje-testy-matematyczne/?path=//proc/370334/root/proc/self/root/usr/lib/tuned/epyc-eda HTTP/2" 200 2888 "https://ajpartyfun.com/2026/07/16/kasyno-bez-weryfikacji-kyc-ktore-przeszo-moje-testy-matematyczne/?path=//proc/370334/root/proc/self/root/usr/lib/tuned" "Mozilla/5.0 AppleWebKit/537.36 (KHTML, like Gecko; compatible; GPTBot/1.4; +https://openai.com/gptbot)"
216.73.217.42 - - [17/Jul/2026:18:39:39 -0600] "GET /?fileloc=%2F%2Fhome%2Fdfwparty%2Fcrazybubba.com%2Fwp-admin%2Fjs%2Fcode-editor.min.js&path=%2F%2Fhome%2Fdfwparty%2Fcrazybubba.com%2Fwp-admin%2Fjs HTTP/2" 200 4123 "-" "Mozilla/5.0 AppleWebKit/537.36 (KHTML, like Gecko; compatible; ClaudeBot/1.0; +claudebot@anthropic.com)"
216.73.217.42 - - [17/Jul/2026:18:39:38 -0600] "GET /?fileloc=%2Fhome%2Fdfwparty%2Fdfwblogger.com%2Fwp-includes%2FSimplePie%2Fsrc%2FHTTP%2FResponse.php&path=%2Fhome%2Fdfwparty%2Fdfwblogger.com%2Fwp-includes%2FSimplePie%2Fsrc%2FHTTP HTTP/2" 200 4494 "-" "Mozilla/5.0 AppleWebKit/537.36 (KHTML, like Gecko; compatible; ClaudeBot/1.0; +claudebot@anthropic.com)"
216.73.217.42 - - [17/Jul/2026:18:39:38 -0600] "GET /?path=%2F%2Fhome%2Fdfwparty%2F.cpanel%2Fea-php-cli%2Fcreepyforum.com HTTP/2" 200 2567 "-" "Mozilla/5.0 AppleWebKit/537.36 (KHTML, like Gecko; compatible; ClaudeBot/1.0; +claudebot@anthropic.com)"
216.73.217.42 - - [17/Jul/2026:18:39:34 -0600] "GET /?path=%2F%2Fhome%2Fdfwparty%2F.cpanel%2Fea-php-cli%2Fpartyvendorforum.com HTTP/2" 200 2827 "-" "Mozilla/5.0 AppleWebKit/537.36 (KHTML, like Gecko; compatible; ClaudeBot/1.0; +claudebot@anthropic.com)"
216.73.217.42 - - [17/Jul/2026:18:39:38 -0600] "GET /?path=%2F%2Fproc%2F370334%2Froot%2Flib%2Ffirmware%2Fene-ub6250 HTTP/2" 200 2976 "-" "Mozilla/5.0 AppleWebKit/537.36 (KHTML, like Gecko; compatible; ClaudeBot/1.0; +claudebot@anthropic.com)"
74.7.227.145 - - [17/Jul/2026:18:39:39 -0600] "GET /2026/07/16/kasyno-bez-weryfikacji-kyc-ktore-przeszo-moje-testy-matematyczne/?path=//proc/370334/root/proc/self/root/usr/lib/tuned/balanced HTTP/2" 200 2887 "https://ajpartyfun.com/2026/07/16/kasyno-bez-weryfikacji-kyc-ktore-przeszo-moje-testy-matematyczne/?path=//proc/370334/root/proc/self/root/usr/lib/tuned" "Mozilla/5.0 AppleWebKit/537.36 (KHTML, like Gecko; compatible; GPTBot/1.4; +https://openai.com/gptbot)"
216.73.217.42 - - [17/Jul/2026:18:39:39 -0600] "GET /?path=%2F%2Fhome%2Fdfwparty%2F.cpanel%2Fea-php-cli%2Fkidspartyconnection.com HTTP/2" 200 2827 "-" "Mozilla/5.0 AppleWebKit/537.36 (KHTML, like Gecko; compatible; ClaudeBot/1.0; +claudebot@anthropic.com)"
216.73.217.42 - - [17/Jul/2026:18:39:39 -0600] "GET /?path=%2F%2Fhome%2Fdfwparty%2F.cpanel%2Fea-php-cli%2Fsantadallas.com HTTP/2" 200 2823 "-" "Mozilla/5.0 AppleWebKit/537.36 (KHTML, like Gecko; compatible; ClaudeBot/1.0; +claudebot@anthropic.com)"
74.7.227.145 - - [17/Jul/2026:18:39:40 -0600] "GET /2026/07/16/kasyno-bez-weryfikacji-kyc-ktore-przeszo-moje-testy-matematyczne/?path=//proc/370334/root/proc/self/root/usr/lib/kbd/keymaps HTTP/2" 200 2894 "https://ajpartyfun.com/2026/07/16/kasyno-bez-weryfikacji-kyc-ktore-przeszo-moje-testy-matematyczne/?path=//proc/370334/root/proc/self/root/usr/lib/kbd" "Mozilla/5.0 AppleWebKit/537.36 (KHTML, like Gecko; compatible; GPTBot/1.4; +https://openai.com/gptbot)"
216.73.217.42 - - [17/Jul/2026:18:39:39 -0600] "GET /?path=%2F%2Fhome%2Fdfwparty%2F.cpanel%2Fea-php-cli%2Fdfwdigital.marketing HTTP/2" 200 2827 "-" "Mozilla/5.0 AppleWebKit/537.36 (KHTML, like Gecko; compatible; ClaudeBot/1.0; +claudebot@anthropic.com)"
216.73.217.42 - - [17/Jul/2026:18:39:40 -0600] "GET /?fileloc=%2Fhome%2Fdfwparty%2Fdfwblogger.com%2Fwp-includes%2FRequests%2Fsrc%2FException%2FHttp%2FStatus505.php&path=%2Fhome%2Fdfwparty%2Fdfwblogger.com%2Fwp-includes%2FRequests%2Fsrc%2FException%2FHttp HTTP/2" 200 2765 "-" "Mozilla/5.0 AppleWebKit/537.36 (KHTML, like Gecko; compatible; ClaudeBot/1.0; +claudebot@anthropic.com)"
216.73.217.42 - - [17/Jul/2026:18:39:39 -0600] "GET /?path=%2F%2Fproc%2F370334%2Froot%2Flib%2Ffirmware%2Fttusb-budget HTTP/2" 200 2865 "-" "Mozilla/5.0 AppleWebKit/537.36 (KHTML, like Gecko; compatible; ClaudeBot/1.0; +claudebot@anthropic.com)"
74.7.227.145 - - [17/Jul/2026:18:39:40 -0600] "GET /2026/07/16/kasyno-bez-weryfikacji-kyc-ktore-przeszo-moje-testy-matematyczne/?path=//proc/370334/root/proc/self/root/usr/lib/tuned/desktop HTTP/2" 200 2888 "https://ajpartyfun.com/2026/07/16/kasyno-bez-weryfikacji-kyc-ktore-przeszo-moje-testy-matematyczne/?path=//proc/370334/root/proc/self/root/usr/lib/tuned" "Mozilla/5.0 AppleWebKit/537.36 (KHTML, like Gecko; compatible; GPTBot/1.4; +https://openai.com/gptbot)"
216.73.217.42 - - [17/Jul/2026:18:39:34 -0600] "GET /?fileloc=%2Fhome%2Fdfwparty%2Fdfwblogger.com%2Fwp-includes%2FSimplePie%2Fsrc%2FHTTP%2FRawTextResponse.php&path=%2Fhome%2Fdfwparty%2Fdfwblogger.com%2Fwp-includes%2FSimplePie%2Fsrc%2FHTTP HTTP/2" 200 3255 "-" "Mozilla/5.0 AppleWebKit/537.36 (KHTML, like Gecko; compatible; ClaudeBot/1.0; +claudebot@anthropic.com)"
216.73.217.42 - - [17/Jul/2026:18:39:40 -0600] "GET /?path=%2F%2Fhome%2Fdfwparty%2F.cpanel%2Fea-php-cli%2Ffacepaintermarketing.com HTTP/2" 200 2577 "-" "Mozilla/5.0 AppleWebKit/537.36 (KHTML, like Gecko; compatible; ClaudeBot/1.0; +claudebot@anthropic.com)"
216.73.217.42 - - [17/Jul/2026:18:39:39 -0600] "GET /?fileloc=%2Fhome%2Fdfwparty%2Fdfwblogger.com%2Fwp-includes%2FRequests%2Fsrc%2FException%2FHttp%2FStatus408.php&path=%2Fhome%2Fdfwparty%2Fdfwblogger.com%2Fwp-includes%2FRequests%2Fsrc%2FException%2FHttp HTTP/2" 200 2751 "-" "Mozilla/5.0 AppleWebKit/537.36 (KHTML, like Gecko; compatible; ClaudeBot/1.0; +claudebot@anthropic.com)"
216.73.217.42 - - [17/Jul/2026:18:39:39 -0600] "GET /?fileloc=%2F%2Fhome%2Fdfwparty%2Fcrazybubba.com%2Fwp-includes%2Fphp-ai-client%2Fsrc%2FBuilders%2FPromptBuilder.php&path=%2F%2Fhome%2Fdfwparty%2Fcrazybubba.com%2Fwp-includes%2Fphp-ai-client%2Fsrc%2FBuilders HTTP/2" 200 12481 "-" "Mozilla/5.0 AppleWebKit/537.36 (KHTML, like Gecko; compatible; ClaudeBot/1.0; +claudebot@anthropic.com)"
216.73.217.42 - - [17/Jul/2026:18:39:41 -0600] "GET /?path=%2F%2Fhome%2Fdfwparty%2F.cpanel%2Fea-php-cli%2Ftexaspartyforum.com HTTP/2" 200 2570 "-" "Mozilla/5.0 AppleWebKit/537.36 (KHTML, like Gecko; compatible; ClaudeBot/1.0; +claudebot@anthropic.com)"
74.7.227.145 - - [17/Jul/2026:18:39:41 -0600] "GET /2026/07/16/kasyno-bez-weryfikacji-kyc-ktore-przeszo-moje-testy-matematyczne/?path=//proc/370334/root/proc/self/root/usr/lib/python3.6/site-packages/isc HTTP/2" 200 3503 "https://ajpartyfun.com/2026/07/16/kasyno-bez-weryfikacji-kyc-ktore-przeszo-moje-testy-matematyczne/?path=//proc/370334/root/proc/self/root/usr/lib/python3.6/site-packages" "Mozilla/5.0 AppleWebKit/537.36 (KHTML, like Gecko; compatible; GPTBot/1.4; +https://openai.com/gptbot)"
74.7.227.145 - - [17/Jul/2026:18:39:41 -0600] "GET /2026/07/16/kasyno-bez-weryfikacji-kyc-ktore-przeszo-moje-testy-matematyczne/?path=//proc/370334/root/proc/self/root/usr/lib/python3.6/site-packages/pytz HTTP/2" 200 3212 "https://ajpartyfun.com/2026/07/16/kasyno-bez-weryfikacji-kyc-ktore-przeszo-moje-testy-matematyczne/?path=//proc/370334/root/proc/self/root/usr/lib/python3.6/site-packages" "Mozilla/5.0 AppleWebKit/537.36 (KHTML, like Gecko; compatible; GPTBot/1.4; +https://openai.com/gptbot)"
216.73.217.42 - - [17/Jul/2026:18:39:42 -0600] "GET /?fileloc=%2Fhome%2Fdfwparty%2Fdfwblogger.com%2Fwp-includes%2FRequests%2Fsrc%2FException%2FHttp%2FStatus411.php&path=%2Fhome%2Fdfwparty%2Fdfwblogger.com%2Fwp-includes%2FRequests%2Fsrc%2FException%2FHttp HTTP/2" 200 2757 "-" "Mozilla/5.0 AppleWebKit/537.36 (KHTML, like Gecko; compatible; ClaudeBot/1.0; +claudebot@anthropic.com)"
216.73.217.42 - - [17/Jul/2026:18:39:41 -0600] "GET /?path=%2F%2Fhome%2Fdfwparty%2F.cpanel%2Fea-php-cli%2Fpartyforum.net HTTP/2" 200 2569 "-" "Mozilla/5.0 AppleWebKit/537.36 (KHTML, like Gecko; compatible; ClaudeBot/1.0; +claudebot@anthropic.com)"
74.7.242.45 - - [17/Jul/2026:18:39:39 -0600] "GET /?fileloc=//proc/370334/root/proc/370334/root/proc/thread-self/root/proc/self/root/home/dfwparty/mail/new/1745699361.M2071P1156793.node612.namehero.net,S=2985,W=3062&path=//proc/370334/root/proc/370334/root/proc/thread-self/root/proc/self/root/home/dfwparty/mail/new HTTP/2" 200 3765 "https://www.ajpartyfun.com/?path=//proc/370334/root/proc/370334/root/proc/thread-self/root/proc/self/root/home/dfwparty/mail/new" "Mozilla/5.0 AppleWebKit/537.36 (KHTML, like Gecko; compatible; GPTBot/1.4; +https://openai.com/gptbot)"
74.7.242.45 - - [17/Jul/2026:18:39:39 -0600] "GET /?fileloc=//proc/370334/root/proc/370334/root/proc/thread-self/root/proc/self/root/home/dfwparty/mail/new/1745828195.M701384P2270277.node612.namehero.net,S=2982,W=3059&path=//proc/370334/root/proc/370334/root/proc/thread-self/root/proc/self/root/home/dfwparty/mail/new HTTP/2" 200 3770 "https://www.ajpartyfun.com/?path=//proc/370334/root/proc/370334/root/proc/thread-self/root/proc/self/root/home/dfwparty/mail/new" "Mozilla/5.0 AppleWebKit/537.36 (KHTML, like Gecko; compatible; GPTBot/1.4; +https://openai.com/gptbot)"
74.7.242.45 - - [17/Jul/2026:18:39:40 -0600] "GET /?fileloc=//proc/370334/root/proc/370334/root/proc/thread-self/root/proc/self/root/home/dfwparty/mail/new/1745651909.M898955P354592.node612.namehero.net,S=1878,W=1917&path=//proc/370334/root/proc/370334/root/proc/thread-self/root/proc/self/root/home/dfwparty/mail/new HTTP/2" 200 3425 "https://www.ajpartyfun.com/?path=//proc/370334/root/proc/370334/root/proc/thread-self/root/proc/self/root/home/dfwparty/mail/new" "Mozilla/5.0 AppleWebKit/537.36 (KHTML, like Gecko; compatible; GPTBot/1.4; +https://openai.com/gptbot)"
74.7.242.45 - - [17/Jul/2026:18:39:40 -0600] "GET /?fileloc=//proc/370334/root/proc/370334/root/proc/thread-self/root/proc/self/root/home/dfwparty/mail/new/1750139679.M749581P1080928.node612.namehero.net,S=2893,W=2970&path=//proc/370334/root/proc/370334/root/proc/thread-self/root/proc/self/root/home/dfwparty/mail/new HTTP/2" 200 3783 "https://www.ajpartyfun.com/?path=//proc/370334/root/proc/370334/root/proc/thread-self/root/proc/self/root/home/dfwparty/mail/new" "Mozilla/5.0 AppleWebKit/537.36 (KHTML, like Gecko; compatible; GPTBot/1.4; +https://openai.com/gptbot)"
74.7.242.45 - - [17/Jul/2026:18:39:41 -0600] "GET /?fileloc=//proc/370334/root/proc/370334/root/proc/thread-self/root/proc/self/root/home/dfwparty/mail/new/1735299710.M612865P3661844.node612.namehero.net,S=3067,W=3145&path=//proc/370334/root/proc/370334/root/proc/thread-self/root/proc/self/root/home/dfwparty/mail/new HTTP/2" 200 3811 "https://www.ajpartyfun.com/?path=//proc/370334/root/proc/370334/root/proc/thread-self/root/proc/self/root/home/dfwparty/mail/new" "Mozilla/5.0 AppleWebKit/537.36 (KHTML, like Gecko; compatible; GPTBot/1.4; +https://openai.com/gptbot)"
74.7.242.45 - - [17/Jul/2026:18:39:41 -0600] "GET /?fileloc=//proc/370334/root/proc/370334/root/proc/thread-self/root/proc/self/root/home/dfwparty/mail/new/1715266559.M988177P1592059.node612.namehero.net,S=1369,W=1404&path=//proc/370334/root/proc/370334/root/proc/thread-self/root/proc/self/root/home/dfwparty/mail/new HTTP/2" 200 3175 "https://www.ajpartyfun.com/?path=//proc/370334/root/proc/370334/root/proc/thread-self/root/proc/self/root/home/dfwparty/mail/new" "Mozilla/5.0 AppleWebKit/537.36 (KHTML, like Gecko; compatible; GPTBot/1.4; +https://openai.com/gptbot)"
74.7.242.45 - - [17/Jul/2026:18:39:42 -0600] "GET /?fileloc=//proc/370334/root/proc/370334/root/proc/thread-self/root/proc/self/root/home/dfwparty/mail/new/1759912107.M483903P3628047.node612.namehero.net,S=2978,W=3055&path=//proc/370334/root/proc/370334/root/proc/thread-self/root/proc/self/root/home/dfwparty/mail/new HTTP/2" 200 3773 "https://www.ajpartyfun.com/?path=//proc/370334/root/proc/370334/root/proc/thread-self/root/proc/self/root/home/dfwparty/mail/new" "Mozilla/5.0 AppleWebKit/537.36 (KHTML, like Gecko; compatible; GPTBot/1.4; +https://openai.com/gptbot)"
216.73.217.42 - - [17/Jul/2026:18:39:42 -0600] "GET /?fileloc=%2F%2Fhome%2Fdfwparty%2Fcrazybubba.com%2Fwp-includes%2Fjs%2Ftinymce%2Fplugins%2Ffullscreen%2Fplugin.js&path=%2F%2Fhome%2Fdfwparty%2Fcrazybubba.com%2Fwp-includes%2Fjs%2Ftinymce%2Fplugins%2Ffullscreen HTTP/2" 200 4027 "-" "Mozilla/5.0 AppleWebKit/537.36 (KHTML, like Gecko; compatible; ClaudeBot/1.0; +claudebot@anthropic.com)"
216.73.217.42 - - [17/Jul/2026:18:39:41 -0600] "GET /?fileloc=%2Fhome%2Fdfwparty%2Fdfwblogger.com%2Fwp-includes%2FRequests%2Fsrc%2FException%2FHttp%2FStatus415.php&path=%2Fhome%2Fdfwparty%2Fdfwblogger.com%2Fwp-includes%2FRequests%2Fsrc%2FException%2FHttp HTTP/2" 200 2760 "-" "Mozilla/5.0 AppleWebKit/537.36 (KHTML, like Gecko; compatible; ClaudeBot/1.0; +claudebot@anthropic.com)"
216.73.217.42 - - [17/Jul/2026:18:39:41 -0600] "GET /?path=%2F%2Fhome%2Fdfwparty%2F.cpanel%2Fea-php-cli%2Fcreepytopten.com HTTP/2" 200 2571 "-" "Mozilla/5.0 AppleWebKit/537.36 (KHTML, like Gecko; compatible; ClaudeBot/1.0; +claudebot@anthropic.com)"
74.7.227.145 - - [17/Jul/2026:18:39:42 -0600] "GET /2026/07/16/kasyno-bez-weryfikacji-kyc-ktore-przeszo-moje-testy-matematyczne/?path=//proc/370334/root/proc/self/root/usr/lib/python2.7/site-packages/setuptools HTTP/2" 200 5494 "https://ajpartyfun.com/2026/07/16/kasyno-bez-weryfikacji-kyc-ktore-przeszo-moje-testy-matematyczne/?path=//proc/370334/root/proc/self/root/usr/lib/python2.7/site-packages" "Mozilla/5.0 AppleWebKit/537.36 (KHTML, like Gecko; compatible; GPTBot/1.4; +https://openai.com/gptbot)"
74.7.227.145 - - [17/Jul/2026:18:39:42 -0600] "GET /2026/07/16/kasyno-bez-weryfikacji-kyc-ktore-przeszo-moje-testy-matematyczne/?path=//proc/370334/root/proc/self/root/usr/lib/python3.6/site-packages/babel/locale-data HTTP/2" 200 22876 "https://ajpartyfun.com/2026/07/16/kasyno-bez-weryfikacji-kyc-ktore-przeszo-moje-testy-matematyczne/?path=//proc/370334/root/proc/self/root/usr/lib/python3.6/site-packages/babel" "Mozilla/5.0 AppleWebKit/537.36 (KHTML, like Gecko; compatible; GPTBot/1.4; +https://openai.com/gptbot)"
216.73.217.42 - - [17/Jul/2026:18:39:41 -0600] "GET /?fileloc=%2Fhome%2Fdfwparty%2Fdfwblogger.com%2Fwp-includes%2FRequests%2Fsrc%2FException%2FHttp%2FStatus500.php&path=%2Fhome%2Fdfwparty%2Fdfwblogger.com%2Fwp-includes%2FRequests%2Fsrc%2FException%2FHttp HTTP/2" 200 2757 "-" "Mozilla/5.0 AppleWebKit/537.36 (KHTML, like Gecko; compatible; ClaudeBot/1.0; +claudebot@anthropic.com)"
216.73.217.42 - - [17/Jul/2026:18:39:42 -0600] "GET /?path=%2F%2Fproc%2F370334%2Froot%2Flib%2Ffirmware%2Fmyricom HTTP/2" 200 2858 "-" "Mozilla/5.0 AppleWebKit/537.36 (KHTML, like Gecko; compatible; ClaudeBot/1.0; +claudebot@anthropic.com)"
216.73.217.42 - - [17/Jul/2026:18:39:42 -0600] "GET /?fileloc=%2Fhome%2Fdfwparty%2Fdfwblogger.com%2Fwp-includes%2FRequests%2Fsrc%2FException%2FHttp%2FStatus305.php&path=%2Fhome%2Fdfwparty%2Fdfwblogger.com%2Fwp-includes%2FRequests%2Fsrc%2FException%2FHttp HTTP/2" 200 2756 "-" "Mozilla/5.0 AppleWebKit/537.36 (KHTML, like Gecko; compatible; ClaudeBot/1.0; +claudebot@anthropic.com)"
216.73.217.42 - - [17/Jul/2026:18:39:42 -0600] "GET /?fileloc=%2Fhome%2Fdfwparty%2Fdfwblogger.com%2Fwp-includes%2FRequests%2Fsrc%2FException%2FHttp%2FStatus417.php&path=%2Fhome%2Fdfwparty%2Fdfwblogger.com%2Fwp-includes%2FRequests%2Fsrc%2FException%2FHttp HTTP/2" 200 2760 "-" "Mozilla/5.0 AppleWebKit/537.36 (KHTML, like Gecko; compatible; ClaudeBot/1.0; +claudebot@anthropic.com)"
216.73.217.42 - - [17/Jul/2026:18:39:42 -0600] "GET /?fileloc=%2Fhome%2Fdfwparty%2Fdfwblogger.com%2Fwp-includes%2FRequests%2Fsrc%2FException%2FHttp%2FStatus502.php&path=%2Fhome%2Fdfwparty%2Fdfwblogger.com%2Fwp-includes%2FRequests%2Fsrc%2FException%2FHttp HTTP/2" 200 2758 "-" "Mozilla/5.0 AppleWebKit/537.36 (KHTML, like Gecko; compatible; ClaudeBot/1.0; +claudebot@anthropic.com)"
74.7.227.145 - - [17/Jul/2026:18:39:43 -0600] "GET /2026/07/16/kasyno-bez-weryfikacji-kyc-ktore-przeszo-moje-testy-matematyczne/?path=//proc/370334/root/proc/self/root/usr/lib/python3.6/site-packages/OpenSSL/__pycache__ HTTP/2" 200 3410 "https://ajpartyfun.com/2026/07/16/kasyno-bez-weryfikacji-kyc-ktore-przeszo-moje-testy-matematyczne/?path=//proc/370334/root/proc/self/root/usr/lib/python3.6/site-packages/OpenSSL" "Mozilla/5.0 AppleWebKit/537.36 (KHTML, like Gecko; compatible; GPTBot/1.4; +https://openai.com/gptbot)"
74.7.227.145 - - [17/Jul/2026:18:39:43 -0600] "GET /2026/07/16/kasyno-bez-weryfikacji-kyc-ktore-przeszo-moje-testy-matematyczne/?path=//proc/370334/root/proc/self/root/usr/lib/python3.6/site-packages/jsonschema HTTP/2" 200 3456 "https://ajpartyfun.com/2026/07/16/kasyno-bez-weryfikacji-kyc-ktore-przeszo-moje-testy-matematyczne/?path=//proc/370334/root/proc/self/root/usr/lib/python3.6/site-packages" "Mozilla/5.0 AppleWebKit/537.36 (KHTML, like Gecko; compatible; GPTBot/1.4; +https://openai.com/gptbot)"
216.73.217.42 - - [17/Jul/2026:18:39:43 -0600] "GET /?fileloc=%2Fhome%2Fdfwparty%2Fdfwblogger.com%2Fwp-includes%2FRequests%2Fsrc%2FException%2FHttp%2FStatus431.php&path=%2Fhome%2Fdfwparty%2Fdfwblogger.com%2Fwp-includes%2FRequests%2Fsrc%2FException%2FHttp HTTP/2" 200 2788 "-" "Mozilla/5.0 AppleWebKit/537.36 (KHTML, like Gecko; compatible; ClaudeBot/1.0; +claudebot@anthropic.com)"
216.73.217.42 - - [17/Jul/2026:18:39:42 -0600] "GET /?fileloc=%2Fhome%2Fdfwparty%2Fdfwblogger.com%2Fwp-includes%2FRequests%2Fsrc%2FException%2FHttp%2FStatus304.php&path=%2Fhome%2Fdfwparty%2Fdfwblogger.com%2Fwp-includes%2FRequests%2Fsrc%2FException%2FHttp HTTP/2" 200 2759 "-" "Mozilla/5.0 AppleWebKit/537.36 (KHTML, like Gecko; compatible; ClaudeBot/1.0; +claudebot@anthropic.com)"
216.73.217.42 - - [17/Jul/2026:18:39:42 -0600] "GET /?fileloc=%2Fhome%2Fdfwparty%2Fdfwblogger.com%2Fwp-includes%2FRequests%2Fsrc%2FException%2FHttp%2FStatus416.php&path=%2Fhome%2Fdfwparty%2Fdfwblogger.com%2Fwp-includes%2FRequests%2Fsrc%2FException%2FHttp HTTP/2" 200 2765 "-" "Mozilla/5.0 AppleWebKit/537.36 (KHTML, like Gecko; compatible; ClaudeBot/1.0; +claudebot@anthropic.com)"
216.73.217.42 - - [17/Jul/2026:18:39:42 -0600] "GET /?path=%2F%2Fhome%2Fdfwparty%2F.cpanel%2Fea-php-cli%2Fdfw.money HTTP/2" 200 2818 "-" "Mozilla/5.0 AppleWebKit/537.36 (KHTML, like Gecko; compatible; ClaudeBot/1.0; +claudebot@anthropic.com)"
216.73.217.42 - - [17/Jul/2026:18:39:43 -0600] "GET /?path=%2F%2Fhome%2Fdfwparty%2F.cpanel%2Fea-php-cli%2Fpartyvendors.net HTTP/2" 200 2568 "-" "Mozilla/5.0 AppleWebKit/537.36 (KHTML, like Gecko; compatible; ClaudeBot/1.0; +claudebot@anthropic.com)"
74.7.227.145 - - [17/Jul/2026:18:39:44 -0600] "GET /2026/07/16/kasyno-bez-weryfikacji-kyc-ktore-przeszo-moje-testy-matematyczne/?fileloc=//proc/370334/root/proc/self/root/usr/lib/gcc/x86_64-redhat-linux/8/include/cpuid.h&path=//proc/370334/root/proc/self/root/usr/lib/gcc/x86_64-redhat-linux/8/include HTTP/2" 200 5571 "https://ajpartyfun.com/2026/07/16/kasyno-bez-weryfikacji-kyc-ktore-przeszo-moje-testy-matematyczne/?path=//proc/370334/root/proc/self/root/usr/lib/gcc/x86_64-redhat-linux/8/include" "Mozilla/5.0 AppleWebKit/537.36 (KHTML, like Gecko; compatible; GPTBot/1.4; +https://openai.com/gptbot)"
216.73.217.42 - - [17/Jul/2026:18:39:35 -0600] "GET /?fileloc=%2Fhome%2Fdfwparty%2Fmattymcfun.com%2Fwp-includes%2Fblock-patterns%2Fquery-standard-posts.php&path=%2Fhome%2Fdfwparty%2Fmattymcfun.com%2Fwp-includes%2Fblock-patterns HTTP/2" 200 0 "-" "Mozilla/5.0 AppleWebKit/537.36 (KHTML, like Gecko; compatible; ClaudeBot/1.0; +claudebot@anthropic.com)"
216.73.217.42 - - [17/Jul/2026:18:39:35 -0600] "GET /?fileloc=%2Fhome%2Fdfwparty%2Fmattymcfun.com%2Fwp-includes%2Fblock-patterns%2Fquery-large-title-posts.php&path=%2Fhome%2Fdfwparty%2Fmattymcfun.com%2Fwp-includes%2Fblock-patterns HTTP/2" 200 0 "-" "Mozilla/5.0 AppleWebKit/537.36 (KHTML, like Gecko; compatible; ClaudeBot/1.0; +claudebot@anthropic.com)"
74.7.227.145 - - [17/Jul/2026:18:39:44 -0600] "GET /2026/07/16/kasyno-bez-weryfikacji-kyc-ktore-przeszo-moje-testy-matematyczne/?fileloc=//proc/370334/root/proc/self/root/usr/lib/gcc/x86_64-redhat-linux/8/include/gcov.h&path=//proc/370334/root/proc/self/root/usr/lib/gcc/x86_64-redhat-linux/8/include HTTP/2" 200 3264 "https://ajpartyfun.com/2026/07/16/kasyno-bez-weryfikacji-kyc-ktore-przeszo-moje-testy-matematyczne/?path=//proc/370334/root/proc/self/root/usr/lib/gcc/x86_64-redhat-linux/8/include" "Mozilla/5.0 AppleWebKit/537.36 (KHTML, like Gecko; compatible; GPTBot/1.4; +https://openai.com/gptbot)"
216.73.217.42 - - [17/Jul/2026:18:39:43 -0600] "GET /?fileloc=%2Fhome%2Fdfwparty%2Fdfwblogger.com%2Fwp-includes%2FRequests%2Fsrc%2FException%2FHttp%2FStatus407.php&path=%2Fhome%2Fdfwparty%2Fdfwblogger.com%2Fwp-includes%2FRequests%2Fsrc%2FException%2FHttp HTTP/2" 200 2773 "-" "Mozilla/5.0 AppleWebKit/537.36 (KHTML, like Gecko; compatible; ClaudeBot/1.0; +claudebot@anthropic.com)"
216.73.217.42 - - [17/Jul/2026:18:39:43 -0600] "GET /?fileloc=%2Fhome%2Fdfwparty%2Fdfwblogger.com%2Fwp-includes%2FRequests%2Fsrc%2FException%2FHttp%2FStatus501.php&path=%2Fhome%2Fdfwparty%2Fdfwblogger.com%2Fwp-includes%2FRequests%2Fsrc%2FException%2FHttp HTTP/2" 200 2754 "-" "Mozilla/5.0 AppleWebKit/537.36 (KHTML, like Gecko; compatible; ClaudeBot/1.0; +claudebot@anthropic.com)"
216.73.217.42 - - [17/Jul/2026:18:39:44 -0600] "GET /?fileloc=%2Fhome%2Fdfwparty%2Fdfwblogger.com%2Fwp-includes%2FRequests%2Fsrc%2FException%2FHttp%2FStatus402.php&path=%2Fhome%2Fdfwparty%2Fdfwblogger.com%2Fwp-includes%2FRequests%2Fsrc%2FException%2FHttp HTTP/2" 200 2759 "-" "Mozilla/5.0 AppleWebKit/537.36 (KHTML, like Gecko; compatible; ClaudeBot/1.0; +claudebot@anthropic.com)"
216.73.217.42 - - [17/Jul/2026:18:39:44 -0600] "GET /?fileloc=%2Fhome%2Fdfwparty%2Fmattymcfun.com%2Fwp-includes%2Fblock-patterns%2Fquery-small-posts.php&path=%2Fhome%2Fdfwparty%2Fmattymcfun.com%2Fwp-includes%2Fblock-patterns HTTP/2" 200 2995 "-" "Mozilla/5.0 AppleWebKit/537.36 (KHTML, like Gecko; compatible; ClaudeBot/1.0; +claudebot@anthropic.com)"
216.73.217.42 - - [17/Jul/2026:18:39:43 -0600] "GET /?fileloc=%2Fhome%2Fdfwparty%2Fdfwblogger.com%2Fwp-includes%2FRequests%2Fsrc%2FException%2FHttp%2FStatus400.php&path=%2Fhome%2Fdfwparty%2Fdfwblogger.com%2Fwp-includes%2FRequests%2Fsrc%2FException%2FHttp HTTP/2" 200 2751 "-" "Mozilla/5.0 AppleWebKit/537.36 (KHTML, like Gecko; compatible; ClaudeBot/1.0; +claudebot@anthropic.com)"
74.7.227.145 - - [17/Jul/2026:18:39:45 -0600] "GET /2026/07/16/kasyno-bez-weryfikacji-kyc-ktore-przeszo-moje-testy-matematyczne/?path=//proc/370334/root/proc/self/root/usr/lib/gcc/x86_64-redhat-linux/8/include/sanitizer HTTP/2" 200 3070 "https://ajpartyfun.com/2026/07/16/kasyno-bez-weryfikacji-kyc-ktore-przeszo-moje-testy-matematyczne/?path=//proc/370334/root/proc/self/root/usr/lib/gcc/x86_64-redhat-linux/8/include" "Mozilla/5.0 AppleWebKit/537.36 (KHTML, like Gecko; compatible; GPTBot/1.4; +https://openai.com/gptbot)"
74.7.227.145 - - [17/Jul/2026:18:39:46 -0600] "GET /2026/07/16/kasyno-bez-weryfikacji-kyc-ktore-przeszo-moje-testy-matematyczne/?path=//proc/370334/root/proc/self/root/usr/lib/python3.6/site-packages/setuptools HTTP/2" 200 4261 "https://ajpartyfun.com/2026/07/16/kasyno-bez-weryfikacji-kyc-ktore-przeszo-moje-testy-matematyczne/?path=//proc/370334/root/proc/self/root/usr/lib/python3.6/site-packages" "Mozilla/5.0 AppleWebKit/537.36 (KHTML, like Gecko; compatible; GPTBot/1.4; +https://openai.com/gptbot)"
216.73.217.42 - - [17/Jul/2026:18:39:44 -0600] "GET /?fileloc=%2Fhome%2Fdfwparty%2Fdfwblogger.com%2Fwp-includes%2FRequests%2Fsrc%2FException%2FHttp%2FStatus404.php&path=%2Fhome%2Fdfwparty%2Fdfwblogger.com%2Fwp-includes%2FRequests%2Fsrc%2FException%2FHttp HTTP/2" 200 2756 "-" "Mozilla/5.0 AppleWebKit/537.36 (KHTML, like Gecko; compatible; ClaudeBot/1.0; +claudebot@anthropic.com)"
74.7.242.45 - - [17/Jul/2026:18:39:42 -0600] "GET /?fileloc=//proc/370334/root/proc/370334/root/proc/thread-self/root/proc/self/root/home/dfwparty/mail/new/1746475893.M402255P232714.node612.namehero.net,S=2973,W=3050&path=//proc/370334/root/proc/370334/root/proc/thread-self/root/proc/self/root/home/dfwparty/mail/new HTTP/2" 200 3764 "https://www.ajpartyfun.com/?path=//proc/370334/root/proc/370334/root/proc/thread-self/root/proc/self/root/home/dfwparty/mail/new" "Mozilla/5.0 AppleWebKit/537.36 (KHTML, like Gecko; compatible; GPTBot/1.4; +https://openai.com/gptbot)"
74.7.242.45 - - [17/Jul/2026:18:39:43 -0600] "GET /?fileloc=//proc/370334/root/proc/370334/root/proc/thread-self/root/proc/self/root/home/dfwparty/mail/new/1743952171.M426358P2309834.node612.namehero.net,S=3318,W=3400&path=//proc/370334/root/proc/370334/root/proc/thread-self/root/proc/self/root/home/dfwparty/mail/new HTTP/2" 200 3915 "https://www.ajpartyfun.com/?path=//proc/370334/root/proc/370334/root/proc/thread-self/root/proc/self/root/home/dfwparty/mail/new" "Mozilla/5.0 AppleWebKit/537.36 (KHTML, like Gecko; compatible; GPTBot/1.4; +https://openai.com/gptbot)"
74.7.242.45 - - [17/Jul/2026:18:39:43 -0600] "GET /?fileloc=//proc/370334/root/proc/370334/root/proc/thread-self/root/proc/self/root/home/dfwparty/mail/new/1741932082.M971402P3317083.node612.namehero.net,S=2795,W=2872&path=//proc/370334/root/proc/370334/root/proc/thread-self/root/proc/self/root/home/dfwparty/mail/new HTTP/2" 200 3720 "https://www.ajpartyfun.com/?path=//proc/370334/root/proc/370334/root/proc/thread-self/root/proc/self/root/home/dfwparty/mail/new" "Mozilla/5.0 AppleWebKit/537.36 (KHTML, like Gecko; compatible; GPTBot/1.4; +https://openai.com/gptbot)"
74.7.242.45 - - [17/Jul/2026:18:39:44 -0600] "GET /?fileloc=//proc/370334/root/proc/370334/root/proc/thread-self/root/proc/self/root/home/dfwparty/mail/new/1738657025.M197863P2270630.node612.namehero.net,S=3069,W=3147&path=//proc/370334/root/proc/370334/root/proc/thread-self/root/proc/self/root/home/dfwparty/mail/new HTTP/2" 200 3800 "https://www.ajpartyfun.com/?path=//proc/370334/root/proc/370334/root/proc/thread-self/root/proc/self/root/home/dfwparty/mail/new" "Mozilla/5.0 AppleWebKit/537.36 (KHTML, like Gecko; compatible; GPTBot/1.4; +https://openai.com/gptbot)"
74.7.242.45 - - [17/Jul/2026:18:39:45 -0600] "GET /?fileloc=//proc/370334/root/proc/370334/root/proc/thread-self/root/proc/self/root/home/dfwparty/mail/new/1735152640.M826831P582606.node612.namehero.net,S=3069,W=3145&path=//proc/370334/root/proc/370334/root/proc/thread-self/root/proc/self/root/home/dfwparty/mail/new HTTP/2" 200 3779 "https://www.ajpartyfun.com/?path=//proc/370334/root/proc/370334/root/proc/thread-self/root/proc/self/root/home/dfwparty/mail/new" "Mozilla/5.0 AppleWebKit/537.36 (KHTML, like Gecko; compatible; GPTBot/1.4; +https://openai.com/gptbot)"
74.7.242.45 - - [17/Jul/2026:18:39:45 -0600] "GET /?fileloc=//proc/370334/root/proc/370334/root/proc/thread-self/root/proc/self/root/home/dfwparty/mail/new/1745350524.M658180P1702717.node612.namehero.net,S=1903,W=1942&path=//proc/370334/root/proc/370334/root/proc/thread-self/root/proc/self/root/home/dfwparty/mail/new HTTP/2" 200 3432 "https://www.ajpartyfun.com/?path=//proc/370334/root/proc/370334/root/proc/thread-self/root/proc/self/root/home/dfwparty/mail/new" "Mozilla/5.0 AppleWebKit/537.36 (KHTML, like Gecko; compatible; GPTBot/1.4; +https://openai.com/gptbot)"
74.7.242.45 - - [17/Jul/2026:18:39:46 -0600] "GET /?fileloc=//proc/370334/root/proc/370334/root/proc/thread-self/root/proc/self/root/home/dfwparty/mail/new/1735170948.M461434P2519634.node612.namehero.net,S=3064,W=3142&path=//proc/370334/root/proc/370334/root/proc/thread-self/root/proc/self/root/home/dfwparty/mail/new HTTP/2" 200 3812 "https://www.ajpartyfun.com/?path=//proc/370334/root/proc/370334/root/proc/thread-self/root/proc/self/root/home/dfwparty/mail/new" "Mozilla/5.0 AppleWebKit/537.36 (KHTML, like Gecko; compatible; GPTBot/1.4; +https://openai.com/gptbot)"
216.73.217.42 - - [17/Jul/2026:18:39:44 -0600] "GET /?fileloc=%2Fhome%2Fdfwparty%2Fdfwblogger.com%2Fwp-includes%2FSimplePie%2Fsrc%2FHTTP%2FParser.php&path=%2Fhome%2Fdfwparty%2Fdfwblogger.com%2Fwp-includes%2FSimplePie%2Fsrc%2FHTTP HTTP/2" 200 5983 "-" "Mozilla/5.0 AppleWebKit/537.36 (KHTML, like Gecko; compatible; ClaudeBot/1.0; +claudebot@anthropic.com)"
216.73.217.42 - - [17/Jul/2026:18:39:44 -0600] "GET /?path=%2F%2Fhome%2Fdfwparty%2F.cpanel%2Fea-php-cli%2Fpartyvendormarketing.com HTTP/2" 200 2832 "-" "Mozilla/5.0 AppleWebKit/537.36 (KHTML, like Gecko; compatible; ClaudeBot/1.0; +claudebot@anthropic.com)"
216.73.217.42 - - [17/Jul/2026:18:39:45 -0600] "GET /?fileloc=%2Fhome%2Fdfwparty%2Fdfwblogger.com%2Fwp-includes%2FRequests%2Fsrc%2FException%2FHttp%2FStatus405.php&path=%2Fhome%2Fdfwparty%2Fdfwblogger.com%2Fwp-includes%2FRequests%2Fsrc%2FException%2FHttp HTTP/2" 200 2762 "-" "Mozilla/5.0 AppleWebKit/537.36 (KHTML, like Gecko; compatible; ClaudeBot/1.0; +claudebot@anthropic.com)"
216.73.217.42 - - [17/Jul/2026:18:39:45 -0600] "GET /?fileloc=%2Fhome%2Fdfwparty%2Fdfwblogger.com%2Fwp-includes%2FRequests%2Fsrc%2FException%2FHttp%2FStatus410.php&path=%2Fhome%2Fdfwparty%2Fdfwblogger.com%2Fwp-includes%2FRequests%2Fsrc%2FException%2FHttp HTTP/2" 200 2749 "-" "Mozilla/5.0 AppleWebKit/537.36 (KHTML, like Gecko; compatible; ClaudeBot/1.0; +claudebot@anthropic.com)"
74.7.227.145 - - [17/Jul/2026:18:39:46 -0600] "GET /2026/07/16/kasyno-bez-weryfikacji-kyc-ktore-przeszo-moje-testy-matematyczne/?path=//proc/370334/root/proc/self/root/usr/lib/python3.6/site-packages/tracer HTTP/2" 200 3349 "https://ajpartyfun.com/2026/07/16/kasyno-bez-weryfikacji-kyc-ktore-przeszo-moje-testy-matematyczne/?path=//proc/370334/root/proc/self/root/usr/lib/python3.6/site-packages" "Mozilla/5.0 AppleWebKit/537.36 (KHTML, like Gecko; compatible; GPTBot/1.4; +https://openai.com/gptbot)"
216.73.217.42 - - [17/Jul/2026:18:39:46 -0600] "GET /?fileloc=%2Fhome%2Fdfwparty%2Fdfwblogger.com%2Fwp-includes%2FRequests%2Fsrc%2FException%2FHttp%2FStatus429.php&path=%2Fhome%2Fdfwparty%2Fdfwblogger.com%2Fwp-includes%2FRequests%2Fsrc%2FException%2FHttp HTTP/2" 200 2804 "-" "Mozilla/5.0 AppleWebKit/537.36 (KHTML, like Gecko; compatible; ClaudeBot/1.0; +claudebot@anthropic.com)"
216.73.217.42 - - [17/Jul/2026:18:39:45 -0600] "GET /?path=%2F%2Fusr%2Fshare%2Flocale%2Fbg%2FLC_MESSAGES HTTP/2" 200 4618 "-" "Mozilla/5.0 AppleWebKit/537.36 (KHTML, like Gecko; compatible; ClaudeBot/1.0; +claudebot@anthropic.com)"
216.73.217.42 - - [17/Jul/2026:18:39:45 -0600] "GET /?fileloc=%2Fhome%2Fdfwparty%2Fdfwblogger.com%2Fwp-includes%2FRequests%2Fsrc%2FException%2FHttp%2FStatus418.php&path=%2Fhome%2Fdfwparty%2Fdfwblogger.com%2Fwp-includes%2FRequests%2Fsrc%2FException%2FHttp HTTP/2" 200 2784 "-" "Mozilla/5.0 AppleWebKit/537.36 (KHTML, like Gecko; compatible; ClaudeBot/1.0; +claudebot@anthropic.com)"
216.73.217.42 - - [17/Jul/2026:18:39:45 -0600] "GET /?fileloc=%2Fhome%2Fdfwparty%2Fdfwblogger.com%2Fwp-includes%2FRequests%2Fsrc%2FException%2FHttp%2FStatus414.php&path=%2Fhome%2Fdfwparty%2Fdfwblogger.com%2Fwp-includes%2FRequests%2Fsrc%2FException%2FHttp HTTP/2" 200 2759 "-" "Mozilla/5.0 AppleWebKit/537.36 (KHTML, like Gecko; compatible; ClaudeBot/1.0; +claudebot@anthropic.com)"
216.73.217.42 - - [17/Jul/2026:18:39:45 -0600] "GET /?fileloc=%2Fhome%2Fdfwparty%2Fmattymcfun.com%2Fwp-includes%2Fblock-patterns%2Fquery-grid-posts.php&path=%2Fhome%2Fdfwparty%2Fmattymcfun.com%2Fwp-includes%2Fblock-patterns HTTP/2" 200 3010 "-" "Mozilla/5.0 AppleWebKit/537.36 (KHTML, like Gecko; compatible; ClaudeBot/1.0; +claudebot@anthropic.com)"
74.7.227.145 - - [17/Jul/2026:18:39:47 -0600] "GET /2026/07/16/kasyno-bez-weryfikacji-kyc-ktore-przeszo-moje-testy-matematyczne/?path=//proc/370334/root/proc/self/root/usr/lib/python3.6/site-packages/iotop HTTP/2" 200 3280 "https://ajpartyfun.com/2026/07/16/kasyno-bez-weryfikacji-kyc-ktore-przeszo-moje-testy-matematyczne/?path=//proc/370334/root/proc/self/root/usr/lib/python3.6/site-packages" "Mozilla/5.0 AppleWebKit/537.36 (KHTML, like Gecko; compatible; GPTBot/1.4; +https://openai.com/gptbot)"
74.7.227.145 - - [17/Jul/2026:18:39:48 -0600] "GET /2026/07/16/kasyno-bez-weryfikacji-kyc-ktore-przeszo-moje-testy-matematyczne/?path=//proc/370334/root/proc/self/root/usr/lib/python3.6/site-packages/rhn HTTP/2" 200 3223 "https://ajpartyfun.com/2026/07/16/kasyno-bez-weryfikacji-kyc-ktore-przeszo-moje-testy-matematyczne/?path=//proc/370334/root/proc/self/root/usr/lib/python3.6/site-packages" "Mozilla/5.0 AppleWebKit/537.36 (KHTML, like Gecko; compatible; GPTBot/1.4; +https://openai.com/gptbot)"
216.73.217.42 - - [17/Jul/2026:18:39:48 -0600] "GET /?fileloc=%2Fhome%2Fdfwparty%2Fdfwblogger.com%2Fwp-includes%2FRequests%2Fsrc%2FException%2FHttp%2FStatus412.php&path=%2Fhome%2Fdfwparty%2Fdfwblogger.com%2Fwp-includes%2FRequests%2Fsrc%2FException%2FHttp HTTP/2" 200 2760 "-" "Mozilla/5.0 AppleWebKit/537.36 (KHTML, like Gecko; compatible; ClaudeBot/1.0; +claudebot@anthropic.com)"
216.73.217.42 - - [17/Jul/2026:18:39:47 -0600] "GET /?fileloc=%2Fhome%2Fdfwparty%2Fdfwblogger.com%2Fwp-includes%2FRequests%2Fsrc%2FException%2FHttp%2FStatus503.php&path=%2Fhome%2Fdfwparty%2Fdfwblogger.com%2Fwp-includes%2FRequests%2Fsrc%2FException%2FHttp HTTP/2" 200 2757 "-" "Mozilla/5.0 AppleWebKit/537.36 (KHTML, like Gecko; compatible; ClaudeBot/1.0; +claudebot@anthropic.com)"
216.73.217.42 - - [17/Jul/2026:18:39:47 -0600] "GET /?path=%2F%2Fhome%2Fdfwparty%2F.cpanel%2Fea-php-cli%2Fdfw.motorcycles HTTP/2" 200 2824 "-" "Mozilla/5.0 AppleWebKit/537.36 (KHTML, like Gecko; compatible; ClaudeBot/1.0; +claudebot@anthropic.com)"
216.73.217.42 - - [17/Jul/2026:18:39:47 -0600] "GET /?fileloc=%2Fhome%2Fdfwparty%2Fdfwblogger.com%2Fwp-includes%2FSimplePie%2Fsrc%2FHTTP%2FFileClient.php&path=%2Fhome%2Fdfwparty%2Fdfwblogger.com%2Fwp-includes%2FSimplePie%2Fsrc%2FHTTP HTTP/2" 200 3452 "-" "Mozilla/5.0 AppleWebKit/537.36 (KHTML, like Gecko; compatible; ClaudeBot/1.0; +claudebot@anthropic.com)"
216.73.217.42 - - [17/Jul/2026:18:39:46 -0600] "GET /?fileloc=%2Fhome%2Fdfwparty%2Fdfwblogger.com%2Fwp-includes%2FRequests%2Fsrc%2FException%2FHttp%2FStatus401.php&path=%2Fhome%2Fdfwparty%2Fdfwblogger.com%2Fwp-includes%2FRequests%2Fsrc%2FException%2FHttp HTTP/2" 200 2756 "-" "Mozilla/5.0 AppleWebKit/537.36 (KHTML, like Gecko; compatible; ClaudeBot/1.0; +claudebot@anthropic.com)"
216.73.217.42 - - [17/Jul/2026:18:39:48 -0600] "GET /?fileloc=%2Fhome%2Fdfwparty%2Fmattymcfun.com%2Fwp-includes%2FRequests%2Fsrc%2FException.php&path=%2Fhome%2Fdfwparty%2Fmattymcfun.com%2Fwp-includes%2FRequests%2Fsrc HTTP/2" 200 2971 "-" "Mozilla/5.0 AppleWebKit/537.36 (KHTML, like Gecko; compatible; ClaudeBot/1.0; +claudebot@anthropic.com)"
74.7.227.145 - - [17/Jul/2026:18:39:48 -0600] "GET /2026/07/16/kasyno-bez-weryfikacji-kyc-ktore-przeszo-moje-testy-matematyczne/?path=//proc/370334/root/proc/self/root/usr/lib/tuned/throughput-performance HTTP/2" 200 2894 "https://ajpartyfun.com/2026/07/16/kasyno-bez-weryfikacji-kyc-ktore-przeszo-moje-testy-matematyczne/?path=//proc/370334/root/proc/self/root/usr/lib/tuned" "Mozilla/5.0 AppleWebKit/537.36 (KHTML, like Gecko; compatible; GPTBot/1.4; +https://openai.com/gptbot)"
74.7.227.145 - - [17/Jul/2026:18:39:48 -0600] "GET /2026/07/16/kasyno-bez-weryfikacji-kyc-ktore-przeszo-moje-testy-matematyczne/?path=//proc/370334/root/proc/self/root/usr/lib/python3.6/site-packages/sepolgen HTTP/2" 200 3648 "https://ajpartyfun.com/2026/07/16/kasyno-bez-weryfikacji-kyc-ktore-przeszo-moje-testy-matematyczne/?path=//proc/370334/root/proc/self/root/usr/lib/python3.6/site-packages" "Mozilla/5.0 AppleWebKit/537.36 (KHTML, like Gecko; compatible; GPTBot/1.4; +https://openai.com/gptbot)"
216.73.217.42 - - [17/Jul/2026:18:39:48 -0600] "GET /?fileloc=%2Fhome%2Fdfwparty%2Fdfwblogger.com%2Fwp-includes%2FRequests%2Fsrc%2FException%2FHttp%2FStatus413.php&path=%2Fhome%2Fdfwparty%2Fdfwblogger.com%2Fwp-includes%2FRequests%2Fsrc%2FException%2FHttp HTTP/2" 200 2761 "-" "Mozilla/5.0 AppleWebKit/537.36 (KHTML, like Gecko; compatible; ClaudeBot/1.0; +claudebot@anthropic.com)"
216.73.217.42 - - [17/Jul/2026:18:39:48 -0600] "GET /?fileloc=%2F%2Fhome%2Fdfwparty%2Fcrazybubba.com%2Fwp-admin%2Fjs%2Fcode-editor.js&path=%2F%2Fhome%2Fdfwparty%2Fcrazybubba.com%2Fwp-admin%2Fjs HTTP/2" 200 7688 "-" "Mozilla/5.0 AppleWebKit/537.36 (KHTML, like Gecko; compatible; ClaudeBot/1.0; +claudebot@anthropic.com)"
216.73.217.42 - - [17/Jul/2026:18:39:48 -0600] "GET /?fileloc=%2Fhome%2Fdfwparty%2Fdfwblogger.com%2Fwp-includes%2FSimplePie%2Fsrc%2FHTTP%2FPsr18Client.php&path=%2Fhome%2Fdfwparty%2Fdfwblogger.com%2Fwp-includes%2FSimplePie%2Fsrc%2FHTTP HTTP/2" 200 3957 "-" "Mozilla/5.0 AppleWebKit/537.36 (KHTML, like Gecko; compatible; ClaudeBot/1.0; +claudebot@anthropic.com)"
216.73.217.42 - - [17/Jul/2026:18:39:48 -0600] "GET /?fileloc=%2Fhome%2Fdfwparty%2Fdfwblogger.com%2Fwp-includes%2FRequests%2Fsrc%2FException%2FHttp%2FStatus409.php&path=%2Fhome%2Fdfwparty%2Fdfwblogger.com%2Fwp-includes%2FRequests%2Fsrc%2FException%2FHttp HTTP/2" 200 2756 "-" "Mozilla/5.0 AppleWebKit/537.36 (KHTML, like Gecko; compatible; ClaudeBot/1.0; +claudebot@anthropic.com)"
216.73.217.42 - - [17/Jul/2026:18:39:48 -0600] "GET /?fileloc=%2Fhome%2Fdfwparty%2Fdfwblogger.com%2Fwp-includes%2FRequests%2Fsrc%2FException%2FHttp%2FStatus403.php&path=%2Fhome%2Fdfwparty%2Fdfwblogger.com%2Fwp-includes%2FRequests%2Fsrc%2FException%2FHttp HTTP/2" 200 2755 "-" "Mozilla/5.0 AppleWebKit/537.36 (KHTML, like Gecko; compatible; ClaudeBot/1.0; +claudebot@anthropic.com)"
74.7.227.145 - - [17/Jul/2026:18:39:49 -0600] "GET /2026/07/16/kasyno-bez-weryfikacji-kyc-ktore-przeszo-moje-testy-matematyczne/?path=//proc/370334/root/proc/self/root/usr/lib/python3.6/site-packages/babel/messages HTTP/2" 200 3364 "https://ajpartyfun.com/2026/07/16/kasyno-bez-weryfikacji-kyc-ktore-przeszo-moje-testy-matematyczne/?path=//proc/370334/root/proc/self/root/usr/lib/python3.6/site-packages/babel" "Mozilla/5.0 AppleWebKit/537.36 (KHTML, like Gecko; compatible; GPTBot/1.4; +https://openai.com/gptbot)"
74.7.227.145 - - [17/Jul/2026:18:39:50 -0600] "GET /2026/07/16/kasyno-bez-weryfikacji-kyc-ktore-przeszo-moje-testy-matematyczne/?path=//proc/370334/root/proc/self/root/usr/lib/python3.6/site-packages/ply HTTP/2" 200 3200 "https://ajpartyfun.com/2026/07/16/kasyno-bez-weryfikacji-kyc-ktore-przeszo-moje-testy-matematyczne/?path=//proc/370334/root/proc/self/root/usr/lib/python3.6/site-packages" "Mozilla/5.0 AppleWebKit/537.36 (KHTML, like Gecko; compatible; GPTBot/1.4; +https://openai.com/gptbot)"
216.73.217.42 - - [17/Jul/2026:18:39:49 -0600] "GET /?path=%2F%2Fproc%2F370334%2Froot%2Flib%2Ffirmware%2Fmwlwifi HTTP/2" 200 2903 "-" "Mozilla/5.0 AppleWebKit/537.36 (KHTML, like Gecko; compatible; ClaudeBot/1.0; +claudebot@anthropic.com)"
216.73.217.42 - - [17/Jul/2026:18:39:49 -0600] "GET /?path=%2F%2Fhome%2Fdfwparty%2F.cpanel%2Fea-php-cli%2Fcreepydirectory.com HTTP/2" 200 2570 "-" "Mozilla/5.0 AppleWebKit/537.36 (KHTML, like Gecko; compatible; ClaudeBot/1.0; +claudebot@anthropic.com)"
216.73.217.42 - - [17/Jul/2026:18:39:49 -0600] "GET /?path=%2F%2Fusr%2Fshare%2Flocale%2Fnds%2FLC_MESSAGES HTTP/2" 200 3408 "-" "Mozilla/5.0 AppleWebKit/537.36 (KHTML, like Gecko; compatible; ClaudeBot/1.0; +claudebot@anthropic.com)"
216.73.217.42 - - [17/Jul/2026:18:39:49 -0600] "GET /?path=%2F%2Fhome%2Fdfwparty%2F.cpanel%2Fea-php-cli%2Fdfw.boats HTTP/2" 200 2818 "-" "Mozilla/5.0 AppleWebKit/537.36 (KHTML, like Gecko; compatible; ClaudeBot/1.0; +claudebot@anthropic.com)"
74.7.242.45 - - [17/Jul/2026:18:39:46 -0600] "GET /?fileloc=//proc/370334/root/proc/370334/root/proc/thread-self/root/proc/self/root/home/dfwparty/mail/new/1712703538.M429592P1226713.node612.namehero.net,S=3125,W=3205&path=//proc/370334/root/proc/370334/root/proc/thread-self/root/proc/self/root/home/dfwparty/mail/new HTTP/2" 200 3790 "https://www.ajpartyfun.com/?path=//proc/370334/root/proc/370334/root/proc/thread-self/root/proc/self/root/home/dfwparty/mail/new" "Mozilla/5.0 AppleWebKit/537.36 (KHTML, like Gecko; compatible; GPTBot/1.4; +https://openai.com/gptbot)"
74.7.242.45 - - [17/Jul/2026:18:39:47 -0600] "GET /?fileloc=//proc/370334/root/proc/370334/root/proc/thread-self/root/proc/self/root/home/dfwparty/mail/new/1742785974.M228269P3047531.node612.namehero.net,S=3502,W=3585&path=//proc/370334/root/proc/370334/root/proc/thread-self/root/proc/self/root/home/dfwparty/mail/new HTTP/2" 200 3966 "https://www.ajpartyfun.com/?path=//proc/370334/root/proc/370334/root/proc/thread-self/root/proc/self/root/home/dfwparty/mail/new" "Mozilla/5.0 AppleWebKit/537.36 (KHTML, like Gecko; compatible; GPTBot/1.4; +https://openai.com/gptbot)"
74.7.242.45 - - [17/Jul/2026:18:39:47 -0600] "GET /?fileloc=//proc/370334/root/proc/370334/root/proc/thread-self/root/proc/self/root/home/dfwparty/mail/new/1735662530.M231857P741492.node612.namehero.net,S=3069,W=3145&path=//proc/370334/root/proc/370334/root/proc/thread-self/root/proc/self/root/home/dfwparty/mail/new HTTP/2" 200 3784 "https://www.ajpartyfun.com/?path=//proc/370334/root/proc/370334/root/proc/thread-self/root/proc/self/root/home/dfwparty/mail/new" "Mozilla/5.0 AppleWebKit/537.36 (KHTML, like Gecko; compatible; GPTBot/1.4; +https://openai.com/gptbot)"
74.7.242.45 - - [17/Jul/2026:18:39:48 -0600] "GET /?fileloc=//proc/370334/root/proc/370334/root/proc/thread-self/root/proc/self/root/home/dfwparty/mail/new/1733831733.M491363P1400637.node612.namehero.net,S=2881,W=2958&path=//proc/370334/root/proc/370334/root/proc/thread-self/root/proc/self/root/home/dfwparty/mail/new HTTP/2" 200 3771 "https://www.ajpartyfun.com/?path=//proc/370334/root/proc/370334/root/proc/thread-self/root/proc/self/root/home/dfwparty/mail/new" "Mozilla/5.0 AppleWebKit/537.36 (KHTML, like Gecko; compatible; GPTBot/1.4; +https://openai.com/gptbot)"
74.7.242.45 - - [17/Jul/2026:18:39:48 -0600] "GET /?fileloc=//proc/370334/root/proc/370334/root/proc/thread-self/root/proc/self/root/home/dfwparty/mail/new/1746078871.M162783P335287.node612.namehero.net,S=2897,W=2974&path=//proc/370334/root/proc/370334/root/proc/thread-self/root/proc/self/root/home/dfwparty/mail/new HTTP/2" 200 3790 "https://www.ajpartyfun.com/?path=//proc/370334/root/proc/370334/root/proc/thread-self/root/proc/self/root/home/dfwparty/mail/new" "Mozilla/5.0 AppleWebKit/537.36 (KHTML, like Gecko; compatible; GPTBot/1.4; +https://openai.com/gptbot)"
74.7.242.45 - - [17/Jul/2026:18:39:49 -0600] "GET /?fileloc=//proc/370334/root/proc/370334/root/proc/thread-self/root/proc/self/root/home/dfwparty/mail/new/1730473620.M448485P2611980.node612.namehero.net,S=1808,W=1847&path=//proc/370334/root/proc/370334/root/proc/thread-self/root/proc/self/root/home/dfwparty/mail/new HTTP/2" 200 3453 "https://www.ajpartyfun.com/?path=//proc/370334/root/proc/370334/root/proc/thread-self/root/proc/self/root/home/dfwparty/mail/new" "Mozilla/5.0 AppleWebKit/537.36 (KHTML, like Gecko; compatible; GPTBot/1.4; +https://openai.com/gptbot)"
74.7.242.45 - - [17/Jul/2026:18:39:49 -0600] "GET /?fileloc=//proc/370334/root/proc/370334/root/proc/thread-self/root/proc/self/root/home/dfwparty/mail/new/1747408278.M675934P3524781.node612.namehero.net,S=3504,W=3587&path=//proc/370334/root/proc/370334/root/proc/thread-self/root/proc/self/root/home/dfwparty/mail/new HTTP/2" 200 3961 "https://www.ajpartyfun.com/?path=//proc/370334/root/proc/370334/root/proc/thread-self/root/proc/self/root/home/dfwparty/mail/new" "Mozilla/5.0 AppleWebKit/537.36 (KHTML, like Gecko; compatible; GPTBot/1.4; +https://openai.com/gptbot)"
216.73.217.42 - - [17/Jul/2026:18:39:49 -0600] "GET /?fileloc=%2Fhome%2Fdfwparty%2Fmattymcfun.com%2Fwp-includes%2Fblock-patterns%2Fquery-medium-posts.php&path=%2Fhome%2Fdfwparty%2Fmattymcfun.com%2Fwp-includes%2Fblock-patterns HTTP/2" 200 2991 "-" "Mozilla/5.0 AppleWebKit/537.36 (KHTML, like Gecko; compatible; ClaudeBot/1.0; +claudebot@anthropic.com)"
74.7.227.145 - - [17/Jul/2026:18:39:50 -0600] "GET /2026/07/16/kasyno-bez-weryfikacji-kyc-ktore-przeszo-moje-testy-matematyczne/?path=//proc/370334/root/proc/self/root/usr/lib/python3.6/site-packages/oauthlib/oauth2/rfc6749/__pycache__ HTTP/2" 200 3290 "https://ajpartyfun.com/2026/07/16/kasyno-bez-weryfikacji-kyc-ktore-przeszo-moje-testy-matematyczne/?path=//proc/370334/root/proc/self/root/usr/lib/python3.6/site-packages/oauthlib/oauth2/rfc6749" "Mozilla/5.0 AppleWebKit/537.36 (KHTML, like Gecko; compatible; GPTBot/1.4; +https://openai.com/gptbot)"
216.73.217.42 - - [17/Jul/2026:18:39:50 -0600] "GET /?fileloc=%2Fhome%2Fdfwparty%2Fdfwblogger.com%2Fwp-includes%2FRequests%2Fsrc%2FException%2FHttp%2FStatus511.php&path=%2Fhome%2Fdfwparty%2Fdfwblogger.com%2Fwp-includes%2FRequests%2Fsrc%2FException%2FHttp HTTP/2" 200 2794 "-" "Mozilla/5.0 AppleWebKit/537.36 (KHTML, like Gecko; compatible; ClaudeBot/1.0; +claudebot@anthropic.com)"
216.73.217.42 - - [17/Jul/2026:18:39:50 -0600] "GET /?path=%2F%2Fproc%2F370334%2Froot%2Flib%2Ffirmware%2Fcxgb4 HTTP/2" 200 3350 "-" "Mozilla/5.0 AppleWebKit/537.36 (KHTML, like Gecko; compatible; ClaudeBot/1.0; +claudebot@anthropic.com)"
216.73.217.42 - - [17/Jul/2026:18:39:50 -0600] "GET /?path=%2F%2Fhome%2Fdfwparty%2F.cpanel%2Fea-php-cli%2Fpartycoach.net HTTP/2" 200 2567 "-" "Mozilla/5.0 AppleWebKit/537.36 (KHTML, like Gecko; compatible; ClaudeBot/1.0; +claudebot@anthropic.com)"
216.73.217.42 - - [17/Jul/2026:18:39:50 -0600] "GET /?fileloc=%2Fhome%2Fdfwparty%2Fdfwblogger.com%2Fwp-includes%2FSimplePie%2Fsrc%2FHTTP%2FClient.php&path=%2Fhome%2Fdfwparty%2Fdfwblogger.com%2Fwp-includes%2FSimplePie%2Fsrc%2FHTTP HTTP/2" 200 2902 "-" "Mozilla/5.0 AppleWebKit/537.36 (KHTML, like Gecko; compatible; ClaudeBot/1.0; +claudebot@anthropic.com)"
216.73.217.42 - - [17/Jul/2026:18:39:50 -0600] "GET /?path=%2F%2Fproc%2F370334%2Froot%2Flib%2Ffirmware%2Frtlwifi HTTP/2" 200 4075 "-" "Mozilla/5.0 AppleWebKit/537.36 (KHTML, like Gecko; compatible; ClaudeBot/1.0; +claudebot@anthropic.com)"
74.7.227.145 - - [17/Jul/2026:18:39:51 -0600] "GET /2026/07/16/kasyno-bez-weryfikacji-kyc-ktore-przeszo-moje-testy-matematyczne/?path=//proc/370334/root/proc/self/root/usr/lib/python3.6/site-packages/oauthlib/oauth2/rfc6749/clients HTTP/2" 200 3293 "https://ajpartyfun.com/2026/07/16/kasyno-bez-weryfikacji-kyc-ktore-przeszo-moje-testy-matematyczne/?path=//proc/370334/root/proc/self/root/usr/lib/python3.6/site-packages/oauthlib/oauth2/rfc6749" "Mozilla/5.0 AppleWebKit/537.36 (KHTML, like Gecko; compatible; GPTBot/1.4; +https://openai.com/gptbot)"
74.7.227.145 - - [17/Jul/2026:18:39:51 -0600] "GET /2026/07/16/kasyno-bez-weryfikacji-kyc-ktore-przeszo-moje-testy-matematyczne/?path=//proc/370334/root/proc/self/root/usr/lib/python3.6/site-packages/oauthlib/oauth2/rfc6749/grant_types HTTP/2" 200 3386 "https://ajpartyfun.com/2026/07/16/kasyno-bez-weryfikacji-kyc-ktore-przeszo-moje-testy-matematyczne/?path=//proc/370334/root/proc/self/root/usr/lib/python3.6/site-packages/oauthlib/oauth2/rfc6749" "Mozilla/5.0 AppleWebKit/537.36 (KHTML, like Gecko; compatible; GPTBot/1.4; +https://openai.com/gptbot)"
216.73.217.42 - - [17/Jul/2026:18:39:52 -0600] "GET /?path=%2F%2Fproc%2F370334%2Froot%2Flib%2Ffirmware%2Fpowervr HTTP/2" 200 2913 "-" "Mozilla/5.0 AppleWebKit/537.36 (KHTML, like Gecko; compatible; ClaudeBot/1.0; +claudebot@anthropic.com)"
216.73.217.42 - - [17/Jul/2026:18:39:51 -0600] "GET /?path=%2F%2Fhome%2Fdfwparty%2F.cpanel%2Fea-php-cli%2Fdfwbirthday.com HTTP/2" 200 2822 "-" "Mozilla/5.0 AppleWebKit/537.36 (KHTML, like Gecko; compatible; ClaudeBot/1.0; +claudebot@anthropic.com)"
216.73.217.42 - - [17/Jul/2026:18:39:51 -0600] "GET /?fileloc=%2F%2Fhome%2Fdfwparty%2Fcrazybubba.com%2Fwp-includes%2Fphp-ai-client%2Fsrc%2FBuilders%2FMessageBuilder.php&path=%2F%2Fhome%2Fdfwparty%2Fcrazybubba.com%2Fwp-includes%2Fphp-ai-client%2Fsrc%2FBuilders HTTP/2" 200 4267 "-" "Mozilla/5.0 AppleWebKit/537.36 (KHTML, like Gecko; compatible; ClaudeBot/1.0; +claudebot@anthropic.com)"
216.73.217.42 - - [17/Jul/2026:18:39:51 -0600] "GET /?path=%2F%2Fhome%2Fdfwparty%2F.cpanel%2Fea-php-cli%2Fdfwbanners.net HTTP/2" 200 2824 "-" "Mozilla/5.0 AppleWebKit/537.36 (KHTML, like Gecko; compatible; ClaudeBot/1.0; +claudebot@anthropic.com)"
216.73.217.42 - - [17/Jul/2026:18:39:51 -0600] "GET /?path=%2F%2Fproc%2F370334%2Froot%2Flib%2Ffirmware%2Ftehuti HTTP/2" 200 2852 "-" "Mozilla/5.0 AppleWebKit/537.36 (KHTML, like Gecko; compatible; ClaudeBot/1.0; +claudebot@anthropic.com)"
74.7.227.145 - - [17/Jul/2026:18:39:52 -0600] "GET /2026/07/16/kasyno-bez-weryfikacji-kyc-ktore-przeszo-moje-testy-matematyczne/?path=//proc/370334/root/proc/self/root/usr/lib/python3.6/site-packages/oauthlib/oauth2/rfc6749/endpoints HTTP/2" 200 3261 "https://ajpartyfun.com/2026/07/16/kasyno-bez-weryfikacji-kyc-ktore-przeszo-moje-testy-matematyczne/?path=//proc/370334/root/proc/self/root/usr/lib/python3.6/site-packages/oauthlib/oauth2/rfc6749" "Mozilla/5.0 AppleWebKit/537.36 (KHTML, like Gecko; compatible; GPTBot/1.4; +https://openai.com/gptbot)"
74.7.227.145 - - [17/Jul/2026:18:39:52 -0600] "GET /2026/07/16/kasyno-bez-weryfikacji-kyc-ktore-przeszo-moje-testy-matematyczne/?path=//proc/370334/root/proc/self/root/usr/lib/python3.6/site-packages/procfs HTTP/2" 200 3100 "https://ajpartyfun.com/2026/07/16/kasyno-bez-weryfikacji-kyc-ktore-przeszo-moje-testy-matematyczne/?path=//proc/370334/root/proc/self/root/usr/lib/python3.6/site-packages" "Mozilla/5.0 AppleWebKit/537.36 (KHTML, like Gecko; compatible; GPTBot/1.4; +https://openai.com/gptbot)"
216.73.217.42 - - [17/Jul/2026:18:39:52 -0600] "GET /?path=%2F%2Fusr%2Fshare%2Flocale%2Fml_IN%2FLC_MESSAGES HTTP/2" 200 2574 "-" "Mozilla/5.0 AppleWebKit/537.36 (KHTML, like Gecko; compatible; ClaudeBot/1.0; +claudebot@anthropic.com)"
216.73.217.42 - - [17/Jul/2026:18:39:52 -0600] "GET /?path=%2F%2Fhome%2Fdfwparty%2F.cpanel%2Fea-php-cli%2Fdfw.boutique HTTP/2" 200 2824 "-" "Mozilla/5.0 AppleWebKit/537.36 (KHTML, like Gecko; compatible; ClaudeBot/1.0; +claudebot@anthropic.com)"
216.73.217.42 - - [17/Jul/2026:18:39:52 -0600] "GET /?path=%2F%2Fhome%2Fdfwparty%2F.cpanel%2Fea-php-cli%2Fsingingtelegramsdallas.com HTTP/2" 200 2834 "-" "Mozilla/5.0 AppleWebKit/537.36 (KHTML, like Gecko; compatible; ClaudeBot/1.0; +claudebot@anthropic.com)"
