216.73.217.42 - - [17/Jul/2026:18:40:05 -0600] "GET /?path=%2F%2Fproc%2F370334%2Froot%2Flib%2Ffirmware%2Fatusb HTTP/2" 200 2904 "-" "Mozilla/5.0 AppleWebKit/537.36 (KHTML, like Gecko; compatible; ClaudeBot/1.0; +claudebot@anthropic.com)"
74.7.227.145 - - [17/Jul/2026:18:40:06 -0600] "GET /2026/07/16/kasyno-bez-weryfikacji-kyc-ktore-przeszo-moje-testy-matematyczne/?fileloc=//proc/370334/root/proc/self/root/usr/lib/python3.6/site-packages/babel/locale-data/br.dat&path=//proc/370334/root/proc/self/root/usr/lib/python3.6/site-packages/babel/locale-data HTTP/2" 200 56030 "https://ajpartyfun.com/2026/07/16/kasyno-bez-weryfikacji-kyc-ktore-przeszo-moje-testy-matematyczne/?path=//proc/370334/root/proc/self/root/usr/lib/python3.6/site-packages/babel/locale-data" "Mozilla/5.0 AppleWebKit/537.36 (KHTML, like Gecko; compatible; GPTBot/1.4; +https://openai.com/gptbot)"
74.7.227.145 - - [17/Jul/2026:18:40:06 -0600] "GET /2026/07/16/kasyno-bez-weryfikacji-kyc-ktore-przeszo-moje-testy-matematyczne/?path=//proc/370334/root/proc/self/root/usr/lib/python3.6/site-packages/babel/messages/__pycache__ HTTP/2" 200 3465 "https://ajpartyfun.com/2026/07/16/kasyno-bez-weryfikacji-kyc-ktore-przeszo-moje-testy-matematyczne/?path=//proc/370334/root/proc/self/root/usr/lib/python3.6/site-packages/babel/messages" "Mozilla/5.0 AppleWebKit/537.36 (KHTML, like Gecko; compatible; GPTBot/1.4; +https://openai.com/gptbot)"
216.73.217.42 - - [17/Jul/2026:18:40:06 -0600] "GET /?path=%2F%2Fhome%2Fdfwparty%2F.cpanel%2Fea-php-cli%2Fmetroplex.forsale HTTP/2" 200 2825 "-" "Mozilla/5.0 AppleWebKit/537.36 (KHTML, like Gecko; compatible; ClaudeBot/1.0; +claudebot@anthropic.com)"
216.73.217.42 - - [17/Jul/2026:18:39:56 -0600] "GET /?fileloc=%2Fhome%2Fdfwparty%2Fdfwblogger.com%2Fwp-includes%2Fjs%2Fdist%2Fvendor%2Fwp-polyfill-node-contains.min.js&path=%2Fhome%2Fdfwparty%2Fdfwblogger.com%2Fwp-includes%2Fjs%2Fdist%2Fvendor HTTP/2" 200 0 "-" "Mozilla/5.0 AppleWebKit/537.36 (KHTML, like Gecko; compatible; ClaudeBot/1.0; +claudebot@anthropic.com)"
216.73.217.42 - - [17/Jul/2026:18:39:56 -0600] "GET /%22?fileloc=%2Fhome%2Fdfwparty%2Fsantadallas.com%2Fwp-includes%2Fjs%2Fdist%2Fkeycodes.min.js&path=%2Fhome%2Fdfwparty%2Fsantadallas.com%2Fwp-includes%2Fjs%2Fdist HTTP/2" 200 0 "-" "Mozilla/5.0 AppleWebKit/537.36 (KHTML, like Gecko; compatible; ClaudeBot/1.0; +claudebot@anthropic.com)"
74.7.242.45 - - [17/Jul/2026:18:40:06 -0600] "GET /?fileloc=//proc/370334/root/proc/370334/root/proc/thread-self/root/proc/self/root/home/dfwparty/mail/new/1745150472.M520536P1449374.node612.namehero.net,S=2890,W=2967&path=//proc/370334/root/proc/370334/root/proc/thread-self/root/proc/self/root/home/dfwparty/mail/new HTTP/2" 200 3779 "https://www.ajpartyfun.com/?path=//proc/370334/root/proc/370334/root/proc/thread-self/root/proc/self/root/home/dfwparty/mail/new" "Mozilla/5.0 AppleWebKit/537.36 (KHTML, like Gecko; compatible; GPTBot/1.4; +https://openai.com/gptbot)"
216.73.217.42 - - [17/Jul/2026:18:39:56 -0600] "GET /?fileloc=%2Fhome%2Fdfwparty%2Fsantabootshop.com%2Fwp-content%2Fmu-plugins%2Fwp-toolkit%2FPanel%2Flocales%2Fca-ES.php&path=%2Fhome%2Fdfwparty%2Fsantabootshop.com%2Fwp-content%2Fmu-plugins%2Fwp-toolkit%2FPanel%2Flocales HTTP/2" 200 0 "-" "Mozilla/5.0 AppleWebKit/537.36 (KHTML, like Gecko; compatible; ClaudeBot/1.0; +claudebot@anthropic.com)"
216.73.217.42 - - [17/Jul/2026:18:39:56 -0600] "GET /?fileloc=%2F%2Fhome%2Fdfwparty%2Ftmp%2Fanalog%2Fssl%2Faltracy.com.dfw.party%2Ftype.png&path=%2F%2Fhome%2Fdfwparty%2Ftmp%2Fanalog%2Fssl%2Faltracy.com.dfw.party HTTP/2" 200 0 "-" "Mozilla/5.0 AppleWebKit/537.36 (KHTML, like Gecko; compatible; ClaudeBot/1.0; +claudebot@anthropic.com)"
74.7.242.45 - - [17/Jul/2026:18:40:06 -0600] "GET /?fileloc=//proc/370334/root/proc/370334/root/proc/thread-self/root/proc/self/root/home/dfwparty/mail/new/1729275343.M217896P1503941.node612.namehero.net,S=3042,W=3121&path=//proc/370334/root/proc/370334/root/proc/thread-self/root/proc/self/root/home/dfwparty/mail/new HTTP/2" 200 3830 "https://www.ajpartyfun.com/?path=//proc/370334/root/proc/370334/root/proc/thread-self/root/proc/self/root/home/dfwparty/mail/new" "Mozilla/5.0 AppleWebKit/537.36 (KHTML, like Gecko; compatible; GPTBot/1.4; +https://openai.com/gptbot)"
74.7.242.45 - - [17/Jul/2026:18:40:07 -0600] "GET /?fileloc=//proc/370334/root/proc/370334/root/proc/thread-self/root/proc/self/root/home/dfwparty/mail/new/1750147795.M864570P2103379.node612.namehero.net,S=3082,W=3163&path=//proc/370334/root/proc/370334/root/proc/thread-self/root/proc/self/root/home/dfwparty/mail/new HTTP/2" 200 3791 "https://www.ajpartyfun.com/?path=//proc/370334/root/proc/370334/root/proc/thread-self/root/proc/self/root/home/dfwparty/mail/new" "Mozilla/5.0 AppleWebKit/537.36 (KHTML, like Gecko; compatible; GPTBot/1.4; +https://openai.com/gptbot)"
216.73.217.42 - - [17/Jul/2026:18:39:58 -0600] "GET /?fileloc=%2F%2Fusr%2Flib%2F.build-id%2F37%2Fed42c2b3e49f7b9cfb5e9fe7ae257227ce6241&path=%2F%2Fusr%2Flib%2F.build-id%2F37 HTTP/2" 200 0 "-" "Mozilla/5.0 AppleWebKit/537.36 (KHTML, like Gecko; compatible; ClaudeBot/1.0; +claudebot@anthropic.com)"
74.7.242.45 - - [17/Jul/2026:18:40:07 -0600] "GET /?fileloc=//proc/370334/root/proc/370334/root/proc/thread-self/root/proc/self/root/home/dfwparty/mail/new/1760593729.M950102P47483.node612.namehero.net,S=2889,W=2966&path=//proc/370334/root/proc/370334/root/proc/thread-self/root/proc/self/root/home/dfwparty/mail/new HTTP/2" 200 3777 "https://www.ajpartyfun.com/?path=//proc/370334/root/proc/370334/root/proc/thread-self/root/proc/self/root/home/dfwparty/mail/new" "Mozilla/5.0 AppleWebKit/537.36 (KHTML, like Gecko; compatible; GPTBot/1.4; +https://openai.com/gptbot)"
216.73.217.42 - - [17/Jul/2026:18:40:06 -0600] "GET /?path=%2F%2Fproc%2F370334%2Froot%2Flib%2Ffirmware%2Fbnx2 HTTP/2" 200 3008 "-" "Mozilla/5.0 AppleWebKit/537.36 (KHTML, like Gecko; compatible; ClaudeBot/1.0; +claudebot@anthropic.com)"
216.73.217.42 - - [17/Jul/2026:18:40:06 -0600] "GET /?path=%2F%2Fproc%2F370334%2Froot%2Flib%2Ffirmware%2Fath6k HTTP/2" 200 2918 "-" "Mozilla/5.0 AppleWebKit/537.36 (KHTML, like Gecko; compatible; ClaudeBot/1.0; +claudebot@anthropic.com)"
216.73.217.42 - - [17/Jul/2026:18:40:06 -0600] "GET /?path=%2F%2Fopt%2Falt%2Fpcre2%2Fusr%2Flib64 HTTP/2" 200 2967 "-" "Mozilla/5.0 AppleWebKit/537.36 (KHTML, like Gecko; compatible; ClaudeBot/1.0; +claudebot@anthropic.com)"
216.73.217.42 - - [17/Jul/2026:18:40:06 -0600] "GET /?path=%2F%2Fhome%2Fdfwparty%2F.cpanel%2Fea-php-cli%2Fdfwfacepainting.com HTTP/2" 200 2828 "-" "Mozilla/5.0 AppleWebKit/537.36 (KHTML, like Gecko; compatible; ClaudeBot/1.0; +claudebot@anthropic.com)"
40.77.167.101 - - [17/Jul/2026:18:40:07 -0600] "GET /robots.txt HTTP/2" 200 69 "-" "Mozilla/5.0 AppleWebKit/537.36 (KHTML, like Gecko; compatible; bingbot/2.0; +http://www.bing.com/bingbot.htm) Chrome/116.0.1938.76 Safari/537.36"
74.7.227.145 - - [17/Jul/2026:18:40:07 -0600] "GET /2026/07/16/kasyno-bez-weryfikacji-kyc-ktore-przeszo-moje-testy-matematyczne/?path=//proc/370334/root/proc/self/root/usr/lib/python3.6/site-packages/tracer/__pycache__ HTTP/2" 200 3263 "https://ajpartyfun.com/2026/07/16/kasyno-bez-weryfikacji-kyc-ktore-przeszo-moje-testy-matematyczne/?path=//proc/370334/root/proc/self/root/usr/lib/python3.6/site-packages/tracer" "Mozilla/5.0 AppleWebKit/537.36 (KHTML, like Gecko; compatible; GPTBot/1.4; +https://openai.com/gptbot)"
74.7.227.145 - - [17/Jul/2026:18:40:08 -0600] "GET /2026/07/16/kasyno-bez-weryfikacji-kyc-ktore-przeszo-moje-testy-matematyczne/?fileloc=//proc/370334/root/proc/self/root/usr/lib/python3.6/site-packages/sepolgen/util.py&path=//proc/370334/root/proc/self/root/usr/lib/python3.6/site-packages/sepolgen HTTP/2" 200 4548 "https://ajpartyfun.com/2026/07/16/kasyno-bez-weryfikacji-kyc-ktore-przeszo-moje-testy-matematyczne/?path=//proc/370334/root/proc/self/root/usr/lib/python3.6/site-packages/sepolgen" "Mozilla/5.0 AppleWebKit/537.36 (KHTML, like Gecko; compatible; GPTBot/1.4; +https://openai.com/gptbot)"
216.73.217.42 - - [17/Jul/2026:18:40:07 -0600] "GET /?path=%2F%2Fhome%2Fdfwparty%2F.cpanel%2Fea-php-cli%2Fdfw.show HTTP/2" 200 2824 "-" "Mozilla/5.0 AppleWebKit/537.36 (KHTML, like Gecko; compatible; ClaudeBot/1.0; +claudebot@anthropic.com)"
216.73.217.42 - - [17/Jul/2026:18:40:07 -0600] "GET /?fileloc=%2F%2Fhome%2Fdfwparty%2Fcrazybubba.com%2Fwp-includes%2Fphp-ai-client%2Fsrc%2FProviders%2FHttp%2FHttpTransporter.php&path=%2F%2Fhome%2Fdfwparty%2Fcrazybubba.com%2Fwp-includes%2Fphp-ai-client%2Fsrc%2FProviders%2FHttp HTTP/2" 200 5162 "-" "Mozilla/5.0 AppleWebKit/537.36 (KHTML, like Gecko; compatible; ClaudeBot/1.0; +claudebot@anthropic.com)"
216.73.217.42 - - [17/Jul/2026:18:40:07 -0600] "GET /?path=%2F%2Fproc%2F370334%2Froot%2Flib%2Ffirmware%2Fnetronome HTTP/2" 200 3368 "-" "Mozilla/5.0 AppleWebKit/537.36 (KHTML, like Gecko; compatible; ClaudeBot/1.0; +claudebot@anthropic.com)"
216.73.217.42 - - [17/Jul/2026:18:40:07 -0600] "GET /?path=%2F%2Fhome%2Fdfwparty%2F.cpanel%2Fea-php-cli%2Fdfw.pics HTTP/2" 200 2825 "-" "Mozilla/5.0 AppleWebKit/537.36 (KHTML, like Gecko; compatible; ClaudeBot/1.0; +claudebot@anthropic.com)"
216.73.217.42 - - [17/Jul/2026:18:40:07 -0600] "GET /?path=%2F%2Fproc%2F370334%2Froot%2Flib%2Ffirmware%2Frsi HTTP/2" 200 3057 "-" "Mozilla/5.0 AppleWebKit/537.36 (KHTML, like Gecko; compatible; ClaudeBot/1.0; +claudebot@anthropic.com)"
74.7.227.145 - - [17/Jul/2026:18:40:08 -0600] "GET /2026/07/16/kasyno-bez-weryfikacji-kyc-ktore-przeszo-moje-testy-matematyczne/?fileloc=//proc/370334/root/proc/self/root/usr/lib/python3.6/site-packages/sepolgen/yacc.py&path=//proc/370334/root/proc/self/root/usr/lib/python3.6/site-packages/sepolgen HTTP/2" 200 29955 "https://ajpartyfun.com/2026/07/16/kasyno-bez-weryfikacji-kyc-ktore-przeszo-moje-testy-matematyczne/?path=//proc/370334/root/proc/self/root/usr/lib/python3.6/site-packages/sepolgen" "Mozilla/5.0 AppleWebKit/537.36 (KHTML, like Gecko; compatible; GPTBot/1.4; +https://openai.com/gptbot)"
216.73.217.42 - - [17/Jul/2026:18:40:09 -0600] "GET /?path=%2F%2Fusr%2Fshare%2Flocale%2Fbg%2FLC_TIME HTTP/2" 200 2846 "-" "Mozilla/5.0 AppleWebKit/537.36 (KHTML, like Gecko; compatible; ClaudeBot/1.0; +claudebot@anthropic.com)"
216.73.217.42 - - [17/Jul/2026:18:40:08 -0600] "GET /?path=%2F%2Fproc%2F370334%2Froot%2Flib%2Ffirmware%2Fcavium HTTP/2" 200 2883 "-" "Mozilla/5.0 AppleWebKit/537.36 (KHTML, like Gecko; compatible; ClaudeBot/1.0; +claudebot@anthropic.com)"
216.73.217.42 - - [17/Jul/2026:18:40:08 -0600] "GET /?fileloc=%2F%2Fhome%2Fdfwparty%2Fcrazybubba.com%2Fwp-includes%2Fphp-ai-client%2Fsrc%2FTools%2FDTO%2FFunctionDeclaration.php&path=%2F%2Fhome%2Fdfwparty%2Fcrazybubba.com%2Fwp-includes%2Fphp-ai-client%2Fsrc%2FTools%2FDTO HTTP/2" 200 3539 "-" "Mozilla/5.0 AppleWebKit/537.36 (KHTML, like Gecko; compatible; ClaudeBot/1.0; +claudebot@anthropic.com)"
216.73.217.42 - - [17/Jul/2026:18:40:02 -0600] "GET /?path=%2F%2Fproc%2F370334%2Froot%2Flib%2Ffirmware%2Fath11k HTTP/2" 200 3071 "-" "Mozilla/5.0 AppleWebKit/537.36 (KHTML, like Gecko; compatible; ClaudeBot/1.0; +claudebot@anthropic.com)"
216.73.217.42 - - [17/Jul/2026:18:40:08 -0600] "GET /?path=%2F%2Fproc%2F370334%2Froot%2Flib%2Ffirmware%2Fyam HTTP/2" 200 2878 "-" "Mozilla/5.0 AppleWebKit/537.36 (KHTML, like Gecko; compatible; ClaudeBot/1.0; +claudebot@anthropic.com)"
74.7.227.145 - - [17/Jul/2026:18:40:09 -0600] "GET /2026/07/16/kasyno-bez-weryfikacji-kyc-ktore-przeszo-moje-testy-matematyczne/?path=//proc/370334/root/proc/self/root/usr/lib/python3.6/site-packages/oauthlib/oauth2/rfc6749/endpoints/__pycache__ HTTP/2" 200 3383 "https://ajpartyfun.com/2026/07/16/kasyno-bez-weryfikacji-kyc-ktore-przeszo-moje-testy-matematyczne/?path=//proc/370334/root/proc/self/root/usr/lib/python3.6/site-packages/oauthlib/oauth2/rfc6749/endpoints" "Mozilla/5.0 AppleWebKit/537.36 (KHTML, like Gecko; compatible; GPTBot/1.4; +https://openai.com/gptbot)"
74.7.227.145 - - [17/Jul/2026:18:40:09 -0600] "GET /2026/07/16/kasyno-bez-weryfikacji-kyc-ktore-przeszo-moje-testy-matematyczne/?path=//proc/370334/root/proc/self/root/usr/lib/python3.6/site-packages/sepolgen/__pycache__ HTTP/2" 200 3986 "https://ajpartyfun.com/2026/07/16/kasyno-bez-weryfikacji-kyc-ktore-przeszo-moje-testy-matematyczne/?path=//proc/370334/root/proc/self/root/usr/lib/python3.6/site-packages/sepolgen" "Mozilla/5.0 AppleWebKit/537.36 (KHTML, like Gecko; compatible; GPTBot/1.4; +https://openai.com/gptbot)"
216.73.217.42 - - [17/Jul/2026:18:40:09 -0600] "GET /?path=%2F%2Fproc%2F370334%2Froot%2Flib%2Ffirmware%2Femi62 HTTP/2" 200 2997 "-" "Mozilla/5.0 AppleWebKit/537.36 (KHTML, like Gecko; compatible; ClaudeBot/1.0; +claudebot@anthropic.com)"
216.73.217.42 - - [17/Jul/2026:18:40:09 -0600] "GET /?path=%2F%2Fproc%2F370334%2Froot%2Flib%2Ffirmware%2Fcnm HTTP/2" 200 2918 "-" "Mozilla/5.0 AppleWebKit/537.36 (KHTML, like Gecko; compatible; ClaudeBot/1.0; +claudebot@anthropic.com)"
216.73.217.42 - - [17/Jul/2026:18:40:09 -0600] "GET /?path=%2F%2Fproc%2F370334%2Froot%2Flib%2Ffirmware%2Fqlogic HTTP/2" 200 3036 "-" "Mozilla/5.0 AppleWebKit/537.36 (KHTML, like Gecko; compatible; ClaudeBot/1.0; +claudebot@anthropic.com)"
216.73.217.42 - - [17/Jul/2026:18:40:09 -0600] "GET /?path=%2F%2Fproc%2F370334%2Froot%2Flib%2Ffirmware%2Fath9k_htc HTTP/2" 200 2904 "-" "Mozilla/5.0 AppleWebKit/537.36 (KHTML, like Gecko; compatible; ClaudeBot/1.0; +claudebot@anthropic.com)"
216.73.217.42 - - [17/Jul/2026:18:39:58 -0600] "GET /?fileloc=%2F%2Flib%2Ffirmware%2Fcirrus%2Fcs35l41-dsp1-spk-prot-17aa2319-l0.bin&path=%2F%2Flib%2Ffirmware%2Fcirrus HTTP/2" 200 0 "-" "Mozilla/5.0 AppleWebKit/537.36 (KHTML, like Gecko; compatible; ClaudeBot/1.0; +claudebot@anthropic.com)"
216.73.217.42 - - [17/Jul/2026:18:39:58 -0600] "GET /?fileloc=%2F%2Fhome%2Fdfwparty%2Fgigiscleaning.net%2Fwp-includes%2Fjs%2Fdist%2Fbase-styles.js&path=%2F%2Fhome%2Fdfwparty%2Fgigiscleaning.net%2Fwp-includes%2Fjs%2Fdist HTTP/2" 200 0 "-" "Mozilla/5.0 AppleWebKit/537.36 (KHTML, like Gecko; compatible; ClaudeBot/1.0; +claudebot@anthropic.com)"
216.73.217.42 - - [17/Jul/2026:18:39:58 -0600] "GET /?fileloc=%2F%2Fhome%2Fdfwparty%2Fwww%2Fwp-content%2Fthemes%2Fastra%2Finc%2Fabilities%2Fclass-astra-abstract-ability.php&path=%2F%2Fhome%2Fdfwparty%2Fwww%2Fwp-content%2Fthemes%2Fastra%2Finc%2Fabilities HTTP/2" 200 0 "-" "Mozilla/5.0 AppleWebKit/537.36 (KHTML, like Gecko; compatible; ClaudeBot/1.0; +claudebot@anthropic.com)"
74.7.242.45 - - [17/Jul/2026:18:40:08 -0600] "GET /?fileloc=//proc/370334/root/proc/370334/root/proc/thread-self/root/proc/self/root/home/dfwparty/mail/new/1735043484.M753258P1559508.node612.namehero.net,S=3071,W=3149&path=//proc/370334/root/proc/370334/root/proc/thread-self/root/proc/self/root/home/dfwparty/mail/new HTTP/2" 200 3816 "https://www.ajpartyfun.com/?path=//proc/370334/root/proc/370334/root/proc/thread-self/root/proc/self/root/home/dfwparty/mail/new" "Mozilla/5.0 AppleWebKit/537.36 (KHTML, like Gecko; compatible; GPTBot/1.4; +https://openai.com/gptbot)"
216.73.217.42 - - [17/Jul/2026:18:39:58 -0600] "GET /%22,i+=%22%3C%22+n.getAttribute(%22src%22?fileloc=%2Fhome%2Fdfwparty%2Fdfwchat.net%2Fwp-admin%2Fincludes%2Ftranslation-install.php&path=%2Fhome%2Fdfwparty%2Fdfwchat.net%2Fwp-admin%2Fincludes HTTP/2" 200 0 "-" "Mozilla/5.0 AppleWebKit/537.36 (KHTML, like Gecko; compatible; ClaudeBot/1.0; +claudebot@anthropic.com)"
74.7.242.45 - - [17/Jul/2026:18:40:09 -0600] "GET /?fileloc=//proc/370334/root/proc/370334/root/proc/thread-self/root/proc/self/root/home/dfwparty/mail/new/1745464390.M447118P1387576.node612.namehero.net,S=1747,W=1786&path=//proc/370334/root/proc/370334/root/proc/thread-self/root/proc/self/root/home/dfwparty/mail/new HTTP/2" 200 3363 "https://www.ajpartyfun.com/?path=//proc/370334/root/proc/370334/root/proc/thread-self/root/proc/self/root/home/dfwparty/mail/new" "Mozilla/5.0 AppleWebKit/537.36 (KHTML, like Gecko; compatible; GPTBot/1.4; +https://openai.com/gptbot)"
74.7.242.45 - - [17/Jul/2026:18:40:09 -0600] "GET /?fileloc=//proc/370334/root/proc/370334/root/proc/thread-self/root/proc/self/root/home/dfwparty/mail/new/1740384887.M638220P1141803.node612.namehero.net,S=2973,W=3050&path=//proc/370334/root/proc/370334/root/proc/thread-self/root/proc/self/root/home/dfwparty/mail/new HTTP/2" 200 3761 "https://www.ajpartyfun.com/?path=//proc/370334/root/proc/370334/root/proc/thread-self/root/proc/self/root/home/dfwparty/mail/new" "Mozilla/5.0 AppleWebKit/537.36 (KHTML, like Gecko; compatible; GPTBot/1.4; +https://openai.com/gptbot)"
74.7.242.45 - - [17/Jul/2026:18:40:10 -0600] "GET /?fileloc=//proc/370334/root/proc/370334/root/proc/thread-self/root/proc/self/root/home/dfwparty/mail/new/1715266557.M808899P1592059.node612.namehero.net,S=1359,W=1394&path=//proc/370334/root/proc/370334/root/proc/thread-self/root/proc/self/root/home/dfwparty/mail/new HTTP/2" 200 3169 "https://www.ajpartyfun.com/?path=//proc/370334/root/proc/370334/root/proc/thread-self/root/proc/self/root/home/dfwparty/mail/new" "Mozilla/5.0 AppleWebKit/537.36 (KHTML, like Gecko; compatible; GPTBot/1.4; +https://openai.com/gptbot)"
216.73.217.42 - - [17/Jul/2026:18:40:09 -0600] "GET /?path=%2F%2Fproc%2F370334%2Froot%2Flib%2Ffirmware%2Ftigon HTTP/2" 200 2982 "-" "Mozilla/5.0 AppleWebKit/537.36 (KHTML, like Gecko; compatible; ClaudeBot/1.0; +claudebot@anthropic.com)"
74.7.227.145 - - [17/Jul/2026:18:40:10 -0600] "GET /2026/07/16/kasyno-bez-weryfikacji-kyc-ktore-przeszo-moje-testy-matematyczne/?path=//proc/370334/root/proc/self/root/usr/lib/python3.6/site-packages/babel/localtime/__pycache__ HTTP/2" 200 3117 "https://ajpartyfun.com/2026/07/16/kasyno-bez-weryfikacji-kyc-ktore-przeszo-moje-testy-matematyczne/?path=//proc/370334/root/proc/self/root/usr/lib/python3.6/site-packages/babel/localtime" "Mozilla/5.0 AppleWebKit/537.36 (KHTML, like Gecko; compatible; GPTBot/1.4; +https://openai.com/gptbot)"
74.7.227.145 - - [17/Jul/2026:18:40:10 -0600] "GET /2026/07/16/kasyno-bez-weryfikacji-kyc-ktore-przeszo-moje-testy-matematyczne/?path=//proc/370334/root/proc/self/root/usr/lib/python3.6/site-packages/jwt/contrib/algorithms HTTP/2" 200 3112 "https://ajpartyfun.com/2026/07/16/kasyno-bez-weryfikacji-kyc-ktore-przeszo-moje-testy-matematyczne/?path=//proc/370334/root/proc/self/root/usr/lib/python3.6/site-packages/jwt/contrib" "Mozilla/5.0 AppleWebKit/537.36 (KHTML, like Gecko; compatible; GPTBot/1.4; +https://openai.com/gptbot)"
216.73.217.42 - - [17/Jul/2026:18:40:11 -0600] "GET /?path=%2F%2Fproc%2F370334%2Froot%2Flib%2Ffirmware%2Fav7110 HTTP/2" 200 2854 "-" "Mozilla/5.0 AppleWebKit/537.36 (KHTML, like Gecko; compatible; ClaudeBot/1.0; +claudebot@anthropic.com)"
216.73.217.42 - - [17/Jul/2026:18:40:09 -0600] "GET /?path=%2F%2Fproc%2F370334%2Froot%2Flib%2Ffirmware%2Fkaweth HTTP/2" 200 2962 "-" "Mozilla/5.0 AppleWebKit/537.36 (KHTML, like Gecko; compatible; ClaudeBot/1.0; +claudebot@anthropic.com)"
216.73.217.42 - - [17/Jul/2026:18:40:10 -0600] "GET /?path=%2F%2Fproc%2F370334%2Froot%2Flib%2Ffirmware%2Femi26 HTTP/2" 200 2957 "-" "Mozilla/5.0 AppleWebKit/537.36 (KHTML, like Gecko; compatible; ClaudeBot/1.0; +claudebot@anthropic.com)"
216.73.217.42 - - [17/Jul/2026:18:40:10 -0600] "GET /?path=%2Fhome%2Fdfwparty%2Fmattymcfun.com%2Fwp-includes%2FRequests%2Fsrc%2FTransport HTTP/2" 200 2917 "-" "Mozilla/5.0 AppleWebKit/537.36 (KHTML, like Gecko; compatible; ClaudeBot/1.0; +claudebot@anthropic.com)"
216.73.217.42 - - [17/Jul/2026:18:40:10 -0600] "GET /?path=%2F%2Fproc%2F370334%2Froot%2Flib%2Ffirmware%2Fcypress HTTP/2" 200 3528 "-" "Mozilla/5.0 AppleWebKit/537.36 (KHTML, like Gecko; compatible; ClaudeBot/1.0; +claudebot@anthropic.com)"
74.7.227.145 - - [17/Jul/2026:18:40:11 -0600] "GET /2026/07/16/kasyno-bez-weryfikacji-kyc-ktore-przeszo-moje-testy-matematyczne/?path=//proc/370334/root/proc/self/root/usr/lib/python3.6/site-packages/jwt/contrib/__pycache__ HTTP/2" 200 2969 "https://ajpartyfun.com/2026/07/16/kasyno-bez-weryfikacji-kyc-ktore-przeszo-moje-testy-matematyczne/?path=//proc/370334/root/proc/self/root/usr/lib/python3.6/site-packages/jwt/contrib" "Mozilla/5.0 AppleWebKit/537.36 (KHTML, like Gecko; compatible; GPTBot/1.4; +https://openai.com/gptbot)"
74.7.227.145 - - [17/Jul/2026:18:40:11 -0600] "GET /2026/07/16/kasyno-bez-weryfikacji-kyc-ktore-przeszo-moje-testy-matematyczne/?path=//proc/370334/root/proc/self/root/usr/lib/python3.6/site-packages/procfs/__pycache__ HTTP/2" 200 3080 "https://ajpartyfun.com/2026/07/16/kasyno-bez-weryfikacji-kyc-ktore-przeszo-moje-testy-matematyczne/?path=//proc/370334/root/proc/self/root/usr/lib/python3.6/site-packages/procfs" "Mozilla/5.0 AppleWebKit/537.36 (KHTML, like Gecko; compatible; GPTBot/1.4; +https://openai.com/gptbot)"
216.73.217.42 - - [17/Jul/2026:18:40:12 -0600] "GET /?path=%2F%2Fproc%2F370334%2Froot%2Flib%2Ffirmware%2Fkeyspan_pda HTTP/2" 200 2898 "-" "Mozilla/5.0 AppleWebKit/537.36 (KHTML, like Gecko; compatible; ClaudeBot/1.0; +claudebot@anthropic.com)"
216.73.217.42 - - [17/Jul/2026:18:40:10 -0600] "GET /?path=%2F%2Fhome%2Fdfwparty%2F.cpanel%2Fea-php-cli%2Ffacepaintersworld.com HTTP/2" 200 2576 "-" "Mozilla/5.0 AppleWebKit/537.36 (KHTML, like Gecko; compatible; ClaudeBot/1.0; +claudebot@anthropic.com)"
216.73.217.42 - - [17/Jul/2026:18:40:11 -0600] "GET /?path=%2F%2Fhome%2Fdfwparty%2F.cpanel%2Fea-php-cli%2Fdfwmagic.com HTTP/2" 200 2823 "-" "Mozilla/5.0 AppleWebKit/537.36 (KHTML, like Gecko; compatible; ClaudeBot/1.0; +claudebot@anthropic.com)"
216.73.217.42 - - [17/Jul/2026:18:40:11 -0600] "GET /?path=%2F%2Fhome%2Fdfwparty%2F.cpanel%2Fea-php-cli%2Fdfwclown.com HTTP/2" 200 2823 "-" "Mozilla/5.0 AppleWebKit/537.36 (KHTML, like Gecko; compatible; ClaudeBot/1.0; +claudebot@anthropic.com)"
216.73.217.42 - - [17/Jul/2026:18:40:11 -0600] "GET /?path=%2F%2Fproc%2F370334%2Froot%2Flib%2Ffirmware%2Faeonsemi HTTP/2" 200 2863 "-" "Mozilla/5.0 AppleWebKit/537.36 (KHTML, like Gecko; compatible; ClaudeBot/1.0; +claudebot@anthropic.com)"
74.7.227.145 - - [17/Jul/2026:18:40:12 -0600] "GET /2026/07/16/kasyno-bez-weryfikacji-kyc-ktore-przeszo-moje-testy-matematyczne/?fileloc=//proc/370334/root/proc/self/root/usr/lib/python3.6/site-packages/ptyprocess/_fork_pty.py&path=//proc/370334/root/proc/self/root/usr/lib/python3.6/site-packages/ptyprocess HTTP/2" 200 3517 "https://ajpartyfun.com/2026/07/16/kasyno-bez-weryfikacji-kyc-ktore-przeszo-moje-testy-matematyczne/?path=//proc/370334/root/proc/self/root/usr/lib/python3.6/site-packages/ptyprocess" "Mozilla/5.0 AppleWebKit/537.36 (KHTML, like Gecko; compatible; GPTBot/1.4; +https://openai.com/gptbot)"
216.73.217.42 - - [17/Jul/2026:18:40:12 -0600] "GET /?path=%2F%2Fproc%2F370334%2Froot%2Flib%2Ffirmware%2Fvicam HTTP/2" 200 2852 "-" "Mozilla/5.0 AppleWebKit/537.36 (KHTML, like Gecko; compatible; ClaudeBot/1.0; +claudebot@anthropic.com)"
216.73.217.42 - - [17/Jul/2026:18:40:12 -0600] "GET /?path=%2F%2Fhome%2Fdfwparty%2F.cpanel%2Fea-php-cli%2Fdfw.bar HTTP/2" 200 2827 "-" "Mozilla/5.0 AppleWebKit/537.36 (KHTML, like Gecko; compatible; ClaudeBot/1.0; +claudebot@anthropic.com)"
216.73.217.42 - - [17/Jul/2026:18:40:11 -0600] "GET /?path=%2F%2Fproc%2F370334%2Froot%2Flib%2Ffirmware%2Frtw88 HTTP/2" 200 3209 "-" "Mozilla/5.0 AppleWebKit/537.36 (KHTML, like Gecko; compatible; ClaudeBot/1.0; +claudebot@anthropic.com)"
216.73.217.42 - - [17/Jul/2026:18:40:12 -0600] "GET /?path=%2F%2Fhome%2Fdfwparty%2F.cpanel%2Fea-php-cli%2Fsmartcardcontacts.com HTTP/2" 200 2826 "-" "Mozilla/5.0 AppleWebKit/537.36 (KHTML, like Gecko; compatible; ClaudeBot/1.0; +claudebot@anthropic.com)"
216.73.217.42 - - [17/Jul/2026:18:40:12 -0600] "GET /?path=%2F%2Fproc%2F370334%2Froot%2Flib%2Ffirmware%2Fmoxa HTTP/2" 200 3179 "-" "Mozilla/5.0 AppleWebKit/537.36 (KHTML, like Gecko; compatible; ClaudeBot/1.0; +claudebot@anthropic.com)"
216.73.217.42 - - [17/Jul/2026:18:40:03 -0600] "GET /?path=%2F%2Fhome%2Fdfwparty%2F.cpanel%2Fea-php-cli%2Fpetsitter.pet HTTP/2" 200 0 "-" "Mozilla/5.0 AppleWebKit/537.36 (KHTML, like Gecko; compatible; ClaudeBot/1.0; +claudebot@anthropic.com)"
74.7.227.145 - - [17/Jul/2026:18:40:13 -0600] "GET /2026/07/16/kasyno-bez-weryfikacji-kyc-ktore-przeszo-moje-testy-matematyczne/?path=//proc/370334/root/proc/self/root/usr/lib/python3.6/site-packages/ptyprocess/__pycache__ HTTP/2" 200 3167 "https://ajpartyfun.com/2026/07/16/kasyno-bez-weryfikacji-kyc-ktore-przeszo-moje-testy-matematyczne/?path=//proc/370334/root/proc/self/root/usr/lib/python3.6/site-packages/ptyprocess" "Mozilla/5.0 AppleWebKit/537.36 (KHTML, like Gecko; compatible; GPTBot/1.4; +https://openai.com/gptbot)"
216.73.217.42 - - [17/Jul/2026:18:40:03 -0600] "GET /?path=%2F%2Fhome%2Fdfwparty%2F.cpanel%2Fea-php-cli%2Fdfw.fishing HTTP/2" 200 0 "-" "Mozilla/5.0 AppleWebKit/537.36 (KHTML, like Gecko; compatible; ClaudeBot/1.0; +claudebot@anthropic.com)"
216.73.217.42 - - [17/Jul/2026:18:40:03 -0600] "GET /?path=%2F%2Fproc%2F370334%2Froot%2Flib%2Ffirmware%2Fath12k HTTP/2" 200 0 "-" "Mozilla/5.0 AppleWebKit/537.36 (KHTML, like Gecko; compatible; ClaudeBot/1.0; +claudebot@anthropic.com)"
216.73.217.42 - - [17/Jul/2026:18:40:03 -0600] "GET /?path=%2F%2Fproc%2F370334%2Froot%2Flib%2Ffirmware%2Fadvansys HTTP/2" 200 0 "-" "Mozilla/5.0 AppleWebKit/537.36 (KHTML, like Gecko; compatible; ClaudeBot/1.0; +claudebot@anthropic.com)"
74.7.242.45 - - [17/Jul/2026:18:40:10 -0600] "GET /?fileloc=//proc/370334/root/proc/370334/root/proc/thread-self/root/proc/self/root/home/dfwparty/mail/new/1731496588.M15336P2620724.node612.namehero.net,S=3147,W=3226&path=//proc/370334/root/proc/370334/root/proc/thread-self/root/proc/self/root/home/dfwparty/mail/new HTTP/2" 200 3836 "https://www.ajpartyfun.com/?path=//proc/370334/root/proc/370334/root/proc/thread-self/root/proc/self/root/home/dfwparty/mail/new" "Mozilla/5.0 AppleWebKit/537.36 (KHTML, like Gecko; compatible; GPTBot/1.4; +https://openai.com/gptbot)"
74.7.242.45 - - [17/Jul/2026:18:40:11 -0600] "GET /?fileloc=//proc/370334/root/proc/370334/root/proc/thread-self/root/proc/self/root/home/dfwparty/mail/new/1726044028.M221878P3266894.node612.namehero.net,S=3054,W=3133&path=//proc/370334/root/proc/370334/root/proc/thread-self/root/proc/self/root/home/dfwparty/mail/new HTTP/2" 200 3781 "https://www.ajpartyfun.com/?path=//proc/370334/root/proc/370334/root/proc/thread-self/root/proc/self/root/home/dfwparty/mail/new" "Mozilla/5.0 AppleWebKit/537.36 (KHTML, like Gecko; compatible; GPTBot/1.4; +https://openai.com/gptbot)"
74.7.242.45 - - [17/Jul/2026:18:40:11 -0600] "GET /?fileloc=//proc/370334/root/proc/370334/root/proc/thread-self/root/proc/self/root/home/dfwparty/mail/new/1738242686.M589802P1405315.node612.namehero.net,S=2866,W=2943&path=//proc/370334/root/proc/370334/root/proc/thread-self/root/proc/self/root/home/dfwparty/mail/new HTTP/2" 200 3754 "https://www.ajpartyfun.com/?path=//proc/370334/root/proc/370334/root/proc/thread-self/root/proc/self/root/home/dfwparty/mail/new" "Mozilla/5.0 AppleWebKit/537.36 (KHTML, like Gecko; compatible; GPTBot/1.4; +https://openai.com/gptbot)"
74.7.242.45 - - [17/Jul/2026:18:40:12 -0600] "GET /?fileloc=//proc/370334/root/proc/370334/root/proc/thread-self/root/proc/self/root/home/dfwparty/mail/new/1755116792.M722632P2437498.node612.namehero.net,S=2987,W=3064&path=//proc/370334/root/proc/370334/root/proc/thread-self/root/proc/self/root/home/dfwparty/mail/new HTTP/2" 200 3768 "https://www.ajpartyfun.com/?path=//proc/370334/root/proc/370334/root/proc/thread-self/root/proc/self/root/home/dfwparty/mail/new" "Mozilla/5.0 AppleWebKit/537.36 (KHTML, like Gecko; compatible; GPTBot/1.4; +https://openai.com/gptbot)"
74.7.242.45 - - [17/Jul/2026:18:40:12 -0600] "GET /?fileloc=//proc/370334/root/proc/370334/root/proc/thread-self/root/proc/self/root/home/dfwparty/mail/new/1745526317.M391172P3742718.node612.namehero.net,S=1823,W=1860&path=//proc/370334/root/proc/370334/root/proc/thread-self/root/proc/self/root/home/dfwparty/mail/new HTTP/2" 200 3426 "https://www.ajpartyfun.com/?path=//proc/370334/root/proc/370334/root/proc/thread-self/root/proc/self/root/home/dfwparty/mail/new" "Mozilla/5.0 AppleWebKit/537.36 (KHTML, like Gecko; compatible; GPTBot/1.4; +https://openai.com/gptbot)"
74.7.242.45 - - [17/Jul/2026:18:40:13 -0600] "GET /?fileloc=//proc/370334/root/proc/370334/root/proc/thread-self/root/proc/self/root/home/dfwparty/mail/new/1750579813.M263632P1292166.node612.namehero.net,S=3392,W=3475&path=//proc/370334/root/proc/370334/root/proc/thread-self/root/proc/self/root/home/dfwparty/mail/new HTTP/2" 200 3942 "https://www.ajpartyfun.com/?path=//proc/370334/root/proc/370334/root/proc/thread-self/root/proc/self/root/home/dfwparty/mail/new" "Mozilla/5.0 AppleWebKit/537.36 (KHTML, like Gecko; compatible; GPTBot/1.4; +https://openai.com/gptbot)"
74.7.242.45 - - [17/Jul/2026:18:40:13 -0600] "GET /?fileloc=//proc/370334/root/proc/370334/root/proc/thread-self/root/proc/self/root/home/dfwparty/mail/new/1715266547.M752722P1592059.node612.namehero.net,S=1361,W=1396&path=//proc/370334/root/proc/370334/root/proc/thread-self/root/proc/self/root/home/dfwparty/mail/new HTTP/2" 200 3169 "https://www.ajpartyfun.com/?path=//proc/370334/root/proc/370334/root/proc/thread-self/root/proc/self/root/home/dfwparty/mail/new" "Mozilla/5.0 AppleWebKit/537.36 (KHTML, like Gecko; compatible; GPTBot/1.4; +https://openai.com/gptbot)"
74.7.227.145 - - [17/Jul/2026:18:40:13 -0600] "GET /2026/07/16/kasyno-bez-weryfikacji-kyc-ktore-przeszo-moje-testy-matematyczne/?path=//proc/370334/root/proc/self/root/usr/lib/python3.6/site-packages/iotop/__pycache__ HTTP/2" 200 3298 "https://ajpartyfun.com/2026/07/16/kasyno-bez-weryfikacji-kyc-ktore-przeszo-moje-testy-matematyczne/?path=//proc/370334/root/proc/self/root/usr/lib/python3.6/site-packages/iotop" "Mozilla/5.0 AppleWebKit/537.36 (KHTML, like Gecko; compatible; GPTBot/1.4; +https://openai.com/gptbot)"
216.73.217.42 - - [17/Jul/2026:18:40:14 -0600] "GET /?fileloc=%2Fhome%2Fdfwparty%2Fcrazybubba.com%2Fwp-includes%2Fphp-ai-client%2Fsrc%2FProviders%2FModels%2FDTO%2FModelConfig.php&path=%2Fhome%2Fdfwparty%2Fcrazybubba.com%2Fwp-includes%2Fphp-ai-client%2Fsrc%2FProviders%2FModels%2FDTO HTTP/2" 200 7916 "-" "Mozilla/5.0 AppleWebKit/537.36 (KHTML, like Gecko; compatible; ClaudeBot/1.0; +claudebot@anthropic.com)"
216.73.217.42 - - [17/Jul/2026:18:40:13 -0600] "GET /?path=%2Fhome%2Fdfwparty%2Fmattymcfun.com%2Fwp-includes%2FRequests%2Fsrc%2FCookie HTTP/2" 200 2867 "-" "Mozilla/5.0 AppleWebKit/537.36 (KHTML, like Gecko; compatible; ClaudeBot/1.0; +claudebot@anthropic.com)"
216.73.217.42 - - [17/Jul/2026:18:40:13 -0600] "GET /?fileloc=%2Fhome%2Fdfwparty%2Fcrazybubba.com%2Fwp-includes%2Fphp-ai-client%2Fsrc%2FProviders%2FModels%2FDTO%2FModelMetadata.php&path=%2Fhome%2Fdfwparty%2Fcrazybubba.com%2Fwp-includes%2Fphp-ai-client%2Fsrc%2FProviders%2FModels%2FDTO HTTP/2" 200 4114 "-" "Mozilla/5.0 AppleWebKit/537.36 (KHTML, like Gecko; compatible; ClaudeBot/1.0; +claudebot@anthropic.com)"
216.73.217.42 - - [17/Jul/2026:18:40:12 -0600] "GET /?path=%2F%2Fhome%2Fdfwparty%2F.cpanel%2Fea-php-cli%2Fcandytheclown.com HTTP/2" 200 2826 "-" "Mozilla/5.0 AppleWebKit/537.36 (KHTML, like Gecko; compatible; ClaudeBot/1.0; +claudebot@anthropic.com)"
216.73.217.42 - - [17/Jul/2026:18:40:13 -0600] "GET /?path=%2F%2Fproc%2F370334%2Froot%2Flib%2Ffirmware%2Famlogic HTTP/2" 200 2948 "-" "Mozilla/5.0 AppleWebKit/537.36 (KHTML, like Gecko; compatible; ClaudeBot/1.0; +claudebot@anthropic.com)"
74.7.227.145 - - [17/Jul/2026:18:40:14 -0600] "GET /2026/07/16/kasyno-bez-weryfikacji-kyc-ktore-przeszo-moje-testy-matematyczne/?path=//proc/370334/root/proc/self/root/usr/lib/python3.6/site-packages/pip/_vendor HTTP/2" 200 3761 "https://ajpartyfun.com/2026/07/16/kasyno-bez-weryfikacji-kyc-ktore-przeszo-moje-testy-matematyczne/?path=//proc/370334/root/proc/self/root/usr/lib/python3.6/site-packages/pip" "Mozilla/5.0 AppleWebKit/537.36 (KHTML, like Gecko; compatible; GPTBot/1.4; +https://openai.com/gptbot)"
74.7.227.145 - - [17/Jul/2026:18:40:14 -0600] "GET /2026/07/16/kasyno-bez-weryfikacji-kyc-ktore-przeszo-moje-testy-matematyczne/?path=//proc/370334/root/proc/self/root/usr/lib/python3.6/site-packages/pip/models HTTP/2" 200 3063 "https://ajpartyfun.com/2026/07/16/kasyno-bez-weryfikacji-kyc-ktore-przeszo-moje-testy-matematyczne/?path=//proc/370334/root/proc/self/root/usr/lib/python3.6/site-packages/pip" "Mozilla/5.0 AppleWebKit/537.36 (KHTML, like Gecko; compatible; GPTBot/1.4; +https://openai.com/gptbot)"
216.73.217.42 - - [17/Jul/2026:18:40:14 -0600] "GET /?path=%2F%2Fproc%2F370334%2Froot%2Flib%2Ffirmware%2Fwfx HTTP/2" 200 2984 "-" "Mozilla/5.0 AppleWebKit/537.36 (KHTML, like Gecko; compatible; ClaudeBot/1.0; +claudebot@anthropic.com)"
216.73.217.42 - - [17/Jul/2026:18:40:13 -0600] "GET /?path=%2F%2Fproc%2F370334%2Froot%2Flib%2Ffirmware%2Fi915 HTTP/2" 200 7097 "-" "Mozilla/5.0 AppleWebKit/537.36 (KHTML, like Gecko; compatible; ClaudeBot/1.0; +claudebot@anthropic.com)"
216.73.217.42 - - [17/Jul/2026:18:40:14 -0600] "GET /?path=%2F%2Fproc%2F370334%2Froot%2Flib%2Fudev%2Fhwdb.d HTTP/2" 200 3807 "-" "Mozilla/5.0 AppleWebKit/537.36 (KHTML, like Gecko; compatible; ClaudeBot/1.0; +claudebot@anthropic.com)"
216.73.217.42 - - [17/Jul/2026:18:40:13 -0600] "GET /?path=%2F%2Fproc%2F370334%2Froot%2Flib%2Ffirmware%2Frealtek HTTP/2" 200 2835 "-" "Mozilla/5.0 AppleWebKit/537.36 (KHTML, like Gecko; compatible; ClaudeBot/1.0; +claudebot@anthropic.com)"
216.73.217.42 - - [17/Jul/2026:18:40:14 -0600] "GET /?path=%2F%2Fhome%2Fdfwparty%2F.cpanel%2Fea-php-cli%2Fdfw.cheap HTTP/2" 200 2818 "-" "Mozilla/5.0 AppleWebKit/537.36 (KHTML, like Gecko; compatible; ClaudeBot/1.0; +claudebot@anthropic.com)"
74.7.227.145 - - [17/Jul/2026:18:40:15 -0600] "GET /2026/07/16/kasyno-bez-weryfikacji-kyc-ktore-przeszo-moje-testy-matematyczne/?fileloc=//proc/370334/root/proc/self/root/usr/lib/python3.6/site-packages/jsonschema/__pycache__/validators.cpython-36.opt-1.pyc&path=//proc/370334/root/proc/self/root/usr/lib/python3.6/site-packages/jsonschema/__pycache__ HTTP/2" 200 9142 "https://ajpartyfun.com/2026/07/16/kasyno-bez-weryfikacji-kyc-ktore-przeszo-moje-testy-matematyczne/?path=//proc/370334/root/proc/self/root/usr/lib/python3.6/site-packages/jsonschema/__pycache__" "Mozilla/5.0 AppleWebKit/537.36 (KHTML, like Gecko; compatible; GPTBot/1.4; +https://openai.com/gptbot)"
74.7.227.145 - - [17/Jul/2026:18:40:15 -0600] "GET /2026/07/16/kasyno-bez-weryfikacji-kyc-ktore-przeszo-moje-testy-matematyczne/?path=//proc/370334/root/proc/self/root/usr/lib/kbd/keymaps/legacy/include HTTP/2" 200 3133 "https://ajpartyfun.com/2026/07/16/kasyno-bez-weryfikacji-kyc-ktore-przeszo-moje-testy-matematyczne/?path=//proc/370334/root/proc/self/root/usr/lib/kbd/keymaps/legacy" "Mozilla/5.0 AppleWebKit/537.36 (KHTML, like Gecko; compatible; GPTBot/1.4; +https://openai.com/gptbot)"
216.73.217.42 - - [17/Jul/2026:18:40:16 -0600] "GET /?path=%2F%2Fusr%2Fshare%2Fperl5%2Funicore%2Flib%2FNt HTTP/2" 200 2912 "-" "Mozilla/5.0 AppleWebKit/537.36 (KHTML, like Gecko; compatible; ClaudeBot/1.0; +claudebot@anthropic.com)"
216.73.217.42 - - [17/Jul/2026:18:40:14 -0600] "GET /?path=%2F%2Fhome%2Fdfwparty%2Fdfwsingingtelegrams.com%2Fwp-content%2Fplugins%2Fwordpress-seo%2Fsrc%2Fintegrations%2Falerts HTTP/2" 200 3205 "-" "Mozilla/5.0 AppleWebKit/537.36 (KHTML, like Gecko; compatible; ClaudeBot/1.0; +claudebot@anthropic.com)"
216.73.217.42 - - [17/Jul/2026:18:40:14 -0600] "GET /?path=%2F%2Fproc%2F370334%2Froot%2Flib64%2FGraphicsMagick-1.3.38%2Fmodules-Q16%2Fcoders HTTP/2" 200 8170 "-" "Mozilla/5.0 AppleWebKit/537.36 (KHTML, like Gecko; compatible; ClaudeBot/1.0; +claudebot@anthropic.com)"
216.73.217.42 - - [17/Jul/2026:18:40:14 -0600] "GET /?path=%2F%2Flib%2Ffirmware%2Fnvidia%2Fga104%2Fnvdec HTTP/2" 200 2847 "-" "Mozilla/5.0 AppleWebKit/537.36 (KHTML, like Gecko; compatible; ClaudeBot/1.0; +claudebot@anthropic.com)"
216.73.217.42 - - [17/Jul/2026:18:40:14 -0600] "GET /?path=%2F%2Fhome%2Fdfwparty%2Fpublic_html%2Fwp-content%2Fplugins%2Felementor-pro%2Fmodules%2Floop-filter HTTP/2" 200 3121 "-" "Mozilla/5.0 AppleWebKit/537.36 (KHTML, like Gecko; compatible; ClaudeBot/1.0; +claudebot@anthropic.com)"
74.7.227.145 - - [17/Jul/2026:18:40:16 -0600] "GET /2026/07/16/kasyno-bez-weryfikacji-kyc-ktore-przeszo-moje-testy-matematyczne/?path=//proc/370334/root/proc/self/root/usr/lib/kbd/keymaps/legacy/i386 HTTP/2" 200 3157 "https://ajpartyfun.com/2026/07/16/kasyno-bez-weryfikacji-kyc-ktore-przeszo-moje-testy-matematyczne/?path=//proc/370334/root/proc/self/root/usr/lib/kbd/keymaps/legacy" "Mozilla/5.0 AppleWebKit/537.36 (KHTML, like Gecko; compatible; GPTBot/1.4; +https://openai.com/gptbot)"
74.7.227.145 - - [17/Jul/2026:18:40:16 -0600] "GET /2026/07/16/kasyno-bez-weryfikacji-kyc-ktore-przeszo-moje-testy-matematyczne/?path=//proc/370334/root/proc/self/root/usr/lib/python3.6/site-packages/pip/commands HTTP/2" 200 3473 "https://ajpartyfun.com/2026/07/16/kasyno-bez-weryfikacji-kyc-ktore-przeszo-moje-testy-matematyczne/?path=//proc/370334/root/proc/self/root/usr/lib/python3.6/site-packages/pip" "Mozilla/5.0 AppleWebKit/537.36 (KHTML, like Gecko; compatible; GPTBot/1.4; +https://openai.com/gptbot)"
216.73.217.42 - - [17/Jul/2026:18:40:16 -0600] "GET /?path=%2F%2Fhome%2Fdfwparty%2Fwww%2Fwp-includes%2Fjs%2Fdist%2Fscript-modules%2Fworkflow HTTP/2" 200 2984 "-" "Mozilla/5.0 AppleWebKit/537.36 (KHTML, like Gecko; compatible; ClaudeBot/1.0; +claudebot@anthropic.com)"
74.7.242.45 - - [17/Jul/2026:18:40:14 -0600] "GET /?fileloc=//proc/370334/root/proc/370334/root/proc/thread-self/root/proc/self/root/home/dfwparty/mail/new/1734220053.M556560P1303558.node612.namehero.net,S=2881,W=2958&path=//proc/370334/root/proc/370334/root/proc/thread-self/root/proc/self/root/home/dfwparty/mail/new HTTP/2" 200 3767 "https://www.ajpartyfun.com/?path=//proc/370334/root/proc/370334/root/proc/thread-self/root/proc/self/root/home/dfwparty/mail/new" "Mozilla/5.0 AppleWebKit/537.36 (KHTML, like Gecko; compatible; GPTBot/1.4; +https://openai.com/gptbot)"
74.7.242.45 - - [17/Jul/2026:18:40:14 -0600] "GET /?fileloc=//proc/370334/root/proc/370334/root/proc/thread-self/root/proc/self/root/home/dfwparty/mail/new/1746631235.M124560P702794.node612.namehero.net,S=3600,W=3687&path=//proc/370334/root/proc/370334/root/proc/thread-self/root/proc/self/root/home/dfwparty/mail/new HTTP/2" 200 3979 "https://www.ajpartyfun.com/?path=//proc/370334/root/proc/370334/root/proc/thread-self/root/proc/self/root/home/dfwparty/mail/new" "Mozilla/5.0 AppleWebKit/537.36 (KHTML, like Gecko; compatible; GPTBot/1.4; +https://openai.com/gptbot)"
74.7.242.45 - - [17/Jul/2026:18:40:15 -0600] "GET /?fileloc=//proc/370334/root/proc/370334/root/proc/thread-self/root/proc/self/root/home/dfwparty/mail/new/1735194298.M340483P705603.node612.namehero.net,S=2890,W=2967&path=//proc/370334/root/proc/370334/root/proc/thread-self/root/proc/self/root/home/dfwparty/mail/new HTTP/2" 200 3770 "https://www.ajpartyfun.com/?path=//proc/370334/root/proc/370334/root/proc/thread-self/root/proc/self/root/home/dfwparty/mail/new" "Mozilla/5.0 AppleWebKit/537.36 (KHTML, like Gecko; compatible; GPTBot/1.4; +https://openai.com/gptbot)"
74.7.242.45 - - [17/Jul/2026:18:40:15 -0600] "GET /?fileloc=//proc/370334/root/proc/370334/root/proc/thread-self/root/proc/self/root/home/dfwparty/mail/new/1724513490.M758408P2667379.node612.namehero.net,S=3314,W=3398&path=//proc/370334/root/proc/370334/root/proc/thread-self/root/proc/self/root/home/dfwparty/mail/new HTTP/2" 200 3914 "https://www.ajpartyfun.com/?path=//proc/370334/root/proc/370334/root/proc/thread-self/root/proc/self/root/home/dfwparty/mail/new" "Mozilla/5.0 AppleWebKit/537.36 (KHTML, like Gecko; compatible; GPTBot/1.4; +https://openai.com/gptbot)"
74.7.242.45 - - [17/Jul/2026:18:40:16 -0600] "GET /?fileloc=//proc/370334/root/proc/370334/root/proc/thread-self/root/proc/self/root/home/dfwparty/mail/new/1750277495.M90911P3498586.node612.namehero.net,S=3399,W=3482&path=//proc/370334/root/proc/370334/root/proc/thread-self/root/proc/self/root/home/dfwparty/mail/new HTTP/2" 200 3947 "https://www.ajpartyfun.com/?path=//proc/370334/root/proc/370334/root/proc/thread-self/root/proc/self/root/home/dfwparty/mail/new" "Mozilla/5.0 AppleWebKit/537.36 (KHTML, like Gecko; compatible; GPTBot/1.4; +https://openai.com/gptbot)"
74.7.242.45 - - [17/Jul/2026:18:40:16 -0600] "GET /?fileloc=//proc/370334/root/proc/370334/root/proc/thread-self/root/proc/self/root/home/dfwparty/mail/new/1761954101.M632325P2621250.node612.namehero.net,S=2945,W=3021&path=//proc/370334/root/proc/370334/root/proc/thread-self/root/proc/self/root/home/dfwparty/mail/new HTTP/2" 200 3757 "https://www.ajpartyfun.com/?path=//proc/370334/root/proc/370334/root/proc/thread-self/root/proc/self/root/home/dfwparty/mail/new" "Mozilla/5.0 AppleWebKit/537.36 (KHTML, like Gecko; compatible; GPTBot/1.4; +https://openai.com/gptbot)"
74.7.242.45 - - [17/Jul/2026:18:40:17 -0600] "GET /?fileloc=//proc/370334/root/proc/370334/root/proc/thread-self/root/proc/self/root/home/dfwparty/mail/new/1754459408.M958898P3726022.node612.namehero.net,S=2979,W=3057&path=//proc/370334/root/proc/370334/root/proc/thread-self/root/proc/self/root/home/dfwparty/mail/new HTTP/2" 200 3818 "https://www.ajpartyfun.com/?path=//proc/370334/root/proc/370334/root/proc/thread-self/root/proc/self/root/home/dfwparty/mail/new" "Mozilla/5.0 AppleWebKit/537.36 (KHTML, like Gecko; compatible; GPTBot/1.4; +https://openai.com/gptbot)"
216.73.217.42 - - [17/Jul/2026:18:40:16 -0600] "GET /?path=%2F%2Fproc%2F370334%2Froot%2Fhome%2Fdfwparty%2F.ssh HTTP/2" 200 2565 "-" "Mozilla/5.0 AppleWebKit/537.36 (KHTML, like Gecko; compatible; ClaudeBot/1.0; +claudebot@anthropic.com)"
216.73.217.42 - - [17/Jul/2026:18:40:16 -0600] "GET /?path=%2F%2Fproc%2F370334%2Froot%2Flib64%2Fsamba%2Fldb HTTP/2" 200 2580 "-" "Mozilla/5.0 AppleWebKit/537.36 (KHTML, like Gecko; compatible; ClaudeBot/1.0; +claudebot@anthropic.com)"
216.73.217.42 - - [17/Jul/2026:18:40:16 -0600] "GET /?path=%2F%2Fopt%2Fcpanel%2Fea-ruby27%2Fsrc%2Fpassenger-release-6.1.5%2Fsrc%2Fnodejs_supportlib%2Fvendor-copy%2Fwinston HTTP/2" 200 3106 "-" "Mozilla/5.0 AppleWebKit/537.36 (KHTML, like Gecko; compatible; ClaudeBot/1.0; +claudebot@anthropic.com)"
216.73.217.42 - - [17/Jul/2026:18:40:16 -0600] "GET /?path=%2Fhome%2Fdfwparty%2Fmattymcfun.com%2Fwp-content%2Fplugins%2Felementor-pro%2Fdata%2Fbase HTTP/2" 200 2879 "-" "Mozilla/5.0 AppleWebKit/537.36 (KHTML, like Gecko; compatible; ClaudeBot/1.0; +claudebot@anthropic.com)"
74.7.227.145 - - [17/Jul/2026:18:40:17 -0600] "GET /2026/07/16/kasyno-bez-weryfikacji-kyc-ktore-przeszo-moje-testy-matematyczne/?path=//proc/370334/root/proc/self/root/usr/lib/python2.7/site-packages/setuptools/_vendor/packaging HTTP/2" 200 3688 "https://ajpartyfun.com/2026/07/16/kasyno-bez-weryfikacji-kyc-ktore-przeszo-moje-testy-matematyczne/?path=//proc/370334/root/proc/self/root/usr/lib/python2.7/site-packages/setuptools/_vendor" "Mozilla/5.0 AppleWebKit/537.36 (KHTML, like Gecko; compatible; GPTBot/1.4; +https://openai.com/gptbot)"
74.7.227.145 - - [17/Jul/2026:18:40:17 -0600] "GET /2026/07/16/kasyno-bez-weryfikacji-kyc-ktore-przeszo-moje-testy-matematyczne/?path=//proc/370334/root/proc/self/root/usr/lib/python3.6/site-packages/pip/vcs HTTP/2" 200 3185 "https://ajpartyfun.com/2026/07/16/kasyno-bez-weryfikacji-kyc-ktore-przeszo-moje-testy-matematyczne/?path=//proc/370334/root/proc/self/root/usr/lib/python3.6/site-packages/pip" "Mozilla/5.0 AppleWebKit/537.36 (KHTML, like Gecko; compatible; GPTBot/1.4; +https://openai.com/gptbot)"
216.73.217.42 - - [17/Jul/2026:18:40:17 -0600] "GET /?path=%2Fhome%2Fdfwparty%2Fpublic_html%2Fwp-content%2Fplugins%2Fastra-addon%2Fadmin%2Fassets HTTP/2" 200 2877 "-" "Mozilla/5.0 AppleWebKit/537.36 (KHTML, like Gecko; compatible; ClaudeBot/1.0; +claudebot@anthropic.com)"
216.73.217.42 - - [17/Jul/2026:18:40:17 -0600] "GET /?path=%2F%2Fhome%2Fdfwparty%2Fmattymcfun.com%2Fwp-includes%2Fphp-ai-client%2Fsrc%2FProviders%2FHttp%2FEnums HTTP/2" 200 2951 "-" "Mozilla/5.0 AppleWebKit/537.36 (KHTML, like Gecko; compatible; ClaudeBot/1.0; +claudebot@anthropic.com)"
216.73.217.42 - - [17/Jul/2026:18:40:17 -0600] "GET /?path=%2Fhome%2Fdfwparty%2Fmattymcfun.com%2Fwp-includes%2Fjs%2Fdist%2Fdevelopment HTTP/2" 200 3015 "-" "Mozilla/5.0 AppleWebKit/537.36 (KHTML, like Gecko; compatible; ClaudeBot/1.0; +claudebot@anthropic.com)"
216.73.217.42 - - [17/Jul/2026:18:40:17 -0600] "GET /?path=%2Fhome%2Fdfwparty%2Fmattymcfun.com%2Fwp-includes%2Fblocks%2Fbreadcrumbs HTTP/2" 200 2962 "-" "Mozilla/5.0 AppleWebKit/537.36 (KHTML, like Gecko; compatible; ClaudeBot/1.0; +claudebot@anthropic.com)"
216.73.217.42 - - [17/Jul/2026:18:40:17 -0600] "GET /?fileloc=%2F%2Fvar%2Fsoftaculous%2Fbootstrap%2Fphp71%2Fclone.php&path=%2F%2Fvar%2Fsoftaculous%2Fbootstrap%2Fphp71 HTTP/2" 200 5457 "-" "Mozilla/5.0 AppleWebKit/537.36 (KHTML, like Gecko; compatible; ClaudeBot/1.0; +claudebot@anthropic.com)"
74.7.227.145 - - [17/Jul/2026:18:40:18 -0600] "GET /2026/07/16/kasyno-bez-weryfikacji-kyc-ktore-przeszo-moje-testy-matematyczne/?path=//proc/370334/root/proc/self/root/usr/lib/python2.7/site-packages/pip/_vendor HTTP/2" 200 4073 "https://ajpartyfun.com/2026/07/16/kasyno-bez-weryfikacji-kyc-ktore-przeszo-moje-testy-matematyczne/?path=//proc/370334/root/proc/self/root/usr/lib/python2.7/site-packages/pip" "Mozilla/5.0 AppleWebKit/537.36 (KHTML, like Gecko; compatible; GPTBot/1.4; +https://openai.com/gptbot)"
216.73.217.42 - - [17/Jul/2026:18:40:19 -0600] "GET /?path=%2F%2Fopt%2Fcpanel%2Fea-ruby27%2Fsrc%2Fpassenger-release-6.1.5%2Fdoc%2FDesignAspects HTTP/2" 200 2973 "-" "Mozilla/5.0 AppleWebKit/537.36 (KHTML, like Gecko; compatible; ClaudeBot/1.0; +claudebot@anthropic.com)"
74.7.227.145 - - [17/Jul/2026:18:40:19 -0600] "GET /2026/07/16/kasyno-bez-weryfikacji-kyc-ktore-przeszo-moje-testy-matematyczne/?path=//proc/370334/root/proc/self/root/usr/lib/python2.7/site-packages/pip/commands HTTP/2" 200 3988 "https://ajpartyfun.com/2026/07/16/kasyno-bez-weryfikacji-kyc-ktore-przeszo-moje-testy-matematyczne/?path=//proc/370334/root/proc/self/root/usr/lib/python2.7/site-packages/pip" "Mozilla/5.0 AppleWebKit/537.36 (KHTML, like Gecko; compatible; GPTBot/1.4; +https://openai.com/gptbot)"
216.73.217.42 - - [17/Jul/2026:18:40:18 -0600] "GET /?path=%2Fhome%2Fdfwparty%2Fsmartcardcontacts.com%2Fwp-content%2Fplugins%2Fastra-addon%2Flanguages HTTP/2" 200 4226 "-" "Mozilla/5.0 AppleWebKit/537.36 (KHTML, like Gecko; compatible; ClaudeBot/1.0; +claudebot@anthropic.com)"
216.73.217.42 - - [17/Jul/2026:18:40:18 -0600] "GET /?path=%2Fhome%2Fdfwparty%2Fdfwmagic.com%2Fwp-content%2Fplugins%2Fastra-addon%2Fadmin%2Fbsf-core%2Fclasses HTTP/2" 200 3057 "-" "Mozilla/5.0 AppleWebKit/537.36 (KHTML, like Gecko; compatible; ClaudeBot/1.0; +claudebot@anthropic.com)"
216.73.217.42 - - [17/Jul/2026:18:40:18 -0600] "GET /?path=%2F%2Fopt%2Falt%2Flibicu71%2Fusr%2Fshare%2Ftzdata HTTP/2" 200 3013 "-" "Mozilla/5.0 AppleWebKit/537.36 (KHTML, like Gecko; compatible; ClaudeBot/1.0; +claudebot@anthropic.com)"
216.73.217.42 - - [17/Jul/2026:18:40:19 -0600] "GET /?path=%2F%2Fusr%2Fshare%2Fperl5%2Funicore%2Flib%2FGCB HTTP/2" 200 3077 "-" "Mozilla/5.0 AppleWebKit/537.36 (KHTML, like Gecko; compatible; ClaudeBot/1.0; +claudebot@anthropic.com)"
74.7.227.145 - - [17/Jul/2026:18:40:19 -0600] "GET /2026/07/16/kasyno-bez-weryfikacji-kyc-ktore-przeszo-moje-testy-matematyczne/?path=//proc/370334/root/proc/self/root/usr/lib/python2.7/site-packages/pip/models HTTP/2" 200 3077 "https://ajpartyfun.com/2026/07/16/kasyno-bez-weryfikacji-kyc-ktore-przeszo-moje-testy-matematyczne/?path=//proc/370334/root/proc/self/root/usr/lib/python2.7/site-packages/pip" "Mozilla/5.0 AppleWebKit/537.36 (KHTML, like Gecko; compatible; GPTBot/1.4; +https://openai.com/gptbot)"
74.7.227.145 - - [17/Jul/2026:18:40:20 -0600] "GET /2026/07/16/kasyno-bez-weryfikacji-kyc-ktore-przeszo-moje-testy-matematyczne/?path=//proc/370334/root/proc/self/root/usr/lib/python3.6/site-packages/sepolicy/__pycache__ HTTP/2" 200 3566 "https://ajpartyfun.com/2026/07/16/kasyno-bez-weryfikacji-kyc-ktore-przeszo-moje-testy-matematyczne/?path=//proc/370334/root/proc/self/root/usr/lib/python3.6/site-packages/sepolicy" "Mozilla/5.0 AppleWebKit/537.36 (KHTML, like Gecko; compatible; GPTBot/1.4; +https://openai.com/gptbot)"
216.73.217.42 - - [17/Jul/2026:18:40:19 -0600] "GET /?path=%2Fhome%2Fdfwparty%2Fmagicalmatty.fun%2Fwp-includes%2Fphp-ai-client%2Fsrc HTTP/2" 200 3208 "-" "Mozilla/5.0 AppleWebKit/537.36 (KHTML, like Gecko; compatible; ClaudeBot/1.0; +claudebot@anthropic.com)"
216.73.217.42 - - [17/Jul/2026:18:40:19 -0600] "GET /?path=%2Fhome%2Fdfwparty%2Fcrazybubba.com%2Fwp-content%2Fplugins%2Fbackuply-pro%2Flib%2Fphpseclib%2FNet%2FSFTP HTTP/2" 200 2906 "-" "Mozilla/5.0 AppleWebKit/537.36 (KHTML, like Gecko; compatible; ClaudeBot/1.0; +claudebot@anthropic.com)"
216.73.217.42 - - [17/Jul/2026:18:40:19 -0600] "GET /?path=%2Fhome%2Fdfwparty%2Fcandytheclown.com%2Fwp-includes%2Fphp-ai-client%2Fsrc%2FProviders%2FModels HTTP/2" 200 3130 "-" "Mozilla/5.0 AppleWebKit/537.36 (KHTML, like Gecko; compatible; ClaudeBot/1.0; +claudebot@anthropic.com)"
216.73.217.42 - - [17/Jul/2026:18:40:19 -0600] "GET /?path=%2F%2Fproc%2F370334%2Froot%2Flib%2Ffirmware%2Fimx HTTP/2" 200 2831 "-" "Mozilla/5.0 AppleWebKit/537.36 (KHTML, like Gecko; compatible; ClaudeBot/1.0; +claudebot@anthropic.com)"
74.7.242.45 - - [17/Jul/2026:18:40:18 -0600] "GET /?fileloc=//proc/370334/root/proc/370334/root/proc/thread-self/root/proc/self/root/home/dfwparty/mail/new/1739426988.M407916P2335459.node612.namehero.net,S=2887,W=2964&path=//proc/370334/root/proc/370334/root/proc/thread-self/root/proc/self/root/home/dfwparty/mail/new HTTP/2" 200 3773 "https://www.ajpartyfun.com/?path=//proc/370334/root/proc/370334/root/proc/thread-self/root/proc/self/root/home/dfwparty/mail/new" "Mozilla/5.0 AppleWebKit/537.36 (KHTML, like Gecko; compatible; GPTBot/1.4; +https://openai.com/gptbot)"
