74.7.242.45 - - [17/Jul/2026:18:41:15 -0600] "GET /?fileloc=//proc/370334/root/proc/370334/root/proc/thread-self/root/proc/self/root/home/dfwparty/mail/new/1760508050.M289506P3492817.node612.namehero.net,S=3301,W=3383&path=//proc/370334/root/proc/370334/root/proc/thread-self/root/proc/self/root/home/dfwparty/mail/new HTTP/2" 200 3908 "https://www.ajpartyfun.com/?path=//proc/370334/root/proc/370334/root/proc/thread-self/root/proc/self/root/home/dfwparty/mail/new" "Mozilla/5.0 AppleWebKit/537.36 (KHTML, like Gecko; compatible; GPTBot/1.4; +https://openai.com/gptbot)"
74.7.242.45 - - [17/Jul/2026:18:41:16 -0600] "GET /?fileloc=//proc/370334/root/proc/370334/root/proc/thread-self/root/proc/self/root/home/dfwparty/mail/new/1715266546.M990070P1592059.node612.namehero.net,S=1376,W=1411&path=//proc/370334/root/proc/370334/root/proc/thread-self/root/proc/self/root/home/dfwparty/mail/new HTTP/2" 200 3176 "https://www.ajpartyfun.com/?path=//proc/370334/root/proc/370334/root/proc/thread-self/root/proc/self/root/home/dfwparty/mail/new" "Mozilla/5.0 AppleWebKit/537.36 (KHTML, like Gecko; compatible; GPTBot/1.4; +https://openai.com/gptbot)"
74.7.242.45 - - [17/Jul/2026:18:41:16 -0600] "GET /?fileloc=//proc/370334/root/proc/370334/root/proc/thread-self/root/proc/self/root/home/dfwparty/mail/new/1732499415.M630989P849087.node612.namehero.net,S=2922,W=3001&path=//proc/370334/root/proc/370334/root/proc/thread-self/root/proc/self/root/home/dfwparty/mail/new HTTP/2" 200 3763 "https://www.ajpartyfun.com/?path=//proc/370334/root/proc/370334/root/proc/thread-self/root/proc/self/root/home/dfwparty/mail/new" "Mozilla/5.0 AppleWebKit/537.36 (KHTML, like Gecko; compatible; GPTBot/1.4; +https://openai.com/gptbot)"
216.73.217.42 - - [17/Jul/2026:18:41:17 -0600] "GET /?fileloc=%2F%2Fusr%2Flib%2F.build-id%2Fef%2Ff79ed25cbf79e382714fd532c9871fe4658b52&path=%2F%2Fusr%2Flib%2F.build-id%2Fef HTTP/2" 200 22851 "-" "Mozilla/5.0 AppleWebKit/537.36 (KHTML, like Gecko; compatible; ClaudeBot/1.0; +claudebot@anthropic.com)"
216.73.217.42 - - [17/Jul/2026:18:41:17 -0600] "GET /?fileloc=%2Fhome%2Fdfwparty%2Ftmp%2Fanalog%2Ffearpodcast.com.dfw.party%2F2.html&path=%2Fhome%2Fdfwparty%2Ftmp%2Fanalog%2Ffearpodcast.com.dfw.party HTTP/2" 200 9221 "-" "Mozilla/5.0 AppleWebKit/537.36 (KHTML, like Gecko; compatible; ClaudeBot/1.0; +claudebot@anthropic.com)"
216.73.217.42 - - [17/Jul/2026:18:41:07 -0600] "GET /?fileloc=%2Fhome%2Fdfwparty%2Fajpartyfun.com%2Fwp-content%2Fplugins%2Ffileorganizer%2Fmanager%2Fjs%2Fi18n%2Felfinder.el.js&path=%2Fhome%2Fdfwparty%2Fajpartyfun.com%2Fwp-content%2Fplugins%2Ffileorganizer%2Fmanager%2Fjs%2Fi18n HTTP/2" 200 0 "-" "Mozilla/5.0 AppleWebKit/537.36 (KHTML, like Gecko; compatible; ClaudeBot/1.0; +claudebot@anthropic.com)"
74.7.227.145 - - [17/Jul/2026:18:41:17 -0600] "GET /2026/07/16/kasyno-bez-weryfikacji-kyc-ktore-przeszo-moje-testy-matematyczne/?path=//proc/370334/root/proc/self/root/usr/lib/python3.6/site-packages/pip/_vendor/chardet/cli HTTP/2" 200 3092 "https://ajpartyfun.com/2026/07/16/kasyno-bez-weryfikacji-kyc-ktore-przeszo-moje-testy-matematyczne/?path=//proc/370334/root/proc/self/root/usr/lib/python3.6/site-packages/pip/_vendor/chardet" "Mozilla/5.0 AppleWebKit/537.36 (KHTML, like Gecko; compatible; GPTBot/1.4; +https://openai.com/gptbot)"
216.73.217.42 - - [17/Jul/2026:18:41:17 -0600] "GET /?fileloc=%2F%2Fusr%2Flib%2F.build-id%2F8d%2F3bac1a698c72bd111cb08980f2b7f61958bf30&path=%2F%2Fusr%2Flib%2F.build-id%2F8d HTTP/2" 200 42514 "-" "Mozilla/5.0 AppleWebKit/537.36 (KHTML, like Gecko; compatible; ClaudeBot/1.0; +claudebot@anthropic.com)"
74.7.227.145 - - [17/Jul/2026:18:41:18 -0600] "GET /2026/07/16/kasyno-bez-weryfikacji-kyc-ktore-przeszo-moje-testy-matematyczne/?fileloc=//proc/370334/root/proc/self/root/usr/lib/python3.6/site-packages/pip/_vendor/packaging/__pycache__/requirements.cpython-36.pyc&path=//proc/370334/root/proc/self/root/usr/lib/python3.6/site-packages/pip/_vendor/packaging/__pycache__ HTTP/2" 200 5104 "https://ajpartyfun.com/2026/07/16/kasyno-bez-weryfikacji-kyc-ktore-przeszo-moje-testy-matematyczne/?path=//proc/370334/root/proc/self/root/usr/lib/python3.6/site-packages/pip/_vendor/packaging/__pycache__" "Mozilla/5.0 AppleWebKit/537.36 (KHTML, like Gecko; compatible; GPTBot/1.4; +https://openai.com/gptbot)"
216.73.217.42 - - [17/Jul/2026:18:41:15 -0600] "GET /?fileloc=%2F%2Flib%2Ffirmware%2Frtl_nic%2Frtl8107e-1.fw&path=%2F%2Flib%2Ffirmware%2Frtl_nic HTTP/2" 200 3316 "-" "Mozilla/5.0 AppleWebKit/537.36 (KHTML, like Gecko; compatible; ClaudeBot/1.0; +claudebot@anthropic.com)"
216.73.217.42 - - [17/Jul/2026:18:41:13 -0600] "GET /?fileloc=%2Fhome%2Fdfwparty%2Fsantabootshop.com%2Fwp-includes%2Fblocks%2Fsite-logo%2Fstyle-rtl.min.css&path=%2Fhome%2Fdfwparty%2Fsantabootshop.com%2Fwp-includes%2Fblocks%2Fsite-logo HTTP/2" 200 2677 "-" "Mozilla/5.0 AppleWebKit/537.36 (KHTML, like Gecko; compatible; ClaudeBot/1.0; +claudebot@anthropic.com)"
216.73.217.42 - - [17/Jul/2026:18:41:13 -0600] "GET /?fileloc=%2F%2Fproc%2Fself%2Froot%2Flib%2F.build-id%2F51%2F3607c34b9934fee68581946fd32e2f959842c5&path=%2F%2Fproc%2Fself%2Froot%2Flib%2F.build-id%2F51 HTTP/2" 200 4986 "-" "Mozilla/5.0 AppleWebKit/537.36 (KHTML, like Gecko; compatible; ClaudeBot/1.0; +claudebot@anthropic.com)"
216.73.217.42 - - [17/Jul/2026:18:41:16 -0600] "GET /?fileloc=%2F%2Fusr%2Fshare%2Flocale%2Fzh_CN%2FLC_MESSAGES%2Fparted.mo&path=%2F%2Fusr%2Fshare%2Flocale%2Fzh_CN%2FLC_MESSAGES HTTP/2" 200 8314 "-" "Mozilla/5.0 AppleWebKit/537.36 (KHTML, like Gecko; compatible; ClaudeBot/1.0; +claudebot@anthropic.com)"
216.73.217.42 - - [17/Jul/2026:18:41:14 -0600] "GET /?fileloc=%2F%2Fproc%2Fself%2Froot%2Flib%2Ffirmware%2Fcirrus%2Fcs35l41-dsp1-spk-prot-10280cc2-spkid0-r0.bincfg&path=%2F%2Fproc%2Fself%2Froot%2Flib%2Ffirmware%2Fcirrus HTTP/2" 200 2589 "-" "Mozilla/5.0 AppleWebKit/537.36 (KHTML, like Gecko; compatible; ClaudeBot/1.0; +claudebot@anthropic.com)"
216.73.217.42 - - [17/Jul/2026:18:41:19 -0600] "GET /?fileloc=%2Fhome%2Fdfwparty%2Fsonicchocobliss.com%2Fwp-includes%2Fjs%2Fdist%2Fvendor%2Fregenerator-runtime.js&path=%2Fhome%2Fdfwparty%2Fsonicchocobliss.com%2Fwp-includes%2Fjs%2Fdist%2Fvendor HTTP/2" 200 10172 "-" "Mozilla/5.0 AppleWebKit/537.36 (KHTML, like Gecko; compatible; ClaudeBot/1.0; +claudebot@anthropic.com)"
216.73.217.42 - - [17/Jul/2026:18:41:19 -0600] "GET /?fileloc=%2Fhome%2Fdfwparty%2Ftmp%2Fwebalizer%2Fctry_usage_202605.png&path=%2Fhome%2Fdfwparty%2Ftmp%2Fwebalizer HTTP/2" 200 5814 "-" "Mozilla/5.0 AppleWebKit/537.36 (KHTML, like Gecko; compatible; ClaudeBot/1.0; +claudebot@anthropic.com)"
216.73.217.42 - - [17/Jul/2026:18:41:19 -0600] "GET /?fileloc=%2F%2Fusr%2Fshare%2Fcrypto-policies%2FEMPTY%2Flibreswan.txt&path=%2F%2Fusr%2Fshare%2Fcrypto-policies%2FEMPTY HTTP/2" 200 2535 "-" "Mozilla/5.0 AppleWebKit/537.36 (KHTML, like Gecko; compatible; ClaudeBot/1.0; +claudebot@anthropic.com)"
216.73.217.42 - - [17/Jul/2026:18:41:19 -0600] "GET /?fileloc=%2F%2Fproc%2Fself%2Froot%2Flib%2F.build-id%2F77%2Fb943ac266c13ab0929e65b1b25b64a88f8fc18&path=%2F%2Fproc%2Fself%2Froot%2Flib%2F.build-id%2F77 HTTP/2" 200 7226 "-" "Mozilla/5.0 AppleWebKit/537.36 (KHTML, like Gecko; compatible; ClaudeBot/1.0; +claudebot@anthropic.com)"
74.7.227.145 - - [17/Jul/2026:18:41:19 -0600] "GET /2026/07/16/kasyno-bez-weryfikacji-kyc-ktore-przeszo-moje-testy-matematyczne/?path=//proc/370334/root/proc/self/root/usr/lib/python2.7/site-packages/pip/_vendor/colorama HTTP/2" 200 3441 "https://ajpartyfun.com/2026/07/16/kasyno-bez-weryfikacji-kyc-ktore-przeszo-moje-testy-matematyczne/?path=//proc/370334/root/proc/self/root/usr/lib/python2.7/site-packages/pip/_vendor" "Mozilla/5.0 AppleWebKit/537.36 (KHTML, like Gecko; compatible; GPTBot/1.4; +https://openai.com/gptbot)"
216.73.217.42 - - [17/Jul/2026:18:41:16 -0600] "GET /?fileloc=%2F%2Fproc%2Fself%2Froot%2Flib%2Ffirmware%2Fcirrus%2Fcs35l63-a1-dsp1-misc-10280e83-spkid2-01-l3u3.bin&path=%2F%2Fproc%2Fself%2Froot%2Flib%2Ffirmware%2Fcirrus HTTP/2" 200 7150 "-" "Mozilla/5.0 AppleWebKit/537.36 (KHTML, like Gecko; compatible; ClaudeBot/1.0; +claudebot@anthropic.com)"
216.73.217.42 - - [17/Jul/2026:18:41:20 -0600] "GET /?fileloc=%2F%2Fproc%2Fself%2Froot%2Fhome%2Fdfwparty%2Fpersonalcoach.forum%2F413.shtml&path=%2F%2Fproc%2Fself%2Froot%2Fhome%2Fdfwparty%2Fpersonalcoach.forum HTTP/2" 200 2657 "-" "Mozilla/5.0 AppleWebKit/537.36 (KHTML, like Gecko; compatible; ClaudeBot/1.0; +claudebot@anthropic.com)"
216.73.217.42 - - [17/Jul/2026:18:41:20 -0600] "GET /?fileloc=%2F%2Fproc%2Fself%2Froot%2Flib%2F.build-id%2F02%2F56852b51217d5b17d202451fb3077010b02bb5&path=%2F%2Fproc%2Fself%2Froot%2Flib%2F.build-id%2F02 HTTP/2" 200 13940 "-" "Mozilla/5.0 AppleWebKit/537.36 (KHTML, like Gecko; compatible; ClaudeBot/1.0; +claudebot@anthropic.com)"
216.73.217.42 - - [17/Jul/2026:18:41:20 -0600] "GET /?fileloc=%2F%2Fusr%2Flib%2F.build-id%2Ff6%2F42ee24092bf105331c85f55630aedfaa0613a9&path=%2F%2Fusr%2Flib%2F.build-id%2Ff6 HTTP/2" 200 33177 "-" "Mozilla/5.0 AppleWebKit/537.36 (KHTML, like Gecko; compatible; ClaudeBot/1.0; +claudebot@anthropic.com)"
216.73.217.42 - - [17/Jul/2026:18:41:20 -0600] "GET /?fileloc=%2Fhome%2Fdfwparty%2Fmail%2F.john%40dfwsingingtelegrams_com%2F.Archive%2Fmaildirfolder&path=%2Fhome%2Fdfwparty%2Fmail%2F.john%40dfwsingingtelegrams_com%2F.Archive HTTP/2" 200 2531 "-" "Mozilla/5.0 AppleWebKit/537.36 (KHTML, like Gecko; compatible; ClaudeBot/1.0; +claudebot@anthropic.com)"
74.7.242.45 - - [17/Jul/2026:18:41:17 -0600] "GET /?fileloc=//proc/370334/root/proc/370334/root/proc/thread-self/root/proc/self/root/home/dfwparty/mail/new/1740828532.M450848P2599347.node612.namehero.net,S=3504,W=3587&path=//proc/370334/root/proc/370334/root/proc/thread-self/root/proc/self/root/home/dfwparty/mail/new HTTP/2" 200 3980 "https://www.ajpartyfun.com/?path=//proc/370334/root/proc/370334/root/proc/thread-self/root/proc/self/root/home/dfwparty/mail/new" "Mozilla/5.0 AppleWebKit/537.36 (KHTML, like Gecko; compatible; GPTBot/1.4; +https://openai.com/gptbot)"
74.7.242.45 - - [17/Jul/2026:18:41:17 -0600] "GET /?fileloc=//proc/370334/root/proc/370334/root/proc/thread-self/root/proc/self/root/home/dfwparty/mail/new/1756511586.M823624P281416.node612.namehero.net,S=2873,W=2950&path=//proc/370334/root/proc/370334/root/proc/thread-self/root/proc/self/root/home/dfwparty/mail/new HTTP/2" 200 3761 "https://www.ajpartyfun.com/?path=//proc/370334/root/proc/370334/root/proc/thread-self/root/proc/self/root/home/dfwparty/mail/new" "Mozilla/5.0 AppleWebKit/537.36 (KHTML, like Gecko; compatible; GPTBot/1.4; +https://openai.com/gptbot)"
74.7.242.45 - - [17/Jul/2026:18:41:18 -0600] "GET /?fileloc=//proc/370334/root/proc/370334/root/proc/thread-self/root/proc/self/root/home/dfwparty/mail/new/1737663530.M814978P3757753.node612.namehero.net,S=2873,W=2950&path=//proc/370334/root/proc/370334/root/proc/thread-self/root/proc/self/root/home/dfwparty/mail/new HTTP/2" 200 3700 "https://www.ajpartyfun.com/?path=//proc/370334/root/proc/370334/root/proc/thread-self/root/proc/self/root/home/dfwparty/mail/new" "Mozilla/5.0 AppleWebKit/537.36 (KHTML, like Gecko; compatible; GPTBot/1.4; +https://openai.com/gptbot)"
74.7.242.45 - - [17/Jul/2026:18:41:18 -0600] "GET /?fileloc=//proc/370334/root/proc/370334/root/proc/thread-self/root/proc/self/root/home/dfwparty/mail/new/1727486119.M881300P2543708.node612.namehero.net,S=3212,W=3292&path=//proc/370334/root/proc/370334/root/proc/thread-self/root/proc/self/root/home/dfwparty/mail/new HTTP/2" 200 3888 "https://www.ajpartyfun.com/?path=//proc/370334/root/proc/370334/root/proc/thread-self/root/proc/self/root/home/dfwparty/mail/new" "Mozilla/5.0 AppleWebKit/537.36 (KHTML, like Gecko; compatible; GPTBot/1.4; +https://openai.com/gptbot)"
74.7.242.45 - - [17/Jul/2026:18:41:19 -0600] "GET /?fileloc=//proc/370334/root/proc/370334/root/proc/thread-self/root/proc/self/root/home/dfwparty/mail/new/1731334922.M876475P2600656.node612.namehero.net,S=3110,W=3193&path=//proc/370334/root/proc/370334/root/proc/thread-self/root/proc/self/root/home/dfwparty/mail/new HTTP/2" 200 3847 "https://www.ajpartyfun.com/?path=//proc/370334/root/proc/370334/root/proc/thread-self/root/proc/self/root/home/dfwparty/mail/new" "Mozilla/5.0 AppleWebKit/537.36 (KHTML, like Gecko; compatible; GPTBot/1.4; +https://openai.com/gptbot)"
74.7.242.45 - - [17/Jul/2026:18:41:19 -0600] "GET /?fileloc=//proc/370334/root/proc/370334/root/proc/thread-self/root/proc/self/root/home/dfwparty/mail/new/1759325652.M556187P95604.node612.namehero.net,S=3073,W=3152&path=//proc/370334/root/proc/370334/root/proc/thread-self/root/proc/self/root/home/dfwparty/mail/new HTTP/2" 200 3794 "https://www.ajpartyfun.com/?path=//proc/370334/root/proc/370334/root/proc/thread-self/root/proc/self/root/home/dfwparty/mail/new" "Mozilla/5.0 AppleWebKit/537.36 (KHTML, like Gecko; compatible; GPTBot/1.4; +https://openai.com/gptbot)"
74.7.242.45 - - [17/Jul/2026:18:41:20 -0600] "GET /?fileloc=//proc/370334/root/proc/370334/root/proc/thread-self/root/proc/self/root/home/dfwparty/mail/new/1740615307.M659203P758058.node612.namehero.net,S=3071,W=3149&path=//proc/370334/root/proc/370334/root/proc/thread-self/root/proc/self/root/home/dfwparty/mail/new HTTP/2" 200 3824 "https://www.ajpartyfun.com/?path=//proc/370334/root/proc/370334/root/proc/thread-self/root/proc/self/root/home/dfwparty/mail/new" "Mozilla/5.0 AppleWebKit/537.36 (KHTML, like Gecko; compatible; GPTBot/1.4; +https://openai.com/gptbot)"
216.73.217.42 - - [17/Jul/2026:18:41:20 -0600] "GET /?fileloc=%2Fhome%2Fdfwparty%2Fsantadallas.com%2Fwp-includes%2Fblocks%2Fnavigation-overlay-close%2Fblock.json&path=%2Fhome%2Fdfwparty%2Fsantadallas.com%2Fwp-includes%2Fblocks%2Fnavigation-overlay-close HTTP/2" 200 2992 "-" "Mozilla/5.0 AppleWebKit/537.36 (KHTML, like Gecko; compatible; ClaudeBot/1.0; +claudebot@anthropic.com)"
216.73.217.42 - - [17/Jul/2026:18:41:21 -0600] "GET /?fileloc=%2Fhome%2Fdfwparty%2Fajpartyfun.com%2Fwp-content%2Fplugins%2Ffileorganizer%2Fmanager%2Fjs%2Fi18n%2Felfinder.es.js&path=%2Fhome%2Fdfwparty%2Fajpartyfun.com%2Fwp-content%2Fplugins%2Ffileorganizer%2Fmanager%2Fjs%2Fi18n HTTP/2" 200 12730 "-" "Mozilla/5.0 AppleWebKit/537.36 (KHTML, like Gecko; compatible; ClaudeBot/1.0; +claudebot@anthropic.com)"
216.73.217.42 - - [17/Jul/2026:18:41:21 -0600] "GET /?fileloc=%2F%2Fusr%2Fshare%2Flocale%2Fzh_CN%2FLC_MESSAGES%2Ftar.mo&path=%2F%2Fusr%2Fshare%2Flocale%2Fzh_CN%2FLC_MESSAGES HTTP/2" 200 24441 "-" "Mozilla/5.0 AppleWebKit/537.36 (KHTML, like Gecko; compatible; ClaudeBot/1.0; +claudebot@anthropic.com)"
216.73.217.42 - - [17/Jul/2026:18:41:21 -0600] "GET /?fileloc=%2Fhome%2Fdfwparty%2Fsantadallas.com%2Fwp-includes%2Fblocks%2Fquote%2Fblock.json&path=%2Fhome%2Fdfwparty%2Fsantadallas.com%2Fwp-includes%2Fblocks%2Fquote HTTP/2" 200 3355 "-" "Mozilla/5.0 AppleWebKit/537.36 (KHTML, like Gecko; compatible; ClaudeBot/1.0; +claudebot@anthropic.com)"
216.73.217.42 - - [17/Jul/2026:18:41:21 -0600] "GET /?fileloc=%2F%2Fusr%2Flib64%2Fguile%2F2.0%2Fccache%2Fsrfi%2Fsrfi-27.go&path=%2F%2Fusr%2Flib64%2Fguile%2F2.0%2Fccache%2Fsrfi HTTP/2" 200 8830 "-" "Mozilla/5.0 AppleWebKit/537.36 (KHTML, like Gecko; compatible; ClaudeBot/1.0; +claudebot@anthropic.com)"
216.73.217.42 - - [17/Jul/2026:18:41:21 -0600] "GET /?fileloc=%2F%2Fproc%2Fself%2Froot%2Flib%2F.build-id%2F12%2F3574109db2b07ce444b852a9e0a993d6d99d21&path=%2F%2Fproc%2Fself%2Froot%2Flib%2F.build-id%2F12 HTTP/2" 200 68660 "-" "Mozilla/5.0 AppleWebKit/537.36 (KHTML, like Gecko; compatible; ClaudeBot/1.0; +claudebot@anthropic.com)"
216.73.217.42 - - [17/Jul/2026:18:41:22 -0600] "GET /?fileloc=%2Fhome%2Fdfwparty%2Fsingingtelegramsdallas.com%2Fwp-includes%2Fassets%2Ficon-library-manifest.php&path=%2Fhome%2Fdfwparty%2Fsingingtelegramsdallas.com%2Fwp-includes%2Fassets HTTP/2" 200 4211 "-" "Mozilla/5.0 AppleWebKit/537.36 (KHTML, like Gecko; compatible; ClaudeBot/1.0; +claudebot@anthropic.com)"
74.7.227.145 - - [17/Jul/2026:18:41:22 -0600] "GET /2026/07/16/kasyno-bez-weryfikacji-kyc-ktore-przeszo-moje-testy-matematyczne/?path=//proc/370334/root/proc/self/root/usr/lib/kbd/keymaps/legacy/i386/colemak HTTP/2" 200 2929 "https://ajpartyfun.com/2026/07/16/kasyno-bez-weryfikacji-kyc-ktore-przeszo-moje-testy-matematyczne/?path=//proc/370334/root/proc/self/root/usr/lib/kbd/keymaps/legacy/i386" "Mozilla/5.0 AppleWebKit/537.36 (KHTML, like Gecko; compatible; GPTBot/1.4; +https://openai.com/gptbot)"
216.73.217.42 - - [17/Jul/2026:18:41:22 -0600] "GET /?fileloc=%2Fhome%2Fdfwparty%2Fsantadallas.com%2Fwp-content%2Fplugins%2Felementor%2Fassets%2Fjs%2Fadmin-feedback.min.js&path=%2Fhome%2Fdfwparty%2Fsantadallas.com%2Fwp-content%2Fplugins%2Felementor%2Fassets%2Fjs HTTP/2" 200 3391 "-" "Mozilla/5.0 AppleWebKit/537.36 (KHTML, like Gecko; compatible; ClaudeBot/1.0; +claudebot@anthropic.com)"
216.73.217.42 - - [17/Jul/2026:18:41:22 -0600] "GET /?fileloc=%2Fhome%2Fdfwparty%2Fwww%2Fwp-content%2Fplugins%2Fitomuzyd%2Fpublic%2Fcss%2Fitomuzyd-public.css&path=%2Fhome%2Fdfwparty%2Fwww%2Fwp-content%2Fplugins%2Fitomuzyd%2Fpublic%2Fcss HTTP/2" 200 2610 "-" "Mozilla/5.0 AppleWebKit/537.36 (KHTML, like Gecko; compatible; ClaudeBot/1.0; +claudebot@anthropic.com)"
216.73.217.42 - - [17/Jul/2026:18:41:20 -0600] "GET /?fileloc=%2F%2Fusr%2Flib%2F.build-id%2F54%2F8ce9917e7c387d069a7d3e0e0fcbf83163cff7&path=%2F%2Fusr%2Flib%2F.build-id%2F54 HTTP/2" 200 20494 "-" "Mozilla/5.0 AppleWebKit/537.36 (KHTML, like Gecko; compatible; ClaudeBot/1.0; +claudebot@anthropic.com)"
74.7.242.45 - - [17/Jul/2026:18:41:20 -0600] "GET /?fileloc=//proc/370334/root/proc/370334/root/proc/thread-self/root/proc/self/root/home/dfwparty/mail/new/1715266550.M969422P1592059.node612.namehero.net,S=1365,W=1400&path=//proc/370334/root/proc/370334/root/proc/thread-self/root/proc/self/root/home/dfwparty/mail/new HTTP/2" 200 3170 "https://www.ajpartyfun.com/?path=//proc/370334/root/proc/370334/root/proc/thread-self/root/proc/self/root/home/dfwparty/mail/new" "Mozilla/5.0 AppleWebKit/537.36 (KHTML, like Gecko; compatible; GPTBot/1.4; +https://openai.com/gptbot)"
74.7.242.45 - - [17/Jul/2026:18:41:21 -0600] "GET /?fileloc=//proc/370334/root/proc/370334/root/proc/thread-self/root/proc/self/root/home/dfwparty/mail/new/1751781335.M634405P2486934.node612.namehero.net,S=2897,W=2974&path=//proc/370334/root/proc/370334/root/proc/thread-self/root/proc/self/root/home/dfwparty/mail/new HTTP/2" 200 3781 "https://www.ajpartyfun.com/?path=//proc/370334/root/proc/370334/root/proc/thread-self/root/proc/self/root/home/dfwparty/mail/new" "Mozilla/5.0 AppleWebKit/537.36 (KHTML, like Gecko; compatible; GPTBot/1.4; +https://openai.com/gptbot)"
74.7.242.45 - - [17/Jul/2026:18:41:22 -0600] "GET /?fileloc=//proc/370334/root/proc/370334/root/proc/thread-self/root/proc/self/root/home/dfwparty/mail/new/1735083687.M44143P1625973.node612.namehero.net,S=3064,W=3142&path=//proc/370334/root/proc/370334/root/proc/thread-self/root/proc/self/root/home/dfwparty/mail/new HTTP/2" 200 3809 "https://www.ajpartyfun.com/?path=//proc/370334/root/proc/370334/root/proc/thread-self/root/proc/self/root/home/dfwparty/mail/new" "Mozilla/5.0 AppleWebKit/537.36 (KHTML, like Gecko; compatible; GPTBot/1.4; +https://openai.com/gptbot)"
74.7.242.45 - - [17/Jul/2026:18:41:22 -0600] "GET /?fileloc=//proc/370334/root/proc/370334/root/proc/thread-self/root/proc/self/root/home/dfwparty/mail/new/1756428661.M908038P3875029.node612.namehero.net,S=2870,W=2947&path=//proc/370334/root/proc/370334/root/proc/thread-self/root/proc/self/root/home/dfwparty/mail/new HTTP/2" 200 3775 "https://www.ajpartyfun.com/?path=//proc/370334/root/proc/370334/root/proc/thread-self/root/proc/self/root/home/dfwparty/mail/new" "Mozilla/5.0 AppleWebKit/537.36 (KHTML, like Gecko; compatible; GPTBot/1.4; +https://openai.com/gptbot)"
74.7.242.45 - - [17/Jul/2026:18:41:23 -0600] "GET /?fileloc=//proc/370334/root/proc/370334/root/proc/thread-self/root/proc/self/root/home/dfwparty/mail/new/1760326577.M50887P1167687.node612.namehero.net,S=3308,W=3390&path=//proc/370334/root/proc/370334/root/proc/thread-self/root/proc/self/root/home/dfwparty/mail/new HTTP/2" 200 3910 "https://www.ajpartyfun.com/?path=//proc/370334/root/proc/370334/root/proc/thread-self/root/proc/self/root/home/dfwparty/mail/new" "Mozilla/5.0 AppleWebKit/537.36 (KHTML, like Gecko; compatible; GPTBot/1.4; +https://openai.com/gptbot)"
74.7.242.45 - - [17/Jul/2026:18:41:23 -0600] "GET /?fileloc=//proc/370334/root/proc/370334/root/proc/thread-self/root/proc/self/root/home/dfwparty/mail/new/1719406491.M26989P2154020.node612.namehero.net,S=2919,W=2998&path=//proc/370334/root/proc/370334/root/proc/thread-self/root/proc/self/root/home/dfwparty/mail/new HTTP/2" 200 3762 "https://www.ajpartyfun.com/?path=//proc/370334/root/proc/370334/root/proc/thread-self/root/proc/self/root/home/dfwparty/mail/new" "Mozilla/5.0 AppleWebKit/537.36 (KHTML, like Gecko; compatible; GPTBot/1.4; +https://openai.com/gptbot)"
74.7.242.45 - - [17/Jul/2026:18:41:24 -0600] "GET /?fileloc=//proc/370334/root/proc/370334/root/proc/thread-self/root/proc/self/root/home/dfwparty/mail/new/1748821641.M670251P1442944.node612.namehero.net,S=2872,W=2949&path=//proc/370334/root/proc/370334/root/proc/thread-self/root/proc/self/root/home/dfwparty/mail/new HTTP/2" 200 3769 "https://www.ajpartyfun.com/?path=//proc/370334/root/proc/370334/root/proc/thread-self/root/proc/self/root/home/dfwparty/mail/new" "Mozilla/5.0 AppleWebKit/537.36 (KHTML, like Gecko; compatible; GPTBot/1.4; +https://openai.com/gptbot)"
216.73.217.42 - - [17/Jul/2026:18:41:20 -0600] "GET /?fileloc=%2Fhome%2Fdfwparty%2Fgigiscleaning.net%2Fwp-includes%2Fsodium_compat%2Fnamespaced%2FCrypto.php&path=%2Fhome%2Fdfwparty%2Fgigiscleaning.net%2Fwp-includes%2Fsodium_compat%2Fnamespaced HTTP/2" 200 2593 "-" "Mozilla/5.0 AppleWebKit/537.36 (KHTML, like Gecko; compatible; ClaudeBot/1.0; +claudebot@anthropic.com)"
216.73.217.42 - - [17/Jul/2026:18:41:23 -0600] "GET /?fileloc=%2F%2Fproc%2Fself%2Froot%2Fproc%2F370334%2Froot%2Flib%2F.build-id%2F6d%2Fec286339af4577c1ef88f0d5726f3c0662d19a&path=%2F%2Fproc%2Fself%2Froot%2Fproc%2F370334%2Froot%2Flib%2F.build-id%2F6d HTTP/2" 200 106363 "-" "Mozilla/5.0 AppleWebKit/537.36 (KHTML, like Gecko; compatible; ClaudeBot/1.0; +claudebot@anthropic.com)"
216.73.217.42 - - [17/Jul/2026:18:41:23 -0600] "GET /?fileloc=%2Fhome%2Fdfwparty%2Fsantadallas.com%2Fwp-includes%2Fjs%2Fdist%2Fescape-html.js&path=%2Fhome%2Fdfwparty%2Fsantadallas.com%2Fwp-includes%2Fjs%2Fdist HTTP/2" 200 3368 "-" "Mozilla/5.0 AppleWebKit/537.36 (KHTML, like Gecko; compatible; ClaudeBot/1.0; +claudebot@anthropic.com)"
216.73.217.42 - - [17/Jul/2026:18:41:23 -0600] "GET /?fileloc=%2F%2Fusr%2Flib%2F.build-id%2F07%2Fd92a281ed6f0f32a3c5f19b8d357ca31d5cb7b&path=%2F%2Fusr%2Flib%2F.build-id%2F07 HTTP/2" 200 137315 "-" "Mozilla/5.0 AppleWebKit/537.36 (KHTML, like Gecko; compatible; ClaudeBot/1.0; +claudebot@anthropic.com)"
216.73.217.42 - - [17/Jul/2026:18:41:23 -0600] "GET /?fileloc=%2Fhome%2Fdfwparty%2Fgigiscleaning.net%2Fwp-includes%2Fblocks%2Fsearch%2Feditor-rtl.css&path=%2Fhome%2Fdfwparty%2Fgigiscleaning.net%2Fwp-includes%2Fblocks%2Fsearch HTTP/2" 200 2671 "-" "Mozilla/5.0 AppleWebKit/537.36 (KHTML, like Gecko; compatible; ClaudeBot/1.0; +claudebot@anthropic.com)"
216.73.217.42 - - [17/Jul/2026:18:41:23 -0600] "GET /?fileloc=%2F%2Fproc%2F370334%2Froot%2Fusr%2Flib%2Flocale%2Fen_AU%2FLC_NUMERIC&path=%2F%2Fproc%2F370334%2Froot%2Fusr%2Flib%2Flocale%2Fen_AU HTTP/2" 200 2600 "-" "Mozilla/5.0 AppleWebKit/537.36 (KHTML, like Gecko; compatible; ClaudeBot/1.0; +claudebot@anthropic.com)"
216.73.217.42 - - [17/Jul/2026:18:41:24 -0600] "GET /?fileloc=%2Fhome%2Fdfwparty%2Fwww%2Fwp-content%2Fplugins%2Fzyvehote%2Fincludes%2F.htaccess&path=%2Fhome%2Fdfwparty%2Fwww%2Fwp-content%2Fplugins%2Fzyvehote%2Fincludes HTTP/2" 200 2566 "-" "Mozilla/5.0 AppleWebKit/537.36 (KHTML, like Gecko; compatible; ClaudeBot/1.0; +claudebot@anthropic.com)"
216.73.217.42 - - [17/Jul/2026:18:41:24 -0600] "GET /?fileloc=%2F%2Fproc%2Fself%2Froot%2Flib%2Ffirmware%2Fcirrus%2Fcs35l63-a1-dsp1-misc-10280e22-spkid3-01-l1u1.bin&path=%2F%2Fproc%2Fself%2Froot%2Flib%2Ffirmware%2Fcirrus HTTP/2" 200 7160 "-" "Mozilla/5.0 AppleWebKit/537.36 (KHTML, like Gecko; compatible; ClaudeBot/1.0; +claudebot@anthropic.com)"
216.73.217.42 - - [17/Jul/2026:18:41:24 -0600] "GET /?fileloc=%2Fhome%2Fdfwparty%2Ftmp%2Fanalog%2Fsmartcardcontacts.com.dfw.party%2F12.html&path=%2Fhome%2Fdfwparty%2Ftmp%2Fanalog%2Fsmartcardcontacts.com.dfw.party HTTP/2" 200 10540 "-" "Mozilla/5.0 AppleWebKit/537.36 (KHTML, like Gecko; compatible; ClaudeBot/1.0; +claudebot@anthropic.com)"
74.7.227.145 - - [17/Jul/2026:18:41:24 -0600] "GET /2026/07/16/kasyno-bez-weryfikacji-kyc-ktore-przeszo-moje-testy-matematyczne/?path=//proc/370334/root/proc/self/root/usr/lib/python3.6/site-packages/pip/_vendor/urllib3/contrib/__pycache__ HTTP/2" 200 3305 "https://ajpartyfun.com/2026/07/16/kasyno-bez-weryfikacji-kyc-ktore-przeszo-moje-testy-matematyczne/?path=//proc/370334/root/proc/self/root/usr/lib/python3.6/site-packages/pip/_vendor/urllib3/contrib" "Mozilla/5.0 AppleWebKit/537.36 (KHTML, like Gecko; compatible; GPTBot/1.4; +https://openai.com/gptbot)"
216.73.217.42 - - [17/Jul/2026:18:41:20 -0600] "GET /?fileloc=%2F%2Fusr%2Flib%2F.build-id%2Fa3%2F03d4cd7060172b520d9b8fdd00fb4b44be9ee4&path=%2F%2Fusr%2Flib%2F.build-id%2Fa3 HTTP/2" 200 59158 "-" "Mozilla/5.0 AppleWebKit/537.36 (KHTML, like Gecko; compatible; ClaudeBot/1.0; +claudebot@anthropic.com)"
216.73.217.42 - - [17/Jul/2026:18:41:20 -0600] "GET /?fileloc=%2Fhome%2Fdfwparty%2Fgigiscleaning.net%2Fwp-includes%2Fblocks%2Fpost-author%2Fstyle.min.css&path=%2Fhome%2Fdfwparty%2Fgigiscleaning.net%2Fwp-includes%2Fblocks%2Fpost-author HTTP/2" 200 2661 "-" "Mozilla/5.0 AppleWebKit/537.36 (KHTML, like Gecko; compatible; ClaudeBot/1.0; +claudebot@anthropic.com)"
216.73.217.42 - - [17/Jul/2026:18:41:25 -0600] "GET /?fileloc=%2F%2Flib%2Ffirmware%2Fti-connectivity%2Fwl128x-fw-5-mr.bin&path=%2F%2Flib%2Ffirmware%2Fti-connectivity HTTP/2" 200 175652 "-" "Mozilla/5.0 AppleWebKit/537.36 (KHTML, like Gecko; compatible; ClaudeBot/1.0; +claudebot@anthropic.com)"
216.73.217.42 - - [17/Jul/2026:18:41:25 -0600] "GET /?fileloc=%2F%2Fusr%2Flib%2F.build-id%2F49%2F1b1a157d02443fb0ca95f290d40e698c12005b&path=%2F%2Fusr%2Flib%2F.build-id%2F49 HTTP/2" 200 6951 "-" "Mozilla/5.0 AppleWebKit/537.36 (KHTML, like Gecko; compatible; ClaudeBot/1.0; +claudebot@anthropic.com)"
74.7.227.145 - - [17/Jul/2026:18:41:25 -0600] "GET /2026/07/16/kasyno-bez-weryfikacji-kyc-ktore-przeszo-moje-testy-matematyczne/?path=//proc/370334/root/proc/self/root/usr/lib/python2.7/site-packages/pip/_vendor/urllib3/contrib/_securetransport HTTP/2" 200 3207 "https://ajpartyfun.com/2026/07/16/kasyno-bez-weryfikacji-kyc-ktore-przeszo-moje-testy-matematyczne/?path=//proc/370334/root/proc/self/root/usr/lib/python2.7/site-packages/pip/_vendor/urllib3/contrib" "Mozilla/5.0 AppleWebKit/537.36 (KHTML, like Gecko; compatible; GPTBot/1.4; +https://openai.com/gptbot)"
216.73.217.42 - - [17/Jul/2026:18:41:25 -0600] "GET /?fileloc=%2F%2Fproc%2Fself%2Froot%2Fproc%2F370334%2Froot%2Flib%2F.build-id%2Fc1%2F88101e9a1d7f1f0889d7093692f8bb3581fd20&path=%2F%2Fproc%2Fself%2Froot%2Fproc%2F370334%2Froot%2Flib%2F.build-id%2Fc1 HTTP/2" 200 106865 "-" "Mozilla/5.0 AppleWebKit/537.36 (KHTML, like Gecko; compatible; ClaudeBot/1.0; +claudebot@anthropic.com)"
216.73.217.42 - - [17/Jul/2026:18:41:25 -0600] "GET /?fileloc=%2F%2Fusr%2Flib%2Ffirmware%2Fti%2Faudio%2Ftas2781%2FTAS2XXX2234.bin&path=%2F%2Fusr%2Flib%2Ffirmware%2Fti%2Faudio%2Ftas2781 HTTP/2" 200 7000 "-" "Mozilla/5.0 AppleWebKit/537.36 (KHTML, like Gecko; compatible; ClaudeBot/1.0; +claudebot@anthropic.com)"
74.7.227.145 - - [17/Jul/2026:18:41:25 -0600] "GET /2026/07/16/kasyno-bez-weryfikacji-kyc-ktore-przeszo-moje-testy-matematyczne/?path=//proc/370334/root/proc/self/root/usr/lib/python3.6/site-packages/pip/_vendor/html5lib/filters/__pycache__ HTTP/2" 200 3361 "https://ajpartyfun.com/2026/07/16/kasyno-bez-weryfikacji-kyc-ktore-przeszo-moje-testy-matematyczne/?path=//proc/370334/root/proc/self/root/usr/lib/python3.6/site-packages/pip/_vendor/html5lib/filters" "Mozilla/5.0 AppleWebKit/537.36 (KHTML, like Gecko; compatible; GPTBot/1.4; +https://openai.com/gptbot)"
216.73.217.42 - - [17/Jul/2026:18:41:25 -0600] "GET /?fileloc=%2F%2Flib%2Ffirmware%2Fqcom%2Fqdu100%2Fqdsp6sw.mbn.xz&path=%2F%2Flib%2Ffirmware%2Fqcom%2Fqdu100 HTTP/2" 200 4913334 "-" "Mozilla/5.0 AppleWebKit/537.36 (KHTML, like Gecko; compatible; ClaudeBot/1.0; +claudebot@anthropic.com)"
216.73.217.42 - - [17/Jul/2026:18:41:26 -0600] "GET /?fileloc=%2F%2Fproc%2F370334%2Froot%2Fusr%2Flib%2Flocale%2Fen_SG%2FLC_COLLATE&path=%2F%2Fproc%2F370334%2Froot%2Fusr%2Flib%2Flocale%2Fen_SG HTTP/2" 200 5671 "-" "Mozilla/5.0 AppleWebKit/537.36 (KHTML, like Gecko; compatible; ClaudeBot/1.0; +claudebot@anthropic.com)"
74.7.227.145 - - [17/Jul/2026:18:41:26 -0600] "GET /2026/07/16/kasyno-bez-weryfikacji-kyc-ktore-przeszo-moje-testy-matematyczne/?fileloc=//proc/370334/root/proc/self/root/usr/lib/python2.7/site-packages/pip/_vendor/html5lib/treewalkers/genshi.py&path=//proc/370334/root/proc/self/root/usr/lib/python2.7/site-packages/pip/_vendor/html5lib/treewalkers HTTP/2" 200 3361 "https://ajpartyfun.com/2026/07/16/kasyno-bez-weryfikacji-kyc-ktore-przeszo-moje-testy-matematyczne/?path=//proc/370334/root/proc/self/root/usr/lib/python2.7/site-packages/pip/_vendor/html5lib/treewalkers" "Mozilla/5.0 AppleWebKit/537.36 (KHTML, like Gecko; compatible; GPTBot/1.4; +https://openai.com/gptbot)"
216.73.217.42 - - [17/Jul/2026:18:41:26 -0600] "GET /?fileloc=%2Fhome%2Fdfwparty%2Fajpartyfun.com%2Fwp-content%2Fplugins%2Fwp-file-manager%2Flib%2Fimg%2Fsrc%2Ficons-big.svg&path=%2Fhome%2Fdfwparty%2Fajpartyfun.com%2Fwp-content%2Fplugins%2Fwp-file-manager%2Flib%2Fimg%2Fsrc HTTP/2" 200 15478 "-" "Mozilla/5.0 AppleWebKit/537.36 (KHTML, like Gecko; compatible; ClaudeBot/1.0; +claudebot@anthropic.com)"
216.73.217.42 - - [17/Jul/2026:18:41:26 -0600] "GET /?fileloc=%2F%2Fproc%2F370334%2Froot%2Fetc%2Fld.so.conf.d%2Fkernel-4.18.0-553.121.1.lve.el8.x86_64.conf&path=%2F%2Fproc%2F370334%2Froot%2Fetc%2Fld.so.conf.d HTTP/2" 200 2567 "-" "Mozilla/5.0 AppleWebKit/537.36 (KHTML, like Gecko; compatible; ClaudeBot/1.0; +claudebot@anthropic.com)"
216.73.217.42 - - [17/Jul/2026:18:41:26 -0600] "GET /?path=%2Fhome%2Fdfwparty%2Fmembers.bizcoach.biz%2Fwp-includes%2Fblocks%2Fcomments-pagination-numbers HTTP/2" 200 3023 "-" "Mozilla/5.0 AppleWebKit/537.36 (KHTML, like Gecko; compatible; ClaudeBot/1.0; +claudebot@anthropic.com)"
74.7.227.145 - - [17/Jul/2026:18:41:26 -0600] "GET /2026/07/16/kasyno-bez-weryfikacji-kyc-ktore-przeszo-moje-testy-matematyczne/?fileloc=//proc/370334/root/proc/self/root/usr/lib/python2.7/site-packages/pip/_vendor/html5lib/treewalkers/etree_lxml.pyo&path=//proc/370334/root/proc/self/root/usr/lib/python2.7/site-packages/pip/_vendor/html5lib/treewalkers HTTP/2" 200 5295 "https://ajpartyfun.com/2026/07/16/kasyno-bez-weryfikacji-kyc-ktore-przeszo-moje-testy-matematyczne/?path=//proc/370334/root/proc/self/root/usr/lib/python2.7/site-packages/pip/_vendor/html5lib/treewalkers" "Mozilla/5.0 AppleWebKit/537.36 (KHTML, like Gecko; compatible; GPTBot/1.4; +https://openai.com/gptbot)"
216.73.217.42 - - [17/Jul/2026:18:41:26 -0600] "GET /?fileloc=%2F%2Fusr%2Flib%2Ffirmware%2Fcirrus%2Fcs35l41-dsp1-spk-prot-17aa2316.wmfw&path=%2F%2Fusr%2Flib%2Ffirmware%2Fcirrus HTTP/2" 200 19847 "-" "Mozilla/5.0 AppleWebKit/537.36 (KHTML, like Gecko; compatible; ClaudeBot/1.0; +claudebot@anthropic.com)"
216.73.217.42 - - [17/Jul/2026:18:41:27 -0600] "GET /?fileloc=%2F%2Fusr%2Flib%2F.build-id%2F42%2F28317a64d4bb4e1b6f0cc92871d721acb06a3e&path=%2F%2Fusr%2Flib%2F.build-id%2F42 HTTP/2" 200 8175 "-" "Mozilla/5.0 AppleWebKit/537.36 (KHTML, like Gecko; compatible; ClaudeBot/1.0; +claudebot@anthropic.com)"
74.7.227.145 - - [17/Jul/2026:18:41:27 -0600] "GET /2026/07/16/kasyno-bez-weryfikacji-kyc-ktore-przeszo-moje-testy-matematyczne/?fileloc=//proc/370334/root/proc/self/root/usr/lib/python2.7/site-packages/pip/_vendor/html5lib/treewalkers/genshi.pyc&path=//proc/370334/root/proc/self/root/usr/lib/python2.7/site-packages/pip/_vendor/html5lib/treewalkers HTTP/2" 200 3870 "https://ajpartyfun.com/2026/07/16/kasyno-bez-weryfikacji-kyc-ktore-przeszo-moje-testy-matematyczne/?path=//proc/370334/root/proc/self/root/usr/lib/python2.7/site-packages/pip/_vendor/html5lib/treewalkers" "Mozilla/5.0 AppleWebKit/537.36 (KHTML, like Gecko; compatible; GPTBot/1.4; +https://openai.com/gptbot)"
216.73.217.42 - - [17/Jul/2026:18:41:17 -0600] "GET /?fileloc=%2F%2Fproc%2Fself%2Froot%2Fhome%2Fdfwparty%2Fdfwblogger.com%2Fwp-content%2Ftemp-write-test-67e15b5397f990-85118616&path=%2F%2Fproc%2Fself%2Froot%2Fhome%2Fdfwparty%2Fdfwblogger.com%2Fwp-content HTTP/2" 200 0 "-" "Mozilla/5.0 AppleWebKit/537.36 (KHTML, like Gecko; compatible; ClaudeBot/1.0; +claudebot@anthropic.com)"
216.73.217.42 - - [17/Jul/2026:18:41:17 -0600] "GET /?fileloc=%2F%2Fproc%2Fself%2Froot%2Fhome%2Fdfwparty%2Fgigiscleaning.net%2Fwp-admin%2Fimages%2Fcontribute-no-code.svg&path=%2F%2Fproc%2Fself%2Froot%2Fhome%2Fdfwparty%2Fgigiscleaning.net%2Fwp-admin%2Fimages HTTP/2" 200 0 "-" "Mozilla/5.0 AppleWebKit/537.36 (KHTML, like Gecko; compatible; ClaudeBot/1.0; +claudebot@anthropic.com)"
216.73.217.42 - - [17/Jul/2026:18:41:17 -0600] "GET /?fileloc=%2F%2Fproc%2Fself%2Froot%2Flib%2F.build-id%2Fd3%2Fc449022ac6989759aba192706557a8b9bbe205&path=%2F%2Fproc%2Fself%2Froot%2Flib%2F.build-id%2Fd3 HTTP/2" 200 0 "-" "Mozilla/5.0 AppleWebKit/537.36 (KHTML, like Gecko; compatible; ClaudeBot/1.0; +claudebot@anthropic.com)"
74.7.242.45 - - [17/Jul/2026:18:41:24 -0600] "GET /?fileloc=//proc/370334/root/proc/370334/root/proc/thread-self/root/proc/self/root/home/dfwparty/mail/new/1742184775.M39854P2408257.node612.namehero.net,S=3493,W=3576&path=//proc/370334/root/proc/370334/root/proc/thread-self/root/proc/self/root/home/dfwparty/mail/new HTTP/2" 200 3960 "https://www.ajpartyfun.com/?path=//proc/370334/root/proc/370334/root/proc/thread-self/root/proc/self/root/home/dfwparty/mail/new" "Mozilla/5.0 AppleWebKit/537.36 (KHTML, like Gecko; compatible; GPTBot/1.4; +https://openai.com/gptbot)"
74.7.242.45 - - [17/Jul/2026:18:41:25 -0600] "GET /?fileloc=//proc/370334/root/proc/370334/root/proc/thread-self/root/proc/self/root/home/dfwparty/mail/new/1751566489.M908838P361587.node612.namehero.net,S=2885,W=2962&path=//proc/370334/root/proc/370334/root/proc/thread-self/root/proc/self/root/home/dfwparty/mail/new HTTP/2" 200 3769 "https://www.ajpartyfun.com/?path=//proc/370334/root/proc/370334/root/proc/thread-self/root/proc/self/root/home/dfwparty/mail/new" "Mozilla/5.0 AppleWebKit/537.36 (KHTML, like Gecko; compatible; GPTBot/1.4; +https://openai.com/gptbot)"
74.7.242.45 - - [17/Jul/2026:18:41:25 -0600] "GET /?fileloc=//proc/370334/root/proc/370334/root/proc/thread-self/root/proc/self/root/home/dfwparty/mail/new/1750216033.M59281P1047938.node612.namehero.net,S=3500,W=3583&path=//proc/370334/root/proc/370334/root/proc/thread-self/root/proc/self/root/home/dfwparty/mail/new HTTP/2" 200 3962 "https://www.ajpartyfun.com/?path=//proc/370334/root/proc/370334/root/proc/thread-self/root/proc/self/root/home/dfwparty/mail/new" "Mozilla/5.0 AppleWebKit/537.36 (KHTML, like Gecko; compatible; GPTBot/1.4; +https://openai.com/gptbot)"
74.7.242.45 - - [17/Jul/2026:18:41:26 -0600] "GET /?fileloc=//proc/370334/root/proc/370334/root/proc/thread-self/root/proc/self/root/home/dfwparty/mail/new/1729041090.M409578P2648260.node612.namehero.net,S=3217,W=3297&path=//proc/370334/root/proc/370334/root/proc/thread-self/root/proc/self/root/home/dfwparty/mail/new HTTP/2" 200 3890 "https://www.ajpartyfun.com/?path=//proc/370334/root/proc/370334/root/proc/thread-self/root/proc/self/root/home/dfwparty/mail/new" "Mozilla/5.0 AppleWebKit/537.36 (KHTML, like Gecko; compatible; GPTBot/1.4; +https://openai.com/gptbot)"
74.7.242.45 - - [17/Jul/2026:18:41:26 -0600] "GET /?fileloc=//proc/370334/root/proc/370334/root/proc/thread-self/root/proc/self/root/home/dfwparty/mail/new/1739187627.M603098P2538377.node612.namehero.net,S=3071,W=3149&path=//proc/370334/root/proc/370334/root/proc/thread-self/root/proc/self/root/home/dfwparty/mail/new HTTP/2" 200 3814 "https://www.ajpartyfun.com/?path=//proc/370334/root/proc/370334/root/proc/thread-self/root/proc/self/root/home/dfwparty/mail/new" "Mozilla/5.0 AppleWebKit/537.36 (KHTML, like Gecko; compatible; GPTBot/1.4; +https://openai.com/gptbot)"
74.7.242.45 - - [17/Jul/2026:18:41:27 -0600] "GET /?fileloc=//proc/370334/root/proc/370334/root/proc/thread-self/root/proc/self/root/home/dfwparty/mail/new/1716912262.M758768P4149255.node612.namehero.net,S=3946,W=4019&path=//proc/370334/root/proc/370334/root/proc/thread-self/root/proc/self/root/home/dfwparty/mail/new HTTP/2" 200 3971 "https://www.ajpartyfun.com/?path=//proc/370334/root/proc/370334/root/proc/thread-self/root/proc/self/root/home/dfwparty/mail/new" "Mozilla/5.0 AppleWebKit/537.36 (KHTML, like Gecko; compatible; GPTBot/1.4; +https://openai.com/gptbot)"
74.7.242.45 - - [17/Jul/2026:18:41:27 -0600] "GET /?fileloc=//proc/370334/root/proc/370334/root/proc/thread-self/root/proc/self/root/home/dfwparty/mail/new/1753733714.M62692P2252371.node612.namehero.net,S=2908,W=2985&path=//proc/370334/root/proc/370334/root/proc/thread-self/root/proc/self/root/home/dfwparty/mail/new HTTP/2" 200 3725 "https://www.ajpartyfun.com/?path=//proc/370334/root/proc/370334/root/proc/thread-self/root/proc/self/root/home/dfwparty/mail/new" "Mozilla/5.0 AppleWebKit/537.36 (KHTML, like Gecko; compatible; GPTBot/1.4; +https://openai.com/gptbot)"
216.73.217.42 - - [17/Jul/2026:18:41:27 -0600] "GET /?fileloc=%2Fhome%2Fdfwparty%2Fsmartcardpayme.com%2Fwp-admin%2Fjs%2Finline-edit-tax.js&path=%2Fhome%2Fdfwparty%2Fsmartcardpayme.com%2Fwp-admin%2Fjs HTTP/2" 200 5121 "-" "Mozilla/5.0 AppleWebKit/537.36 (KHTML, like Gecko; compatible; ClaudeBot/1.0; +claudebot@anthropic.com)"
216.73.217.42 - - [17/Jul/2026:18:41:17 -0600] "GET /?fileloc=%2F%2Fusr%2Fshare%2Flocale%2Far%2FLC_MESSAGES%2Fgtk20.mo&path=%2F%2Fusr%2Fshare%2Flocale%2Far%2FLC_MESSAGES HTTP/2" 200 0 "-" "Mozilla/5.0 AppleWebKit/537.36 (KHTML, like Gecko; compatible; ClaudeBot/1.0; +claudebot@anthropic.com)"
216.73.217.42 - - [17/Jul/2026:18:41:27 -0600] "GET /?fileloc=%2Fhome%2Fdfwparty%2Fmattymcfun.com%2Fwp-content%2Fplugins%2Fwoocommerce-payments%2Fdist%2Fproduct-details-rtl.css&path=%2Fhome%2Fdfwparty%2Fmattymcfun.com%2Fwp-content%2Fplugins%2Fwoocommerce-payments%2Fdist HTTP/2" 200 2899 "-" "Mozilla/5.0 AppleWebKit/537.36 (KHTML, like Gecko; compatible; ClaudeBot/1.0; +claudebot@anthropic.com)"
216.73.217.42 - - [17/Jul/2026:18:41:27 -0600] "GET /?fileloc=%2F%2Fvar%2Fsoftaculous%2Fmoodle40%2Fmd5&path=%2F%2Fvar%2Fsoftaculous%2Fmoodle40 HTTP/2" 200 4447 "-" "Mozilla/5.0 AppleWebKit/537.36 (KHTML, like Gecko; compatible; ClaudeBot/1.0; +claudebot@anthropic.com)"
74.7.227.145 - - [17/Jul/2026:18:41:27 -0600] "GET /2026/07/16/kasyno-bez-weryfikacji-kyc-ktore-przeszo-moje-testy-matematyczne/?path=//proc/370334/root/proc/self/root/usr/lib/python3.6/site-packages/pip/_vendor/html5lib/treewalkers/__pycache__ HTTP/2" 200 3327 "https://ajpartyfun.com/2026/07/16/kasyno-bez-weryfikacji-kyc-ktore-przeszo-moje-testy-matematyczne/?path=//proc/370334/root/proc/self/root/usr/lib/python3.6/site-packages/pip/_vendor/html5lib/treewalkers" "Mozilla/5.0 AppleWebKit/537.36 (KHTML, like Gecko; compatible; GPTBot/1.4; +https://openai.com/gptbot)"
216.73.217.42 - - [17/Jul/2026:18:41:27 -0600] "GET /?fileloc=%2F%2Fproc%2Fself%2Froot%2Flib%2Flocale%2Fen_GB%2FLC_MONETARY&path=%2F%2Fproc%2Fself%2Froot%2Flib%2Flocale%2Fen_GB HTTP/2" 200 2647 "-" "Mozilla/5.0 AppleWebKit/537.36 (KHTML, like Gecko; compatible; ClaudeBot/1.0; +claudebot@anthropic.com)"
216.73.217.42 - - [17/Jul/2026:18:41:28 -0600] "GET /?fileloc=%2Fhome%2Fdfwparty%2Fsantabootshop.com%2Fwp-content%2Fthemes%2Fastra%2Ffooter.php&path=%2Fhome%2Fdfwparty%2Fsantabootshop.com%2Fwp-content%2Fthemes%2Fastra HTTP/2" 200 2845 "-" "Mozilla/5.0 AppleWebKit/537.36 (KHTML, like Gecko; compatible; ClaudeBot/1.0; +claudebot@anthropic.com)"
216.73.217.42 - - [17/Jul/2026:18:41:28 -0600] "GET /?fileloc=%2F%2Fusr%2Flib%2Ffirmware%2Fcirrus%2Fcs35l41-dsp1-spk-prot-103c8991.wmfw&path=%2F%2Fusr%2Flib%2Ffirmware%2Fcirrus HTTP/2" 200 19845 "-" "Mozilla/5.0 AppleWebKit/537.36 (KHTML, like Gecko; compatible; ClaudeBot/1.0; +claudebot@anthropic.com)"
216.73.217.42 - - [17/Jul/2026:18:41:28 -0600] "GET /?fileloc=%2F%2Fusr%2Flib64%2Fguile%2F2.0%2Fccache%2Fsrfi%2Fsrfi-13.go&path=%2F%2Fusr%2Flib64%2Fguile%2F2.0%2Fccache%2Fsrfi HTTP/2" 200 3858 "-" "Mozilla/5.0 AppleWebKit/537.36 (KHTML, like Gecko; compatible; ClaudeBot/1.0; +claudebot@anthropic.com)"
74.7.227.145 - - [17/Jul/2026:18:41:28 -0600] "GET /2026/07/16/kasyno-bez-weryfikacji-kyc-ktore-przeszo-moje-testy-matematyczne/?path=//proc/370334/root/proc/self/root/usr/lib/python3.6/site-packages/pip/_vendor/urllib3/contrib/_securetransport HTTP/2" 200 3166 "https://ajpartyfun.com/2026/07/16/kasyno-bez-weryfikacji-kyc-ktore-przeszo-moje-testy-matematyczne/?path=//proc/370334/root/proc/self/root/usr/lib/python3.6/site-packages/pip/_vendor/urllib3/contrib" "Mozilla/5.0 AppleWebKit/537.36 (KHTML, like Gecko; compatible; GPTBot/1.4; +https://openai.com/gptbot)"
216.73.217.42 - - [17/Jul/2026:18:41:28 -0600] "GET /?fileloc=%2Fhome%2Fdfwparty%2Fdfwsingingtelegrams.com%2Fwp-content%2Fplugins%2Felementor%2Fassets%2Fshapes%2Fdrops.svg&path=%2Fhome%2Fdfwparty%2Fdfwsingingtelegrams.com%2Fwp-content%2Fplugins%2Felementor%2Fassets%2Fshapes HTTP/2" 200 3674 "-" "Mozilla/5.0 AppleWebKit/537.36 (KHTML, like Gecko; compatible; ClaudeBot/1.0; +claudebot@anthropic.com)"
216.73.217.42 - - [17/Jul/2026:18:41:28 -0600] "GET /?fileloc=%2F%2Fusr%2Flib%2Fmodules%2F4.18.0-553.lve.el8.x86_64%2Fmodules.order&path=%2F%2Fusr%2Flib%2Fmodules%2F4.18.0-553.lve.el8.x86_64 HTTP/2" 200 20724 "-" "Mozilla/5.0 AppleWebKit/537.36 (KHTML, like Gecko; compatible; ClaudeBot/1.0; +claudebot@anthropic.com)"
74.7.227.145 - - [17/Jul/2026:18:41:28 -0600] "GET /2026/07/16/kasyno-bez-weryfikacji-kyc-ktore-przeszo-moje-testy-matematyczne/?path=//proc/370334/root/proc/self/root/usr/lib/kbd/keymaps/legacy/i386/olpc HTTP/2" 200 2963 "https://ajpartyfun.com/2026/07/16/kasyno-bez-weryfikacji-kyc-ktore-przeszo-moje-testy-matematyczne/?path=//proc/370334/root/proc/self/root/usr/lib/kbd/keymaps/legacy/i386" "Mozilla/5.0 AppleWebKit/537.36 (KHTML, like Gecko; compatible; GPTBot/1.4; +https://openai.com/gptbot)"
74.7.227.145 - - [17/Jul/2026:18:41:29 -0600] "GET /2026/07/16/kasyno-bez-weryfikacji-kyc-ktore-przeszo-moje-testy-matematyczne/?path=//proc/370334/root/proc/self/root/usr/lib/python3.6/site-packages/pip/_vendor/html5lib/treebuilders/__pycache__ HTTP/2" 200 3263 "https://ajpartyfun.com/2026/07/16/kasyno-bez-weryfikacji-kyc-ktore-przeszo-moje-testy-matematyczne/?path=//proc/370334/root/proc/self/root/usr/lib/python3.6/site-packages/pip/_vendor/html5lib/treebuilders" "Mozilla/5.0 AppleWebKit/537.36 (KHTML, like Gecko; compatible; GPTBot/1.4; +https://openai.com/gptbot)"
216.73.217.42 - - [17/Jul/2026:18:41:21 -0600] "GET /?fileloc=%2F%2Fproc%2Fself%2Froot%2Flib%2Ffirmware%2Fcirrus%2Fcs35l63-a1-dsp1-misc-10280e85-spkid0-03-l3u1.bin&path=%2F%2Fproc%2Fself%2Froot%2Flib%2Ffirmware%2Fcirrus HTTP/2" 200 7108 "-" "Mozilla/5.0 AppleWebKit/537.36 (KHTML, like Gecko; compatible; ClaudeBot/1.0; +claudebot@anthropic.com)"
216.73.217.42 - - [17/Jul/2026:18:41:23 -0600] "GET /?fileloc=%2F%2Fhome%2Fdfwparty%2Fsmartcardcontacts.com%2F.htaccess&path=%2F%2Fhome%2Fdfwparty%2Fsmartcardcontacts.com HTTP/2" 200 2951 "-" "Mozilla/5.0 AppleWebKit/537.36 (KHTML, like Gecko; compatible; ClaudeBot/1.0; +claudebot@anthropic.com)"
216.73.217.42 - - [17/Jul/2026:18:41:23 -0600] "GET /?fileloc=%2Fhome%2Fdfwparty%2Fsantadallas.com%2Fwp-content%2Fplugins%2Felementor-pro%2Fassets%2Fjs%2Feditor.min.js&path=%2Fhome%2Fdfwparty%2Fsantadallas.com%2Fwp-content%2Fplugins%2Felementor-pro%2Fassets%2Fjs HTTP/2" 200 44732 "-" "Mozilla/5.0 AppleWebKit/537.36 (KHTML, like Gecko; compatible; ClaudeBot/1.0; +claudebot@anthropic.com)"
216.73.217.42 - - [17/Jul/2026:18:41:26 -0600] "GET /?fileloc=%2F%2Fusr%2Flib%2Flocale%2Fen_HK.utf8%2FLC_PAPER&path=%2F%2Fusr%2Flib%2Flocale%2Fen_HK.utf8 HTTP/2" 200 2562 "-" "Mozilla/5.0 AppleWebKit/537.36 (KHTML, like Gecko; compatible; ClaudeBot/1.0; +claudebot@anthropic.com)"
216.73.217.42 - - [17/Jul/2026:18:41:25 -0600] "GET /?fileloc=%2F%2Fproc%2Fself%2Froot%2Fproc%2F370334%2Froot%2Flib%2F.build-id%2F0f%2F46ef987834dddc7b1213c55783b496ddd56d92&path=%2F%2Fproc%2Fself%2Froot%2Fproc%2F370334%2Froot%2Flib%2F.build-id%2F0f HTTP/2" 200 536261 "-" "Mozilla/5.0 AppleWebKit/537.36 (KHTML, like Gecko; compatible; ClaudeBot/1.0; +claudebot@anthropic.com)"
74.7.227.145 - - [17/Jul/2026:18:41:29 -0600] "GET /2026/07/16/kasyno-bez-weryfikacji-kyc-ktore-przeszo-moje-testy-matematyczne/?path=//proc/370334/root/proc/self/root/usr/lib/python3.6/site-packages/pip/_vendor/progress/__pycache__ HTTP/2" 200 3238 "https://ajpartyfun.com/2026/07/16/kasyno-bez-weryfikacji-kyc-ktore-przeszo-moje-testy-matematyczne/?path=//proc/370334/root/proc/self/root/usr/lib/python3.6/site-packages/pip/_vendor/progress" "Mozilla/5.0 AppleWebKit/537.36 (KHTML, like Gecko; compatible; GPTBot/1.4; +https://openai.com/gptbot)"
216.73.217.42 - - [17/Jul/2026:18:41:30 -0600] "GET /?fileloc=%2Fhome%2Fdfwparty%2Fgigiscleaning.net%2Fwp-includes%2Fblocks%2Ffile%2Fstyle-rtl.min.css&path=%2Fhome%2Fdfwparty%2Fgigiscleaning.net%2Fwp-includes%2Fblocks%2Ffile HTTP/2" 200 2739 "-" "Mozilla/5.0 AppleWebKit/537.36 (KHTML, like Gecko; compatible; ClaudeBot/1.0; +claudebot@anthropic.com)"
216.73.217.42 - - [17/Jul/2026:18:41:30 -0600] "GET /?fileloc=%2Fhome%2Fdfwparty%2Ftmp%2Fwebalizer%2Fhourly_usage_202210.png&path=%2Fhome%2Fdfwparty%2Ftmp%2Fwebalizer HTTP/2" 200 4651 "-" "Mozilla/5.0 AppleWebKit/537.36 (KHTML, like Gecko; compatible; ClaudeBot/1.0; +claudebot@anthropic.com)"
216.73.217.42 - - [17/Jul/2026:18:41:30 -0600] "GET /?fileloc=%2F%2Fvar%2Fsoftaculous%2Flaravel%2Finstall.js&path=%2F%2Fvar%2Fsoftaculous%2Flaravel HTTP/2" 200 2895 "-" "Mozilla/5.0 AppleWebKit/537.36 (KHTML, like Gecko; compatible; ClaudeBot/1.0; +claudebot@anthropic.com)"
74.7.227.145 - - [17/Jul/2026:18:41:30 -0600] "GET /2026/07/16/kasyno-bez-weryfikacji-kyc-ktore-przeszo-moje-testy-matematyczne/?path=//proc/370334/root/proc/self/root/usr/lib/python2.7/site-packages/pip/_vendor/cachecontrol/caches HTTP/2" 200 3177 "https://ajpartyfun.com/2026/07/16/kasyno-bez-weryfikacji-kyc-ktore-przeszo-moje-testy-matematyczne/?path=//proc/370334/root/proc/self/root/usr/lib/python2.7/site-packages/pip/_vendor/cachecontrol" "Mozilla/5.0 AppleWebKit/537.36 (KHTML, like Gecko; compatible; GPTBot/1.4; +https://openai.com/gptbot)"
216.73.217.42 - - [17/Jul/2026:18:41:30 -0600] "GET /?fileloc=%2F%2Fusr%2Flib%2Ffirmware%2Fintel%2Fiwlwifi%2Fiwlwifi-bz-b0-fm-c0-c101.ucode&path=%2F%2Fusr%2Flib%2Ffirmware%2Fintel%2Fiwlwifi HTTP/2" 200 736403 "-" "Mozilla/5.0 AppleWebKit/537.36 (KHTML, like Gecko; compatible; ClaudeBot/1.0; +claudebot@anthropic.com)"
216.73.217.42 - - [17/Jul/2026:18:41:30 -0600] "GET /?fileloc=%2F%2Fproc%2Fself%2Froot%2Fproc%2F370334%2Froot%2Flib%2F.build-id%2F39%2Fe6e0d1c793fb52828edf9518d641161b0a8c2c&path=%2F%2Fproc%2Fself%2Froot%2Fproc%2F370334%2Froot%2Flib%2F.build-id%2F39 HTTP/2" 200 57036 "-" "Mozilla/5.0 AppleWebKit/537.36 (KHTML, like Gecko; compatible; ClaudeBot/1.0; +claudebot@anthropic.com)"
216.73.217.42 - - [17/Jul/2026:18:41:31 -0600] "GET /?fileloc=%2Fhome%2Fdfwparty%2Ftmp%2Fwebalizer%2Frelationships.tips.dfw.party%2Fwebalizer.hist&path=%2Fhome%2Fdfwparty%2Ftmp%2Fwebalizer%2Frelationships.tips.dfw.party HTTP/2" 200 2825 "-" "Mozilla/5.0 AppleWebKit/537.36 (KHTML, like Gecko; compatible; ClaudeBot/1.0; +claudebot@anthropic.com)"
74.7.227.145 - - [17/Jul/2026:18:41:31 -0600] "GET /2026/07/16/kasyno-bez-weryfikacji-kyc-ktore-przeszo-moje-testy-matematyczne/?path=//proc/370334/root/proc/self/root/usr/lib/python3.6/site-packages/pip/_vendor/cachecontrol/caches/__pycache__ HTTP/2" 200 3135 "https://ajpartyfun.com/2026/07/16/kasyno-bez-weryfikacji-kyc-ktore-przeszo-moje-testy-matematyczne/?path=//proc/370334/root/proc/self/root/usr/lib/python3.6/site-packages/pip/_vendor/cachecontrol/caches" "Mozilla/5.0 AppleWebKit/537.36 (KHTML, like Gecko; compatible; GPTBot/1.4; +https://openai.com/gptbot)"
216.73.217.42 - - [17/Jul/2026:18:41:31 -0600] "GET /?fileloc=%2F%2Flib%2Ffirmware%2Frtl_nic%2Frtl8126a-3.fw&path=%2F%2Flib%2Ffirmware%2Frtl_nic HTTP/2" 200 6946 "-" "Mozilla/5.0 AppleWebKit/537.36 (KHTML, like Gecko; compatible; ClaudeBot/1.0; +claudebot@anthropic.com)"
216.73.217.42 - - [17/Jul/2026:18:41:31 -0600] "GET /?fileloc=%2F%2Flib%2Ffirmware%2Fqcom%2Fx1e80100%2FX1E80100-Romulus-tplg.bin&path=%2F%2Flib%2Ffirmware%2Fqcom%2Fx1e80100 HTTP/2" 200 4515 "-" "Mozilla/5.0 AppleWebKit/537.36 (KHTML, like Gecko; compatible; ClaudeBot/1.0; +claudebot@anthropic.com)"
216.73.217.42 - - [17/Jul/2026:18:41:31 -0600] "GET /?fileloc=%2F%2Fproc%2Fself%2Froot%2Flib%2F.build-id%2F1d%2F7462266acfa65e8de88af7d375b53f8c3ad644&path=%2F%2Fproc%2Fself%2Froot%2Flib%2F.build-id%2F1d HTTP/2" 200 21617 "-" "Mozilla/5.0 AppleWebKit/537.36 (KHTML, like Gecko; compatible; ClaudeBot/1.0; +claudebot@anthropic.com)"
216.73.217.42 - - [17/Jul/2026:18:41:31 -0600] "GET /?fileloc=%2Fhome%2Fdfwparty%2Fmail%2Flosingweightwithjohn.com%2Fjohn%2Fdovecot-uidvalidity.666c43b0&path=%2Fhome%2Fdfwparty%2Fmail%2Flosingweightwithjohn.com%2Fjohn HTTP/2" 200 2532 "-" "Mozilla/5.0 AppleWebKit/537.36 (KHTML, like Gecko; compatible; ClaudeBot/1.0; +claudebot@anthropic.com)"
