HEX
Server: LiteSpeed
System: Linux node612.namehero.net 4.18.0-553.121.1.lve.el8.x86_64 #1 SMP Thu Apr 30 16:40:41 UTC 2026 x86_64
User: dfwparty (1186)
PHP: 8.3.31
Disabled: NONE
Upload Files
File: /home/dfwparty/access-logs/dfwchat.net.dfw.party
198.175.150.9 - - [16/Jul/2026:18:43:49 -0600] "POST /wp-cron.php?doing_wp_cron=1784249029.3624489307403564453125 HTTP/1.1" 200 0 "-" "WordPress/7.0.1; https://dfwchat.net"
198.175.150.9 - - [16/Jul/2026:18:25:55 -0600] "POST /wp-cron.php?doing_wp_cron=1784247955.9548969268798828125000 HTTP/1.1" 200 0 "-" "WordPress/7.0.1; https://dfwchat.net"
198.175.150.9 - - [16/Jul/2026:18:42:51 -0600] "POST /wp-cron.php?doing_wp_cron=1784248971.8024311065673828125000 HTTP/1.1" 200 0 "-" "WordPress/7.0.1; https://dfwchat.net"
2a06:98c0:3600::103 - - [16/Jul/2026:18:42:51 -0600] "GET /wp-admin/install.php?step=1 HTTP/1.1" 200 549 "-" "http://dfwchat.net/wp-admin/install.php?step=1"
2a06:98c0:3600::103 - - [16/Jul/2026:18:43:49 -0600] "GET /wp-admin/install.php?step=1 HTTP/1.1" 200 549 "-" "http://dfwchat.net/wp-admin/install.php?step=1"
2a06:98c0:3600::103 - - [16/Jul/2026:18:25:55 -0600] "GET /wp-admin/install.php?step=1 HTTP/1.1" 200 549 "-" "http://dfwchat.net/wp-admin/install.php?step=1"
198.175.150.9 - - [16/Jul/2026:19:00:32 -0600] "POST /wp-cron.php?doing_wp_cron=1784250032.5424609184265136718750 HTTP/1.1" 200 0 "-" "WordPress/7.0.1; https://dfwchat.net"
2a06:98c0:3600::103 - - [16/Jul/2026:19:00:32 -0600] "GET /wp-admin/install.php?step=1 HTTP/1.1" 200 549 "-" "http://dfwchat.net/wp-admin/install.php?step=1"
198.175.150.9 - - [16/Jul/2026:19:21:46 -0600] "POST /wp-cron.php?doing_wp_cron=1784251306.3922209739685058593750 HTTP/1.1" 200 0 "-" "WordPress/7.0.1; https://dfwchat.net"
142.93.170.249 - - [16/Jul/2026:19:24:16 -0600] "GET /wp-login.php HTTP/1.1" 302 0 "-" "Mozilla/5.0"
2a06:98c0:3600::103 - - [16/Jul/2026:19:51:16 -0600] "GET /wp-admin/install.php?step=1 HTTP/1.1" 200 549 "-" "http://dfwchat.net/wp-admin/install.php?step=1"
162.243.168.83 - - [16/Jul/2026:20:13:25 -0600] "GET /wp-login.php HTTP/1.1" 302 0 "-" "Mozilla/5.0"
2a06:98c0:3600::103 - - [16/Jul/2026:19:42:45 -0600] "GET /wp-admin/install.php?step=1 HTTP/1.1" 200 549 "-" "http://dfwchat.net/wp-admin/install.php?step=1"
134.209.167.102 - - [16/Jul/2026:19:47:26 -0600] "GET /wp-login.php HTTP/1.1" 302 0 "-" "Mozilla/5.0"
198.175.150.9 - - [16/Jul/2026:19:24:16 -0600] "POST /wp-cron.php?doing_wp_cron=1784251456.8627970218658447265625 HTTP/1.1" 200 0 "-" "WordPress/7.0.1; https://dfwchat.net"
2a06:98c0:3600::103 - - [16/Jul/2026:20:17:49 -0600] "GET /wp-admin/install.php?step=1 HTTP/1.1" 200 549 "-" "http://dfwchat.net/wp-admin/install.php?step=1"
2a06:98c0:3600::103 - - [16/Jul/2026:19:21:46 -0600] "GET /wp-admin/install.php?step=1 HTTP/1.1" 200 549 "-" "http://dfwchat.net/wp-admin/install.php?step=1"
2a06:98c0:3600::103 - - [16/Jul/2026:20:29:21 -0600] "GET /wp-admin/install.php?step=1 HTTP/1.1" 200 549 "-" "http://dfwchat.net/wp-admin/install.php?step=1"
198.175.150.9 - - [16/Jul/2026:20:27:32 -0600] "POST /wp-cron.php?doing_wp_cron=1784255252.3767070770263671875000 HTTP/1.1" 200 0 "-" "WordPress/7.0.1; https://dfwchat.net"
198.175.150.9 - - [16/Jul/2026:20:29:23 -0600] "POST /wp-cron.php?doing_wp_cron=1784255363.8072299957275390625000 HTTP/1.1" 200 0 "-" "WordPress/7.0.1; https://dfwchat.net"
43.164.196.244 - - [16/Jul/2026:20:29:22 -0600] "GET / HTTP/1.1" 200 21693 "-" "Mozilla/5.0 (iPhone; CPU iPhone OS 13_2_3 like Mac OS X) AppleWebKit/605.1.15 (KHTML, like Gecko) Version/13.0.3 Mobile/15E148 Safari/604.1"
198.175.150.9 - - [16/Jul/2026:20:29:22 -0600] "POST /wp-cron.php?doing_wp_cron=1784255362.2271978855133056640625 HTTP/1.1" 200 0 "-" "WordPress/7.0.1; https://dfwchat.net"
2a06:98c0:3600::103 - - [16/Jul/2026:20:27:31 -0600] "GET /wp-admin/install.php?step=1 HTTP/1.1" 200 549 "-" "http://dfwchat.net/wp-admin/install.php?step=1"
2a06:98c0:3600::103 - - [16/Jul/2026:21:14:52 -0600] "GET /wp-admin/install.php?step=1 HTTP/1.1" 200 549 "-" "http://dfwchat.net/wp-admin/install.php?step=1"
104.197.69.115 - - [16/Jul/2026:21:16:22 -0600] "GET /wp-content/plugins/buddyboss-platform/bp-templates/bp-nouveau/icons/css/icons-map.min.css?ver=3.1.1 HTTP/1.1" 200 2686 "http://dfwchat.net/" "Mozilla/5.0 (Windows NT 10.0; Win64; x64) AppleWebKit/537.36 (KHTML, like Gecko) Chrome/125.0.6422.60 Safari/537.36 Edge/12.246"
34.123.170.104 - - [16/Jul/2026:21:16:22 -0600] "GET /wp-content/themes/buddyboss-theme/inc/plugins/buddyboss-menu-icons/vendor/kucrut/icon-picker/css/types/buddyboss_legacy.css?ver=1.0 HTTP/1.1" 200 4200 "http://dfwchat.net/" "Mozilla/5.0 (Windows NT 10.0; Win64; x64) AppleWebKit/537.36 (KHTML, like Gecko) Chrome/125.0.6422.60 Safari/537.36 Edge/12.246"
104.197.69.115 - - [16/Jul/2026:21:16:22 -0600] "GET /wp-content/plugins/buddyboss-platform/bp-core/css/admin-bar.min.css?ver=3.1.1 HTTP/1.1" 200 630 "http://dfwchat.net/" "Mozilla/5.0 (Windows NT 10.0; Win64; x64) AppleWebKit/537.36 (KHTML, like Gecko) Chrome/125.0.6422.60 Safari/537.36 Edge/12.246"
104.197.69.115 - - [16/Jul/2026:21:16:22 -0600] "GET /wp-content/plugins/buddyboss-platform-pro/includes/polls/assets/css/bb-polls.min.css?ver=3.0.3 HTTP/1.1" 200 2371 "http://dfwchat.net/" "Mozilla/5.0 (Windows NT 10.0; Win64; x64) AppleWebKit/537.36 (KHTML, like Gecko) Chrome/125.0.6422.60 Safari/537.36 Edge/12.246"
104.197.69.115 - - [16/Jul/2026:21:16:22 -0600] "GET /wp-content/plugins/buddyboss-platform-pro/includes/integrations/tutorlms/assets/css/bb-tutorlms-admin.min.css?ver=3.1.1 HTTP/1.1" 200 1057 "http://dfwchat.net/" "Mozilla/5.0 (Windows NT 10.0; Win64; x64) AppleWebKit/537.36 (KHTML, like Gecko) Chrome/125.0.6422.60 Safari/537.36 Edge/12.246"
104.197.69.115 - - [16/Jul/2026:21:16:22 -0600] "GET /wp-content/themes/buddyboss-theme/assets/fonts/fonts.css?ver=2.20.1 HTTP/1.1" 200 594 "http://dfwchat.net/" "Mozilla/5.0 (Windows NT 10.0; Win64; x64) AppleWebKit/537.36 (KHTML, like Gecko) Chrome/125.0.6422.60 Safari/537.36 Edge/12.246"
104.197.69.115 - - [16/Jul/2026:21:16:22 -0600] "GET /wp-content/themes/buddyboss-theme/assets/css/vendors/magnific-popup.min.css?ver=2.20.1 HTTP/1.1" 200 2050 "http://dfwchat.net/" "Mozilla/5.0 (Windows NT 10.0; Win64; x64) AppleWebKit/537.36 (KHTML, like Gecko) Chrome/125.0.6422.60 Safari/537.36 Edge/12.246"
104.197.69.115 - - [16/Jul/2026:21:16:22 -0600] "GET /wp-content/themes/buddyboss-theme/assets/css/template-v2.min.css?ver=2.20.1 HTTP/1.1" 200 15245 "http://dfwchat.net/" "Mozilla/5.0 (Windows NT 10.0; Win64; x64) AppleWebKit/537.36 (KHTML, like Gecko) Chrome/125.0.6422.60 Safari/537.36 Edge/12.246"
104.197.69.115 - - [16/Jul/2026:21:16:23 -0600] "GET /wp-includes/js/jquery/jquery-migrate.min.js?ver=3.4.1 HTTP/1.1" 200 4870 "http://dfwchat.net/" "Mozilla/5.0 (Windows NT 10.0; Win64; x64) AppleWebKit/537.36 (KHTML, like Gecko) Chrome/125.0.6422.60 Safari/537.36 Edge/12.246"
104.197.69.115 - - [16/Jul/2026:21:16:23 -0600] "GET /wp-content/plugins/buddyboss-platform-pro/includes/integrations/meprlms/assets/js/bb-meprlms-frontend.min.js?ver=3.1.1 HTTP/1.1" 200 169 "http://dfwchat.net/" "Mozilla/5.0 (Windows NT 10.0; Win64; x64) AppleWebKit/537.36 (KHTML, like Gecko) Chrome/125.0.6422.60 Safari/537.36 Edge/12.246"
104.197.69.115 - - [16/Jul/2026:21:16:23 -0600] "GET /wp-content/plugins/buddyboss-platform-pro/includes/integrations/tutorlms/assets/js/bb-tutorlms-admin.min.js?ver=3.1.1 HTTP/1.1" 200 995 "http://dfwchat.net/" "Mozilla/5.0 (Windows NT 10.0; Win64; x64) AppleWebKit/537.36 (KHTML, like Gecko) Chrome/125.0.6422.60 Safari/537.36 Edge/12.246"
104.197.69.115 - - [16/Jul/2026:21:16:23 -0600] "GET /wp-content/plugins/buddyboss-platform/bp-core/js/vendor/magnific-popup.js?ver=3.1.1 HTTP/1.1" 200 7376 "http://dfwchat.net/" "Mozilla/5.0 (Windows NT 10.0; Win64; x64) AppleWebKit/537.36 (KHTML, like Gecko) Chrome/125.0.6422.60 Safari/537.36 Edge/12.246"
104.197.69.115 - - [16/Jul/2026:21:16:21 -0600] "GET / HTTP/1.1" 200 21688 "http://dfwchat.net/" "Mozilla/5.0 (Windows NT 10.0; Win64; x64) AppleWebKit/537.36 (KHTML, like Gecko) Chrome/125.0.6422.60 Safari/537.36 Edge/12.246"
34.72.176.129 - - [16/Jul/2026:21:16:22 -0600] "GET /wp-includes/css/admin-bar.min.css?ver=7.0.1 HTTP/1.1" 200 3888 "http://dfwchat.net/" "Mozilla/5.0 (Windows NT 10.0; Win64; x64) AppleWebKit/537.36 (KHTML, like Gecko) Chrome/125.0.6422.60 Safari/537.36 Edge/12.246"
34.72.176.129 - - [16/Jul/2026:21:16:22 -0600] "GET /wp-content/plugins/buddyboss-platform/bp-templates/bp-nouveau/icons/css/bb-icons.min.css?ver=1.0.11 HTTP/1.1" 200 4837 "http://dfwchat.net/" "Mozilla/5.0 (Windows NT 10.0; Win64; x64) AppleWebKit/537.36 (KHTML, like Gecko) Chrome/125.0.6422.60 Safari/537.36 Edge/12.246"
104.197.69.115 - - [16/Jul/2026:21:16:22 -0600] "GET /wp-content/plugins/buddyboss-platform-pro/includes/integrations/meprlms/assets/css/meprlms-frontend.min.css?ver=3.1.1 HTTP/1.1" 200 9302 "http://dfwchat.net/" "Mozilla/5.0 (Windows NT 10.0; Win64; x64) AppleWebKit/537.36 (KHTML, like Gecko) Chrome/125.0.6422.60 Safari/537.36 Edge/12.246"
104.197.69.115 - - [16/Jul/2026:21:16:22 -0600] "GET /wp-content/plugins/buddyboss-platform-pro/includes/integrations/zoom/assets/css/bp-zoom.min.css?ver=3.0.3 HTTP/1.1" 200 14462 "http://dfwchat.net/" "Mozilla/5.0 (Windows NT 10.0; Win64; x64) AppleWebKit/537.36 (KHTML, like Gecko) Chrome/125.0.6422.60 Safari/537.36 Edge/12.246"
104.197.69.115 - - [16/Jul/2026:21:16:23 -0600] "GET /wp-content/themes/buddyboss-theme/assets/css/bbpress.min.css?ver=2.20.1 HTTP/1.1" 200 22283 "http://dfwchat.net/" "Mozilla/5.0 (Windows NT 10.0; Win64; x64) AppleWebKit/537.36 (KHTML, like Gecko) Chrome/125.0.6422.60 Safari/537.36 Edge/12.246"
104.197.69.115 - - [16/Jul/2026:21:16:23 -0600] "GET /wp-content/plugins/buddyboss-platform/bp-core/js/bb-emoji-loader.min.js?ver=3.1.1 HTTP/1.1" 200 1449 "http://dfwchat.net/" "Mozilla/5.0 (Windows NT 10.0; Win64; x64) AppleWebKit/537.36 (KHTML, like Gecko) Chrome/125.0.6422.60 Safari/537.36 Edge/12.246"
104.197.69.115 - - [16/Jul/2026:21:16:23 -0600] "GET /wp-content/plugins/buddyboss-platform/bp-core/js/widget-members.min.js?ver=3.1.1 HTTP/1.1" 200 880 "http://dfwchat.net/" "Mozilla/5.0 (Windows NT 10.0; Win64; x64) AppleWebKit/537.36 (KHTML, like Gecko) Chrome/125.0.6422.60 Safari/537.36 Edge/12.246"
104.197.69.115 - - [16/Jul/2026:21:16:23 -0600] "GET /wp-content/plugins/buddyboss-platform/bp-core/js/jquery-query.min.js?ver=3.1.1 HTTP/1.1" 200 231 "http://dfwchat.net/" "Mozilla/5.0 (Windows NT 10.0; Win64; x64) AppleWebKit/537.36 (KHTML, like Gecko) Chrome/125.0.6422.60 Safari/537.36 Edge/12.246"
104.197.69.115 - - [16/Jul/2026:21:16:23 -0600] "GET /wp-includes/js/admin-bar.min.js?ver=7.0.1 HTTP/1.1" 200 1353 "http://dfwchat.net/" "Mozilla/5.0 (Windows NT 10.0; Win64; x64) AppleWebKit/537.36 (KHTML, like Gecko) Chrome/125.0.6422.60 Safari/537.36 Edge/12.246"
104.197.69.115 - - [16/Jul/2026:21:16:23 -0600] "GET /wp-includes/js/dist/vendor/moment.min.js?ver=2.30.1 HTTP/1.1" 200 18858 "http://dfwchat.net/" "Mozilla/5.0 (Windows NT 10.0; Win64; x64) AppleWebKit/537.36 (KHTML, like Gecko) Chrome/125.0.6422.60 Safari/537.36 Edge/12.246"
104.197.69.115 - - [16/Jul/2026:21:16:23 -0600] "GET /wp-includes/js/underscore.min.js?ver=1.13.8 HTTP/1.1" 200 7384 "http://dfwchat.net/" "Mozilla/5.0 (Windows NT 10.0; Win64; x64) AppleWebKit/537.36 (KHTML, like Gecko) Chrome/125.0.6422.60 Safari/537.36 Edge/12.246"
104.197.69.115 - - [16/Jul/2026:21:16:23 -0600] "GET /wp-includes/js/wp-util.min.js?ver=7.0.1 HTTP/1.1" 200 757 "http://dfwchat.net/" "Mozilla/5.0 (Windows NT 10.0; Win64; x64) AppleWebKit/537.36 (KHTML, like Gecko) Chrome/125.0.6422.60 Safari/537.36 Edge/12.246"
104.197.69.115 - - [16/Jul/2026:21:16:23 -0600] "GET /wp-includes/js/backbone.min.js?ver=1.6.1 HTTP/1.1" 200 8029 "http://dfwchat.net/" "Mozilla/5.0 (Windows NT 10.0; Win64; x64) AppleWebKit/537.36 (KHTML, like Gecko) Chrome/125.0.6422.60 Safari/537.36 Edge/12.246"
104.197.69.115 - - [16/Jul/2026:21:16:23 -0600] "GET /wp-includes/js/wp-backbone.min.js?ver=7.0.1 HTTP/1.1" 200 1169 "http://dfwchat.net/" "Mozilla/5.0 (Windows NT 10.0; Win64; x64) AppleWebKit/537.36 (KHTML, like Gecko) Chrome/125.0.6422.60 Safari/537.36 Edge/12.246"
34.72.176.129 - - [16/Jul/2026:21:16:23 -0600] "GET /wp-includes/js/jquery/ui/core.min.js?ver=1.13.3 HTTP/1.1" 200 7104 "http://dfwchat.net/" "Mozilla/5.0 (Windows NT 10.0; Win64; x64) AppleWebKit/537.36 (KHTML, like Gecko) Chrome/125.0.6422.60 Safari/537.36 Edge/12.246"
34.72.176.129 - - [16/Jul/2026:21:16:23 -0600] "GET /wp-content/plugins/buddyboss-platform-pro/includes/polls/assets/js/bb-poll.min.js?ver=3.0.3 HTTP/1.1" 200 3968 "http://dfwchat.net/" "Mozilla/5.0 (Windows NT 10.0; Win64; x64) AppleWebKit/537.36 (KHTML, like Gecko) Chrome/125.0.6422.60 Safari/537.36 Edge/12.246"
34.72.176.129 - - [16/Jul/2026:21:16:23 -0600] "GET /wp-content/plugins/buddyboss-platform-pro/includes/schedule-posts/assets/js/bb-schedule-posts.min.js?ver=3.0.3 HTTP/1.1" 200 4467 "http://dfwchat.net/" "Mozilla/5.0 (Windows NT 10.0; Win64; x64) AppleWebKit/537.36 (KHTML, like Gecko) Chrome/125.0.6422.60 Safari/537.36 Edge/12.246"
34.72.176.129 - - [16/Jul/2026:21:16:23 -0600] "GET /wp-includes/js/jquery/ui/menu.min.js?ver=1.13.3 HTTP/1.1" 200 3068 "http://dfwchat.net/" "Mozilla/5.0 (Windows NT 10.0; Win64; x64) AppleWebKit/537.36 (KHTML, like Gecko) Chrome/125.0.6422.60 Safari/537.36 Edge/12.246"
34.72.176.129 - - [16/Jul/2026:21:16:23 -0600] "GET /wp-includes/js/dist/dom-ready.min.js?ver=a06281ae5cf5500e9317 HTTP/1.1" 200 472 "http://dfwchat.net/" "Mozilla/5.0 (Windows NT 10.0; Win64; x64) AppleWebKit/537.36 (KHTML, like Gecko) Chrome/125.0.6422.60 Safari/537.36 Edge/12.246"
104.197.69.115 - - [16/Jul/2026:21:16:23 -0600] "GET /wp-includes/js/dist/a11y.min.js?ver=af934e5259bc51b8718e HTTP/1.1" 200 1055 "http://dfwchat.net/" "Mozilla/5.0 (Windows NT 10.0; Win64; x64) AppleWebKit/537.36 (KHTML, like Gecko) Chrome/125.0.6422.60 Safari/537.36 Edge/12.246"
104.197.69.115 - - [16/Jul/2026:21:16:23 -0600] "GET /wp-includes/js/jquery/ui/autocomplete.min.js?ver=1.13.3 HTTP/1.1" 200 2905 "http://dfwchat.net/" "Mozilla/5.0 (Windows NT 10.0; Win64; x64) AppleWebKit/537.36 (KHTML, like Gecko) Chrome/125.0.6422.60 Safari/537.36 Edge/12.246"
34.72.176.129 - - [16/Jul/2026:21:16:23 -0600] "GET /wp-content/plugins/buddyboss-platform/bp-templates/bp-nouveau/js/buddypress-search.min.js?ver=3.1.1 HTTP/1.1" 200 1637 "http://dfwchat.net/" "Mozilla/5.0 (Windows NT 10.0; Win64; x64) AppleWebKit/537.36 (KHTML, like Gecko) Chrome/125.0.6422.60 Safari/537.36 Edge/12.246"
34.72.176.129 - - [16/Jul/2026:21:16:23 -0600] "GET /wp-content/plugins/buddyboss-platform/bp-templates/bp-nouveau/js/buddypress-moderation.min.js?ver=3.1.1 HTTP/1.1" 200 1067 "http://dfwchat.net/" "Mozilla/5.0 (Windows NT 10.0; Win64; x64) AppleWebKit/537.36 (KHTML, like Gecko) Chrome/125.0.6422.60 Safari/537.36 Edge/12.246"
34.72.176.129 - - [16/Jul/2026:21:16:23 -0600] "GET /wp-content/plugins/buddyboss-platform/bp-core/js/vendor/jquery.caret.min.js?ver=3.1.1 HTTP/1.1" 200 2203 "http://dfwchat.net/" "Mozilla/5.0 (Windows NT 10.0; Win64; x64) AppleWebKit/537.36 (KHTML, like Gecko) Chrome/125.0.6422.60 Safari/537.36 Edge/12.246"
34.72.176.129 - - [16/Jul/2026:21:16:23 -0600] "GET /wp-content/plugins/buddyboss-platform/bp-core/js/jquery.atwho.min.js?ver=3.1.1 HTTP/1.1" 200 6261 "http://dfwchat.net/" "Mozilla/5.0 (Windows NT 10.0; Win64; x64) AppleWebKit/537.36 (KHTML, like Gecko) Chrome/125.0.6422.60 Safari/537.36 Edge/12.246"
104.197.69.115 - - [16/Jul/2026:21:16:23 -0600] "GET /wp-content/plugins/buddyboss-platform-pro/assets/js/vendor/jquery.mask.js?ver=5.0.4 HTTP/1.1" 200 5887 "http://dfwchat.net/" "Mozilla/5.0 (Windows NT 10.0; Win64; x64) AppleWebKit/537.36 (KHTML, like Gecko) Chrome/125.0.6422.60 Safari/537.36 Edge/12.246"
104.197.69.115 - - [16/Jul/2026:21:16:22 -0600] "GET /wp-content/plugins/buddyboss-platform/bp-templates/bp-nouveau/css/buddypress.min.css?ver=3.1.1 HTTP/1.1" 200 102411 "http://dfwchat.net/" "Mozilla/5.0 (Windows NT 10.0; Win64; x64) AppleWebKit/537.36 (KHTML, like Gecko) Chrome/125.0.6422.60 Safari/537.36 Edge/12.246"
104.197.69.115 - - [16/Jul/2026:21:16:22 -0600] "GET /wp-content/plugins/buddyboss-platform-pro/assets/css/index.min.css?ver=3.0.3 HTTP/1.1" 200 953 "http://dfwchat.net/" "Mozilla/5.0 (Windows NT 10.0; Win64; x64) AppleWebKit/537.36 (KHTML, like Gecko) Chrome/125.0.6422.60 Safari/537.36 Edge/12.246"
104.197.69.115 - - [16/Jul/2026:21:16:22 -0600] "GET /wp-content/plugins/buddyboss-platform-pro/includes/schedule-posts/assets/css/bb-schedule-posts.min.css?ver=3.0.3 HTTP/1.1" 200 1872 "http://dfwchat.net/" "Mozilla/5.0 (Windows NT 10.0; Win64; x64) AppleWebKit/537.36 (KHTML, like Gecko) Chrome/125.0.6422.60 Safari/537.36 Edge/12.246"
104.197.69.115 - - [16/Jul/2026:21:16:23 -0600] "GET /wp-includes/js/twemoji.min.js?ver=3.1.1 HTTP/1.1" 200 4168 "http://dfwchat.net/" "Mozilla/5.0 (Windows NT 10.0; Win64; x64) AppleWebKit/537.36 (KHTML, like Gecko) Chrome/125.0.6422.60 Safari/537.36 Edge/12.246"
104.197.69.115 - - [16/Jul/2026:21:16:23 -0600] "GET /wp-includes/js/jquery/jquery.min.js?ver=3.7.1 HTTP/1.1" 200 30412 "http://dfwchat.net/" "Mozilla/5.0 (Windows NT 10.0; Win64; x64) AppleWebKit/537.36 (KHTML, like Gecko) Chrome/125.0.6422.60 Safari/537.36 Edge/12.246"
104.197.69.115 - - [16/Jul/2026:21:16:23 -0600] "GET /wp-content/plugins/buddyboss-platform/bp-core/js/vendor/jquery-cookie.min.js?ver=3.1.1 HTTP/1.1" 200 667 "http://dfwchat.net/" "Mozilla/5.0 (Windows NT 10.0; Win64; x64) AppleWebKit/537.36 (KHTML, like Gecko) Chrome/125.0.6422.60 Safari/537.36 Edge/12.246"
104.197.69.115 - - [16/Jul/2026:21:16:23 -0600] "GET /wp-content/plugins/buddyboss-platform/bp-core/js/vendor/jquery-scroll-to.min.js?ver=3.1.1 HTTP/1.1" 200 1509 "http://dfwchat.net/" "Mozilla/5.0 (Windows NT 10.0; Win64; x64) AppleWebKit/537.36 (KHTML, like Gecko) Chrome/125.0.6422.60 Safari/537.36 Edge/12.246"
104.197.69.115 - - [16/Jul/2026:21:16:23 -0600] "GET /wp-content/themes/buddyboss-theme/assets/images/svg/no-results.svg HTTP/1.1" 200 916 "http://dfwchat.net/" "Mozilla/5.0 (Windows NT 10.0; Win64; x64) AppleWebKit/537.36 (KHTML, like Gecko) Chrome/125.0.6422.60 Safari/537.36 Edge/12.246"
104.197.69.115 - - [16/Jul/2026:21:16:23 -0600] "GET /wp-content/plugins/buddyboss-platform-pro/includes/reactions/assets/js/bb-reaction.min.js?ver=3.0.3 HTTP/1.1" 200 652 "http://dfwchat.net/" "Mozilla/5.0 (Windows NT 10.0; Win64; x64) AppleWebKit/537.36 (KHTML, like Gecko) Chrome/125.0.6422.60 Safari/537.36 Edge/12.246"
104.197.69.115 - - [16/Jul/2026:21:16:23 -0600] "GET /wp-includes/js/jquery/ui/mouse.min.js?ver=1.13.3 HTTP/1.1" 200 1096 "http://dfwchat.net/" "Mozilla/5.0 (Windows NT 10.0; Win64; x64) AppleWebKit/537.36 (KHTML, like Gecko) Chrome/125.0.6422.60 Safari/537.36 Edge/12.246"
104.197.69.115 - - [16/Jul/2026:21:16:23 -0600] "GET /wp-includes/js/jquery/ui/sortable.min.js?ver=1.13.3 HTTP/1.1" 200 6596 "http://dfwchat.net/" "Mozilla/5.0 (Windows NT 10.0; Win64; x64) AppleWebKit/537.36 (KHTML, like Gecko) Chrome/125.0.6422.60 Safari/537.36 Edge/12.246"
104.197.69.115 - - [16/Jul/2026:21:16:23 -0600] "GET /wp-content/themes/buddyboss-theme/assets/js/plugins/bbp-scrubber.min.js?ver=2.20.1 HTTP/1.1" 200 1675 "http://dfwchat.net/" "Mozilla/5.0 (Windows NT 10.0; Win64; x64) AppleWebKit/537.36 (KHTML, like Gecko) Chrome/125.0.6422.60 Safari/537.36 Edge/12.246"
104.197.69.115 - - [16/Jul/2026:21:16:23 -0600] "GET /wp-content/plugins/buddyboss-platform/bp-core/js/mentions.min.js?ver=3.1.1 HTTP/1.1" 200 2336 "http://dfwchat.net/" "Mozilla/5.0 (Windows NT 10.0; Win64; x64) AppleWebKit/537.36 (KHTML, like Gecko) Chrome/125.0.6422.60 Safari/537.36 Edge/12.246"
104.197.69.115 - - [16/Jul/2026:21:16:24 -0600] "GET /wp-content/themes/buddyboss-theme/assets/js/vendors/fitvids.js?ver=2.20.1 HTTP/1.1" 200 1599 "http://dfwchat.net/" "Mozilla/5.0 (Windows NT 10.0; Win64; x64) AppleWebKit/537.36 (KHTML, like Gecko) Chrome/125.0.6422.60 Safari/537.36 Edge/12.246"
104.197.69.115 - - [16/Jul/2026:21:16:24 -0600] "GET /wp-content/themes/buddyboss-theme/assets/js/vendors/progressbar.min.js?ver=2.20.1 HTTP/1.1" 200 6953 "http://dfwchat.net/" "Mozilla/5.0 (Windows NT 10.0; Win64; x64) AppleWebKit/537.36 (KHTML, like Gecko) Chrome/125.0.6422.60 Safari/537.36 Edge/12.246"
104.197.69.115 - - [16/Jul/2026:21:16:23 -0600] "GET /wp-includes/js/hoverintent-js.min.js?ver=2.2.1 HTTP/1.1" 200 715 "http://dfwchat.net/" "Mozilla/5.0 (Windows NT 10.0; Win64; x64) AppleWebKit/537.36 (KHTML, like Gecko) Chrome/125.0.6422.60 Safari/537.36 Edge/12.246"
104.197.69.115 - - [16/Jul/2026:21:16:23 -0600] "GET /wp-content/plugins/buddyboss-platform/bp-core/js/livestamp.min.js?ver=3.1.1 HTTP/1.1" 200 1000 "http://dfwchat.net/" "Mozilla/5.0 (Windows NT 10.0; Win64; x64) AppleWebKit/537.36 (KHTML, like Gecko) Chrome/125.0.6422.60 Safari/537.36 Edge/12.246"
104.197.69.115 - - [16/Jul/2026:21:16:23 -0600] "GET /wp-includes/js/dist/i18n.min.js?ver=781d11515ad3d91786ec HTTP/1.1" 200 2466 "http://dfwchat.net/" "Mozilla/5.0 (Windows NT 10.0; Win64; x64) AppleWebKit/537.36 (KHTML, like Gecko) Chrome/125.0.6422.60 Safari/537.36 Edge/12.246"
104.197.69.115 - - [16/Jul/2026:21:16:23 -0600] "GET /wp-content/plugins/buddyboss-platform/bp-templates/bp-nouveau/js/buddypress-nouveau.min.js?ver=3.1.1 HTTP/1.1" 200 24224 "http://dfwchat.net/" "Mozilla/5.0 (Windows NT 10.0; Win64; x64) AppleWebKit/537.36 (KHTML, like Gecko) Chrome/125.0.6422.60 Safari/537.36 Edge/12.246"
104.197.69.115 - - [16/Jul/2026:21:16:23 -0600] "GET /wp-includes/js/heartbeat.min.js?ver=7.0.1 HTTP/1.1" 200 2042 "http://dfwchat.net/" "Mozilla/5.0 (Windows NT 10.0; Win64; x64) AppleWebKit/537.36 (KHTML, like Gecko) Chrome/125.0.6422.60 Safari/537.36 Edge/12.246"
104.197.69.115 - - [16/Jul/2026:21:16:24 -0600] "GET /wp-content/plugins/buddyboss-platform-pro/assets/js/bb-countdown.min.js?ver=1.0.1 HTTP/1.1" 200 699 "http://dfwchat.net/" "Mozilla/5.0 (Windows NT 10.0; Win64; x64) AppleWebKit/537.36 (KHTML, like Gecko) Chrome/125.0.6422.60 Safari/537.36 Edge/12.246"
34.123.170.104 - - [16/Jul/2026:21:16:26 -0600] "GET /wp-content/themes/buddyboss-theme/assets/images/adminbar-background.png HTTP/1.1" 200 83 "http://dfwchat.net/wp-content/themes/buddyboss-theme/assets/css/theme.min.css?ver=2.20.1" "Mozilla/5.0 (Windows NT 10.0; Win64; x64) AppleWebKit/537.36 (KHTML, like Gecko) Chrome/125.0.6422.60 Safari/537.36 Edge/12.246"
104.197.69.115 - - [16/Jul/2026:21:16:26 -0600] "GET /wp-content/themes/buddyboss-theme/assets/images/svg/search.svg HTTP/1.1" 200 258 "http://dfwchat.net/wp-content/themes/buddyboss-theme/assets/css/theme.min.css?ver=2.20.1" "Mozilla/5.0 (Windows NT 10.0; Win64; x64) AppleWebKit/537.36 (KHTML, like Gecko) Chrome/125.0.6422.60 Safari/537.36 Edge/12.246"
34.72.176.129 - - [16/Jul/2026:21:16:23 -0600] "GET /wp-content/plugins/buddyboss-platform-pro/includes/integrations/zoom/assets/js/bp-zoom.min.js?ver=3.0.3 HTTP/1.1" 200 10038 "http://dfwchat.net/" "Mozilla/5.0 (Windows NT 10.0; Win64; x64) AppleWebKit/537.36 (KHTML, like Gecko) Chrome/125.0.6422.60 Safari/537.36 Edge/12.246"
34.72.176.129 - - [16/Jul/2026:21:16:24 -0600] "GET /wp-includes/js/imagesloaded.min.js?ver=5.0.0 HTTP/1.1" 200 1801 "http://dfwchat.net/" "Mozilla/5.0 (Windows NT 10.0; Win64; x64) AppleWebKit/537.36 (KHTML, like Gecko) Chrome/125.0.6422.60 Safari/537.36 Edge/12.246"
104.197.69.115 - - [16/Jul/2026:21:16:24 -0600] "GET /wp-includes/js/masonry.min.js?ver=4.2.2 HTTP/1.1" 200 7376 "http://dfwchat.net/" "Mozilla/5.0 (Windows NT 10.0; Win64; x64) AppleWebKit/537.36 (KHTML, like Gecko) Chrome/125.0.6422.60 Safari/537.36 Edge/12.246"
34.72.176.129 - - [16/Jul/2026:21:16:24 -0600] "GET /wp-content/themes/buddyboss-theme/assets/js/vendors/menu.js?ver=2.20.1 HTTP/1.1" 200 956 "http://dfwchat.net/" "Mozilla/5.0 (Windows NT 10.0; Win64; x64) AppleWebKit/537.36 (KHTML, like Gecko) Chrome/125.0.6422.60 Safari/537.36 Edge/12.246"
34.72.176.129 - - [16/Jul/2026:21:16:24 -0600] "GET /wp-content/themes/buddyboss-theme/assets/js/vendors/slick.min.js?ver=2.20.1 HTTP/1.1" 200 10730 "http://dfwchat.net/" "Mozilla/5.0 (Windows NT 10.0; Win64; x64) AppleWebKit/537.36 (KHTML, like Gecko) Chrome/125.0.6422.60 Safari/537.36 Edge/12.246"
104.197.69.115 - - [16/Jul/2026:21:16:24 -0600] "GET /wp-content/themes/buddyboss-theme/assets/js/vendors/panelslider.min.js?ver=2.20.1 HTTP/1.1" 200 545 "http://dfwchat.net/" "Mozilla/5.0 (Windows NT 10.0; Win64; x64) AppleWebKit/537.36 (KHTML, like Gecko) Chrome/125.0.6422.60 Safari/537.36 Edge/12.246"
34.72.176.129 - - [16/Jul/2026:21:16:24 -0600] "GET /wp-content/themes/buddyboss-theme/assets/js/vendors/jssocials.min.js?ver=2.20.1 HTTP/1.1" 200 3031 "http://dfwchat.net/" "Mozilla/5.0 (Windows NT 10.0; Win64; x64) AppleWebKit/537.36 (KHTML, like Gecko) Chrome/125.0.6422.60 Safari/537.36 Edge/12.246"
104.197.69.115 - - [16/Jul/2026:21:16:24 -0600] "GET /wp-content/themes/buddyboss-theme/assets/js/main.min.js?ver=2.20.1 HTTP/1.1" 200 12102 "http://dfwchat.net/" "Mozilla/5.0 (Windows NT 10.0; Win64; x64) AppleWebKit/537.36 (KHTML, like Gecko) Chrome/125.0.6422.60 Safari/537.36 Edge/12.246"
34.72.176.129 - - [16/Jul/2026:21:16:24 -0600] "GET /wp-content/themes/buddyboss-theme/assets/js/vendors/validate.min.js?ver=2.20.1 HTTP/1.1" 200 8077 "http://dfwchat.net/" "Mozilla/5.0 (Windows NT 10.0; Win64; x64) AppleWebKit/537.36 (KHTML, like Gecko) Chrome/125.0.6422.60 Safari/537.36 Edge/12.246"
34.72.176.129 - - [16/Jul/2026:21:16:24 -0600] "GET /wp-content/themes/buddyboss-theme/assets/js/vendors/select2.full.min.js?ver=2.20.1 HTTP/1.1" 200 22036 "http://dfwchat.net/" "Mozilla/5.0 (Windows NT 10.0; Win64; x64) AppleWebKit/537.36 (KHTML, like Gecko) Chrome/125.0.6422.60 Safari/537.36 Edge/12.246"
104.197.69.115 - - [16/Jul/2026:21:16:24 -0600] "GET /wp-content/themes/buddyboss-theme/assets/js/vendors/mousewheel.min.js?ver=2.20.1 HTTP/1.1" 200 1244 "http://dfwchat.net/" "Mozilla/5.0 (Windows NT 10.0; Win64; x64) AppleWebKit/537.36 (KHTML, like Gecko) Chrome/125.0.6422.60 Safari/537.36 Edge/12.246"
34.72.176.129 - - [16/Jul/2026:21:16:26 -0600] "GET /wp-content/plugins/buddyboss-platform/bp-templates/bp-nouveau/icons/fonts/lined.woff2?1753964645 HTTP/1.1" 200 95020 "http://dfwchat.net/wp-content/plugins/buddyboss-platform/bp-templates/bp-nouveau/icons/css/bb-icons.min.css?ver=1.0.11" "Mozilla/5.0 (Windows NT 10.0; Win64; x64) AppleWebKit/537.36 (KHTML, like Gecko) Chrome/125.0.6422.60 Safari/537.36 Edge/12.246"
104.197.69.115 - - [16/Jul/2026:21:16:26 -0600] "GET /wp-includes/js/wp-emoji-release.min.js?ver=7.0.1 HTTP/1.1" 200 5399 "http://dfwchat.net/" "Mozilla/5.0 (Windows NT 10.0; Win64; x64) AppleWebKit/537.36 (KHTML, like Gecko) Chrome/125.0.6422.60 Safari/537.36 Edge/12.246"
2a06:98c0:3600::103 - - [16/Jul/2026:21:03:58 -0600] "GET /wp-admin/install.php?step=1 HTTP/1.1" 200 549 "-" "http://dfwchat.net/wp-admin/install.php?step=1"
104.197.69.115 - - [16/Jul/2026:21:16:22 -0600] "GET /wp-includes/css/dashicons.min.css?ver=7.0.1 HTTP/1.1" 200 35591 "http://dfwchat.net/" "Mozilla/5.0 (Windows NT 10.0; Win64; x64) AppleWebKit/537.36 (KHTML, like Gecko) Chrome/125.0.6422.60 Safari/537.36 Edge/12.246"
104.197.69.115 - - [16/Jul/2026:21:16:22 -0600] "GET /wp-content/plugins/buddyboss-platform-pro/includes/access-control/assets/css/bb-access-control.min.css?ver=3.0.3 HTTP/1.1" 200 231 "http://dfwchat.net/" "Mozilla/5.0 (Windows NT 10.0; Win64; x64) AppleWebKit/537.36 (KHTML, like Gecko) Chrome/125.0.6422.60 Safari/537.36 Edge/12.246"
104.197.69.115 - - [16/Jul/2026:21:16:22 -0600] "GET /wp-content/plugins/buddyboss-platform/bp-core/css/mentions.min.css?ver=3.1.1 HTTP/1.1" 200 674 "http://dfwchat.net/" "Mozilla/5.0 (Windows NT 10.0; Win64; x64) AppleWebKit/537.36 (KHTML, like Gecko) Chrome/125.0.6422.60 Safari/537.36 Edge/12.246"
104.197.69.115 - - [16/Jul/2026:21:16:22 -0600] "GET /wp-content/themes/buddyboss-theme/inc/admin/framework/redux-core/assets/css/extendify-utilities.css?ver=4.4.11 HTTP/1.1" 200 5873 "http://dfwchat.net/" "Mozilla/5.0 (Windows NT 10.0; Win64; x64) AppleWebKit/537.36 (KHTML, like Gecko) Chrome/125.0.6422.60 Safari/537.36 Edge/12.246"
104.197.69.115 - - [16/Jul/2026:21:16:22 -0600] "GET /wp-content/themes/buddyboss-theme/assets/css/vendors/select2.min.css?ver=2.20.1 HTTP/1.1" 200 1993 "http://dfwchat.net/" "Mozilla/5.0 (Windows NT 10.0; Win64; x64) AppleWebKit/537.36 (KHTML, like Gecko) Chrome/125.0.6422.60 Safari/537.36 Edge/12.246"
104.197.69.115 - - [16/Jul/2026:21:16:22 -0600] "GET /wp-content/themes/buddyboss-theme/assets/css/theme.min.css?ver=2.20.1 HTTP/1.1" 200 45876 "http://dfwchat.net/" "Mozilla/5.0 (Windows NT 10.0; Win64; x64) AppleWebKit/537.36 (KHTML, like Gecko) Chrome/125.0.6422.60 Safari/537.36 Edge/12.246"
104.197.69.115 - - [16/Jul/2026:21:16:22 -0600] "GET /wp-content/themes/buddyboss-theme/assets/css/buddypress.min.css?ver=2.20.1 HTTP/1.1" 200 117118 "http://dfwchat.net/" "Mozilla/5.0 (Windows NT 10.0; Win64; x64) AppleWebKit/537.36 (KHTML, like Gecko) Chrome/125.0.6422.60 Safari/537.36 Edge/12.246"
104.197.69.115 - - [16/Jul/2026:21:16:23 -0600] "GET /wp-includes/js/dist/hooks.min.js?ver=7496969728ca0f95732d HTTP/1.1" 200 1824 "http://dfwchat.net/" "Mozilla/5.0 (Windows NT 10.0; Win64; x64) AppleWebKit/537.36 (KHTML, like Gecko) Chrome/125.0.6422.60 Safari/537.36 Edge/12.246"
104.197.69.115 - - [16/Jul/2026:21:16:23 -0600] "GET /wp-content/plugins/buddyboss-platform/bp-templates/bp-nouveau/js/jquery.guillotine.min.js?ver=3.1.1 HTTP/1.1" 200 2584 "http://dfwchat.net/" "Mozilla/5.0 (Windows NT 10.0; Win64; x64) AppleWebKit/537.36 (KHTML, like Gecko) Chrome/125.0.6422.60 Safari/537.36 Edge/12.246"
104.197.69.115 - - [16/Jul/2026:21:16:23 -0600] "GET /wp-content/themes/buddyboss-theme/assets/js/vendors/draggabilly.min.js?ver=2.20.1 HTTP/1.1" 200 4461 "http://dfwchat.net/" "Mozilla/5.0 (Windows NT 10.0; Win64; x64) AppleWebKit/537.36 (KHTML, like Gecko) Chrome/125.0.6422.60 Safari/537.36 Edge/12.246"
104.197.69.115 - - [16/Jul/2026:21:16:24 -0600] "GET /wp-content/themes/buddyboss-theme/assets/js/vendors/sticky-kit.js?ver=2.20.1 HTTP/1.1" 200 1415 "http://dfwchat.net/" "Mozilla/5.0 (Windows NT 10.0; Win64; x64) AppleWebKit/537.36 (KHTML, like Gecko) Chrome/125.0.6422.60 Safari/537.36 Edge/12.246"
2a06:98c0:3600::103 - - [16/Jul/2026:21:44:04 -0600] "GET /wp-admin/install.php?step=1 HTTP/1.1" 200 549 "-" "http://dfwchat.net/wp-admin/install.php?step=1"
198.175.150.9 - - [16/Jul/2026:21:40:21 -0600] "POST /wp-cron.php?doing_wp_cron=1784259621.8833398818969726562500 HTTP/1.1" 200 0 "-" "WordPress/7.0.1; https://dfwchat.net"
43.161.234.148 - - [16/Jul/2026:21:40:20 -0600] "GET / HTTP/1.1" 301 0 "-" "Mozilla/5.0 (iPhone; CPU iPhone OS 13_2_3 like Mac OS X) AppleWebKit/605.1.15 (KHTML, like Gecko) Version/13.0.3 Mobile/15E148 Safari/604.1"
43.161.234.148 - - [16/Jul/2026:21:40:23 -0600] "GET / HTTP/1.1" 200 21692 "http://www.dfwchat.net" "Mozilla/5.0 (iPhone; CPU iPhone OS 13_2_3 like Mac OS X) AppleWebKit/605.1.15 (KHTML, like Gecko) Version/13.0.3 Mobile/15E148 Safari/604.1"
2a06:98c0:3600::103 - - [16/Jul/2026:21:58:17 -0600] "GET /wp-admin/install.php?step=1 HTTP/1.1" 200 549 "-" "http://dfwchat.net/wp-admin/install.php?step=1"
2a06:98c0:3600::103 - - [16/Jul/2026:22:09:14 -0600] "GET /wp-admin/install.php?step=1 HTTP/1.1" 200 549 "-" "http://dfwchat.net/wp-admin/install.php?step=1"
198.175.150.9 - - [16/Jul/2026:22:20:36 -0600] "POST /wp-cron.php?doing_wp_cron=1784262036.2754859924316406250000 HTTP/1.1" 200 0 "-" "WordPress/7.0.1; https://dfwchat.net"
2a06:98c0:3600::103 - - [16/Jul/2026:22:20:35 -0600] "GET /wp-admin/install.php?step=1 HTTP/1.1" 200 549 "-" "http://dfwchat.net/wp-admin/install.php?step=1"
2a06:98c0:3600::103 - - [16/Jul/2026:22:43:26 -0600] "GET /wp-admin/install.php?step=1 HTTP/1.1" 200 549 "-" "http://dfwchat.net/wp-admin/install.php?step=1"
2a06:98c0:3600::103 - - [16/Jul/2026:22:46:04 -0600] "GET /wp-admin/install.php?step=1 HTTP/1.1" 200 549 "-" "http://dfwchat.net/wp-admin/install.php?step=1"
2a06:98c0:3600::103 - - [16/Jul/2026:23:18:47 -0600] "GET /wp-admin/install.php?step=1 HTTP/1.1" 200 549 "-" "http://dfwchat.net/wp-admin/install.php?step=1"
2a06:98c0:3600::103 - - [16/Jul/2026:23:44:49 -0600] "GET /wp-admin/install.php?step=1 HTTP/1.1" 200 549 "-" "http://dfwchat.net/wp-admin/install.php?step=1"
2a06:98c0:3600::103 - - [16/Jul/2026:23:56:00 -0600] "GET /wp-admin/install.php?step=1 HTTP/1.1" 200 549 "-" "http://dfwchat.net/wp-admin/install.php?step=1"
45.92.87.168 - - [17/Jul/2026:00:24:05 -0600] "GET / HTTP/1.1" 200 21687 "-" "Mozilla/5.0 (Windows NT 10.0; Win64; x64) AppleWebKit/537.36 (KHTML, like Gecko) Chrome/94.0.4606.61 Safari/537.36"
2a06:98c0:3600::103 - - [17/Jul/2026:00:32:08 -0600] "GET /wp-admin/install.php?step=1 HTTP/1.1" 200 549 "-" "http://dfwchat.net/wp-admin/install.php?step=1"
198.175.150.9 - - [17/Jul/2026:02:29:40 -0600] "POST /wp-cron.php?doing_wp_cron=1784276980.9800529479980468750000 HTTP/1.1" 200 0 "-" "WordPress/7.0.1; https://dfwchat.net"
2a06:98c0:3600::103 - - [16/Jul/2026:23:41:35 -0600] "GET /wp-admin/install.php?step=1 HTTP/1.1" 200 549 "-" "http://dfwchat.net/wp-admin/install.php?step=1"
198.175.150.9 - - [17/Jul/2026:00:24:07 -0600] "POST /wp-cron.php?doing_wp_cron=1784269447.0274899005889892578125 HTTP/1.1" 200 0 "-" "WordPress/7.0.1; https://dfwchat.net"
175.178.110.121 - - [17/Jul/2026:00:58:22 -0600] "GET / HTTP/1.1" 200 21693 "-" "Mozilla/5.0 (iPhone; CPU iPhone OS 13_2_3 like Mac OS X) AppleWebKit/605.1.15 (KHTML, like Gecko) Version/13.0.3 Mobile/15E148 Safari/604.1"
198.175.150.9 - - [17/Jul/2026:01:24:10 -0600] "POST /wp-cron.php?doing_wp_cron=1784273050.9052290916442871093750 HTTP/1.1" 200 0 "-" "WordPress/7.0.1; https://dfwchat.net"
2a06:98c0:3600::103 - - [17/Jul/2026:01:38:54 -0600] "GET /wp-admin/install.php?step=1 HTTP/1.1" 200 549 "-" "http://dfwchat.net/wp-admin/install.php?step=1"
2a06:98c0:3600::103 - - [17/Jul/2026:02:29:40 -0600] "GET /wp-admin/install.php?step=1 HTTP/1.1" 200 549 "-" "http://dfwchat.net/wp-admin/install.php?step=1"
198.175.150.9 - - [16/Jul/2026:23:40:47 -0600] "POST /wp-cron.php?doing_wp_cron=1784266847.1239070892333984375000 HTTP/1.1" 200 0 "-" "WordPress/7.0.1; https://dfwchat.net"
171.217.24.55 - - [17/Jul/2026:00:55:43 -0600] "HEAD / HTTP/1.1" 200 0 "-" "Mozilla/5.0 (Windows NT 10.0; Win64; x64) AppleWebKit/537.36 (KHTML, like Gecko) Chrome/91.0.4472.124 Safari/537.36"
171.217.24.55 - - [17/Jul/2026:00:55:45 -0600] "GET / HTTP/1.1" 200 21687 "-" "Mozilla/5.0 (Windows NT 10.0; Win64; x64) AppleWebKit/537.36 (KHTML, like Gecko) Chrome/91.0.4472.124 Safari/537.36"
2a06:98c0:3600::103 - - [17/Jul/2026:01:12:41 -0600] "GET /wp-admin/install.php?step=1 HTTP/1.1" 200 549 "-" "http://dfwchat.net/wp-admin/install.php?step=1"
2a06:98c0:3600::103 - - [17/Jul/2026:01:24:10 -0600] "GET /wp-admin/install.php?step=1 HTTP/1.1" 200 549 "-" "http://dfwchat.net/wp-admin/install.php?step=1"
2a06:98c0:3600::103 - - [17/Jul/2026:02:12:21 -0600] "GET /wp-admin/install.php?step=1 HTTP/1.1" 200 549 "-" "http://dfwchat.net/wp-admin/install.php?step=1"
5.133.218.70 - - [16/Jul/2026:23:40:46 -0600] "GET / HTTP/1.1" 200 21719 "-" "Mozilla/5.0 (iPhone; CPU iPhone OS 16_3 like Mac OS X) AppleWebKit/605.1.15 (KHTML, like Gecko) CriOS/122.0.6261.89 Mobile/15E148 Safari/604"
2a06:98c0:3600::103 - - [16/Jul/2026:23:48:05 -0600] "GET /wp-admin/install.php?step=1 HTTP/1.1" 200 549 "-" "http://dfwchat.net/wp-admin/install.php?step=1"
2a06:98c0:3600::103 - - [17/Jul/2026:00:18:03 -0600] "GET /wp-admin/install.php?step=1 HTTP/1.1" 200 549 "-" "http://dfwchat.net/wp-admin/install.php?step=1"
2a06:98c0:3600::103 - - [17/Jul/2026:00:57:09 -0600] "GET /wp-admin/install.php?step=1 HTTP/1.1" 200 549 "-" "http://dfwchat.net/wp-admin/install.php?step=1"
198.175.150.9 - - [17/Jul/2026:01:38:54 -0600] "POST /wp-cron.php?doing_wp_cron=1784273934.3435449600219726562500 HTTP/1.1" 200 0 "-" "WordPress/7.0.1; https://dfwchat.net"
2a06:98c0:3600::103 - - [17/Jul/2026:02:02:04 -0600] "GET /wp-admin/install.php?step=1 HTTP/1.1" 200 549 "-" "http://dfwchat.net/wp-admin/install.php?step=1"
198.175.150.9 - - [17/Jul/2026:02:49:44 -0600] "POST /wp-cron.php?doing_wp_cron=1784278184.8755929470062255859375 HTTP/1.1" 200 0 "-" "WordPress/7.0.1; https://dfwchat.net"
2a06:98c0:3600::103 - - [17/Jul/2026:03:19:41 -0600] "GET /wp-admin/install.php?step=1 HTTP/1.1" 200 549 "-" "http://dfwchat.net/wp-admin/install.php?step=1"
113.31.186.195 - - [17/Jul/2026:02:53:05 -0600] "GET / HTTP/1.1" 200 21687 "-" "Opera/9.21 (Windows NT 5.1; U; fr)"
2a06:98c0:3600::103 - - [17/Jul/2026:03:17:13 -0600] "GET /wp-admin/install.php?step=1 HTTP/1.1" 200 549 "-" "http://dfwchat.net/wp-admin/install.php?step=1"
198.175.150.9 - - [17/Jul/2026:02:53:06 -0600] "POST /wp-cron.php?doing_wp_cron=1784278386.5026929378509521484375 HTTP/1.1" 200 0 "-" "WordPress/7.0.1; https://dfwchat.net"
2a06:98c0:3600::103 - - [17/Jul/2026:02:49:44 -0600] "GET /wp-admin/install.php?step=1 HTTP/1.1" 200 549 "-" "http://dfwchat.net/wp-admin/install.php?step=1"
198.175.150.9 - - [17/Jul/2026:03:44:38 -0600] "POST /wp-cron.php?doing_wp_cron=1784281478.0518269538879394531250 HTTP/1.1" 200 0 "-" "WordPress/7.0.1; https://dfwchat.net"
2a06:98c0:3600::103 - - [17/Jul/2026:03:44:37 -0600] "GET /wp-admin/install.php?step=1 HTTP/1.1" 200 549 "-" "http://dfwchat.net/wp-admin/install.php?step=1"
198.175.150.9 - - [17/Jul/2026:04:12:58 -0600] "POST /wp-cron.php?doing_wp_cron=1784283178.4836790561676025390625 HTTP/1.1" 200 0 "-" "WordPress/7.0.1; https://dfwchat.net"
113.31.186.195 - - [17/Jul/2026:04:12:57 -0600] "GET / HTTP/1.1" 200 21687 "-" "Mozilla/5.0 (Macintosh; Intel Mac OS X 10_11) AppleWebKit/601.1.27 (KHTML, like Gecko) Chrome/47.0.2526.106 Safari/601.1.27"
198.175.150.9 - - [17/Jul/2026:04:12:46 -0600] "POST /wp-cron.php?doing_wp_cron=1784283166.8964030742645263671875 HTTP/1.1" 200 0 "-" "WordPress/7.0.1; https://dfwchat.net"
2a06:98c0:3600::103 - - [17/Jul/2026:04:12:46 -0600] "GET /wp-admin/install.php?step=1 HTTP/1.1" 200 549 "-" "http://dfwchat.net/wp-admin/install.php?step=1"
2a06:98c0:3600::103 - - [17/Jul/2026:04:04:53 -0600] "GET /wp-admin/install.php?step=1 HTTP/1.1" 200 549 "-" "http://dfwchat.net/wp-admin/install.php?step=1"
17.241.219.118 - - [17/Jul/2026:04:21:46 -0600] "GET /robots.txt HTTP/1.1" 403 1242 "-" "Mozilla/5.0 (Macintosh; Intel Mac OS X 10_15_7) AppleWebKit/605.1.15 (KHTML, like Gecko) Version/17.4 Safari/605.1.15 (Applebot/0.1; +http://www.apple.com/go/applebot)"
17.241.219.118 - - [17/Jul/2026:04:21:47 -0600] "GET / HTTP/1.1" 403 1242 "-" "Mozilla/5.0 (Macintosh; Intel Mac OS X 10_15_7) AppleWebKit/605.1.15 (KHTML, like Gecko) Version/17.4 Safari/605.1.15 (Applebot/0.1; +http://www.apple.com/go/applebot)"
2a06:98c0:3600::103 - - [17/Jul/2026:04:41:20 -0600] "GET /wp-admin/install.php?step=1 HTTP/1.1" 200 549 "-" "http://dfwchat.net/wp-admin/install.php?step=1"
34.139.223.187 - - [17/Jul/2026:04:42:42 -0600] "GET / HTTP/1.1" 200 21716 "-" "Mozilla/5.0 (compatible; CMS-Checker/1.0; +https://example.com)"
198.175.150.9 - - [17/Jul/2026:04:41:20 -0600] "POST /wp-cron.php?doing_wp_cron=1784284880.8867330551147460937500 HTTP/1.1" 200 0 "-" "WordPress/7.0.1; https://dfwchat.net"
198.175.150.9 - - [17/Jul/2026:04:42:43 -0600] "POST /wp-cron.php?doing_wp_cron=1784284963.7157099246978759765625 HTTP/1.1" 200 0 "-" "WordPress/7.0.1; https://dfwchat.net"
2a06:98c0:3600::103 - - [17/Jul/2026:04:51:41 -0600] "GET /wp-admin/install.php?step=1 HTTP/1.1" 200 549 "-" "http://dfwchat.net/wp-admin/install.php?step=1"
17.246.15.71 - - [17/Jul/2026:05:00:28 -0600] "GET /robots.txt HTTP/1.1" 403 1242 "-" "Mozilla/5.0 (Macintosh; Intel Mac OS X 10_15_7) AppleWebKit/605.1.15 (KHTML, like Gecko) Version/17.4 Safari/605.1.15 (Applebot/0.1; +http://www.apple.com/go/applebot)"
17.246.15.71 - - [17/Jul/2026:05:00:28 -0600] "GET / HTTP/1.1" 403 1242 "-" "Mozilla/5.0 (Macintosh; Intel Mac OS X 10_15_7) AppleWebKit/605.1.15 (KHTML, like Gecko) Version/17.4 Safari/605.1.15 (Applebot/0.1; +http://www.apple.com/go/applebot)"
74.7.241.145 - - [17/Jul/2026:04:55:15 -0600] "GET /robots.txt HTTP/1.1" 403 1242 "-" "Mozilla/5.0 (Macintosh; Intel Mac OS X 10_15_7) AppleWebKit/537.36 (KHTML, like Gecko) Chrome/131.0.0.0 Safari/537.36; compatible; OAI-SearchBot/1.4; robots.txt; +https://openai.com/searchbot"
74.7.227.156 - - [17/Jul/2026:04:55:39 -0600] "GET / HTTP/1.1" 403 1242 "https://8pw.ru" "Mozilla/5.0 AppleWebKit/537.36 (KHTML, like Gecko; compatible; GPTBot/1.4; +https://openai.com/gptbot)"
74.7.227.156 - - [17/Jul/2026:04:55:42 -0600] "GET /favicon.ico HTTP/1.1" 404 1251 "https://8pw.ru" "Mozilla/5.0 AppleWebKit/537.36 (KHTML, like Gecko; compatible; GPTBot/1.4; +https://openai.com/gptbot)"
2a06:98c0:3600::103 - - [17/Jul/2026:05:04:44 -0600] "GET /wp-admin/install.php?step=1 HTTP/1.1" 200 549 "-" "http://dfwchat.net/wp-admin/install.php?step=1"
34.139.223.187 - - [17/Jul/2026:05:12:44 -0600] "GET / HTTP/1.1" 200 82576 "-" "Mozilla/5.0 (Windows NT 10.0; Win64; x64) AppleWebKit/537.36 (KHTML, like Gecko) Chrome/78.0.3904.108 Safari/537.36"
34.139.223.187 - - [17/Jul/2026:05:12:45 -0600] "GET /?author=1 HTTP/1.1" 200 82814 "-" "Mozilla/5.0 (Windows NT 10.0; Win64; x64) AppleWebKit/537.36 (KHTML, like Gecko) Chrome/78.0.3904.108 Safari/537.36"
34.139.223.187 - - [17/Jul/2026:05:12:46 -0600] "GET /?author=2 HTTP/1.1" 404 143862 "-" "Mozilla/5.0 (Windows NT 10.0; Win64; x64) AppleWebKit/537.36 (KHTML, like Gecko) Chrome/78.0.3904.108 Safari/537.36"
34.139.223.187 - - [17/Jul/2026:05:12:48 -0600] "GET /wp-json/wp/v2/users/ HTTP/1.1" 200 614 "-" "Mozilla/5.0 (Windows NT 10.0; Win64; x64) AppleWebKit/537.36 (KHTML, like Gecko) Chrome/78.0.3904.108 Safari/537.36"
34.139.223.187 - - [17/Jul/2026:05:12:49 -0600] "POST /xmlrpc.php HTTP/1.1" 200 401 "-" "Mozilla/5.0 (Windows NT 10.0; Win64; x64) AppleWebKit/537.36 (KHTML, like Gecko) Chrome/78.0.3904.108 Safari/537.36"
34.139.223.187 - - [17/Jul/2026:05:12:50 -0600] "POST /xmlrpc.php HTTP/1.1" 200 401 "-" "Mozilla/5.0 (Windows NT 10.0; Win64; x64) AppleWebKit/537.36 (KHTML, like Gecko) Chrome/78.0.3904.108 Safari/537.36"
34.139.223.187 - - [17/Jul/2026:05:12:51 -0600] "POST /xmlrpc.php HTTP/1.1" 200 401 "-" "Mozilla/5.0 (Windows NT 10.0; Win64; x64) AppleWebKit/537.36 (KHTML, like Gecko) Chrome/78.0.3904.108 Safari/537.36"
34.139.223.187 - - [17/Jul/2026:05:12:53 -0600] "POST /xmlrpc.php HTTP/1.1" 200 401 "-" "Mozilla/5.0 (Windows NT 10.0; Win64; x64) AppleWebKit/537.36 (KHTML, like Gecko) Chrome/78.0.3904.108 Safari/537.36"
34.139.223.187 - - [17/Jul/2026:05:12:54 -0600] "POST /xmlrpc.php HTTP/1.1" 200 401 "-" "Mozilla/5.0 (Windows NT 10.0; Win64; x64) AppleWebKit/537.36 (KHTML, like Gecko) Chrome/78.0.3904.108 Safari/537.36"
34.139.223.187 - - [17/Jul/2026:05:12:55 -0600] "POST /xmlrpc.php HTTP/1.1" 200 401 "-" "Mozilla/5.0 (Windows NT 10.0; Win64; x64) AppleWebKit/537.36 (KHTML, like Gecko) Chrome/78.0.3904.108 Safari/537.36"
34.139.223.187 - - [17/Jul/2026:05:12:56 -0600] "POST /xmlrpc.php HTTP/1.1" 200 401 "-" "Mozilla/5.0 (Windows NT 10.0; Win64; x64) AppleWebKit/537.36 (KHTML, like Gecko) Chrome/78.0.3904.108 Safari/537.36"
34.139.223.187 - - [17/Jul/2026:05:12:57 -0600] "POST /xmlrpc.php HTTP/1.1" 200 401 "-" "Mozilla/5.0 (Windows NT 10.0; Win64; x64) AppleWebKit/537.36 (KHTML, like Gecko) Chrome/78.0.3904.108 Safari/537.36"
34.139.223.187 - - [17/Jul/2026:05:12:59 -0600] "POST /xmlrpc.php HTTP/1.1" 200 401 "-" "Mozilla/5.0 (Windows NT 10.0; Win64; x64) AppleWebKit/537.36 (KHTML, like Gecko) Chrome/78.0.3904.108 Safari/537.36"
34.139.223.187 - - [17/Jul/2026:05:13:01 -0600] "POST /xmlrpc.php HTTP/1.1" 200 401 "-" "Mozilla/5.0 (Windows NT 10.0; Win64; x64) AppleWebKit/537.36 (KHTML, like Gecko) Chrome/78.0.3904.108 Safari/537.36"
34.139.223.187 - - [17/Jul/2026:05:13:03 -0600] "POST /xmlrpc.php HTTP/1.1" 200 401 "-" "Mozilla/5.0 (Windows NT 10.0; Win64; x64) AppleWebKit/537.36 (KHTML, like Gecko) Chrome/78.0.3904.108 Safari/537.36"
34.139.223.187 - - [17/Jul/2026:05:13:05 -0600] "POST /xmlrpc.php HTTP/1.1" 200 401 "-" "Mozilla/5.0 (Windows NT 10.0; Win64; x64) AppleWebKit/537.36 (KHTML, like Gecko) Chrome/78.0.3904.108 Safari/537.36"
34.139.223.187 - - [17/Jul/2026:05:13:08 -0600] "POST /xmlrpc.php HTTP/1.1" 200 401 "-" "Mozilla/5.0 (Windows NT 10.0; Win64; x64) AppleWebKit/537.36 (KHTML, like Gecko) Chrome/78.0.3904.108 Safari/537.36"
34.139.223.187 - - [17/Jul/2026:05:13:10 -0600] "POST /xmlrpc.php HTTP/1.1" 200 401 "-" "Mozilla/5.0 (Windows NT 10.0; Win64; x64) AppleWebKit/537.36 (KHTML, like Gecko) Chrome/78.0.3904.108 Safari/537.36"
34.139.223.187 - - [17/Jul/2026:05:13:11 -0600] "POST /xmlrpc.php HTTP/1.1" 200 401 "-" "Mozilla/5.0 (Windows NT 10.0; Win64; x64) AppleWebKit/537.36 (KHTML, like Gecko) Chrome/78.0.3904.108 Safari/537.36"
34.139.223.187 - - [17/Jul/2026:05:13:12 -0600] "POST /xmlrpc.php HTTP/1.1" 200 401 "-" "Mozilla/5.0 (Windows NT 10.0; Win64; x64) AppleWebKit/537.36 (KHTML, like Gecko) Chrome/78.0.3904.108 Safari/537.36"
34.139.223.187 - - [17/Jul/2026:05:13:14 -0600] "POST /xmlrpc.php HTTP/1.1" 200 401 "-" "Mozilla/5.0 (Windows NT 10.0; Win64; x64) AppleWebKit/537.36 (KHTML, like Gecko) Chrome/78.0.3904.108 Safari/537.36"
34.139.223.187 - - [17/Jul/2026:05:13:15 -0600] "POST /xmlrpc.php HTTP/1.1" 200 401 "-" "Mozilla/5.0 (Windows NT 10.0; Win64; x64) AppleWebKit/537.36 (KHTML, like Gecko) Chrome/78.0.3904.108 Safari/537.36"
34.139.223.187 - - [17/Jul/2026:05:13:17 -0600] "POST /xmlrpc.php HTTP/1.1" 200 401 "-" "Mozilla/5.0 (Windows NT 10.0; Win64; x64) AppleWebKit/537.36 (KHTML, like Gecko) Chrome/78.0.3904.108 Safari/537.36"
34.139.223.187 - - [17/Jul/2026:05:13:19 -0600] "POST /xmlrpc.php HTTP/1.1" 200 401 "-" "Mozilla/5.0 (Windows NT 10.0; Win64; x64) AppleWebKit/537.36 (KHTML, like Gecko) Chrome/78.0.3904.108 Safari/537.36"
34.139.223.187 - - [17/Jul/2026:05:13:20 -0600] "POST /xmlrpc.php HTTP/1.1" 200 401 "-" "Mozilla/5.0 (Windows NT 10.0; Win64; x64) AppleWebKit/537.36 (KHTML, like Gecko) Chrome/78.0.3904.108 Safari/537.36"
34.139.223.187 - - [17/Jul/2026:05:13:22 -0600] "POST /xmlrpc.php HTTP/1.1" 200 401 "-" "Mozilla/5.0 (Windows NT 10.0; Win64; x64) AppleWebKit/537.36 (KHTML, like Gecko) Chrome/78.0.3904.108 Safari/537.36"
34.139.223.187 - - [17/Jul/2026:05:13:23 -0600] "POST /xmlrpc.php HTTP/1.1" 200 401 "-" "Mozilla/5.0 (Windows NT 10.0; Win64; x64) AppleWebKit/537.36 (KHTML, like Gecko) Chrome/78.0.3904.108 Safari/537.36"
34.139.223.187 - - [17/Jul/2026:05:13:25 -0600] "POST /xmlrpc.php HTTP/1.1" 200 401 "-" "Mozilla/5.0 (Windows NT 10.0; Win64; x64) AppleWebKit/537.36 (KHTML, like Gecko) Chrome/78.0.3904.108 Safari/537.36"
34.139.223.187 - - [17/Jul/2026:05:13:26 -0600] "POST /xmlrpc.php HTTP/1.1" 200 401 "-" "Mozilla/5.0 (Windows NT 10.0; Win64; x64) AppleWebKit/537.36 (KHTML, like Gecko) Chrome/78.0.3904.108 Safari/537.36"
34.139.223.187 - - [17/Jul/2026:05:13:27 -0600] "POST /xmlrpc.php HTTP/1.1" 200 401 "-" "Mozilla/5.0 (Windows NT 10.0; Win64; x64) AppleWebKit/537.36 (KHTML, like Gecko) Chrome/78.0.3904.108 Safari/537.36"
34.139.223.187 - - [17/Jul/2026:05:13:30 -0600] "POST /xmlrpc.php HTTP/1.1" 200 401 "-" "Mozilla/5.0 (Windows NT 10.0; Win64; x64) AppleWebKit/537.36 (KHTML, like Gecko) Chrome/78.0.3904.108 Safari/537.36"
34.139.223.187 - - [17/Jul/2026:05:13:31 -0600] "POST /xmlrpc.php HTTP/1.1" 200 401 "-" "Mozilla/5.0 (Windows NT 10.0; Win64; x64) AppleWebKit/537.36 (KHTML, like Gecko) Chrome/78.0.3904.108 Safari/537.36"
34.139.223.187 - - [17/Jul/2026:05:13:34 -0600] "POST /xmlrpc.php HTTP/1.1" 200 401 "-" "Mozilla/5.0 (Windows NT 10.0; Win64; x64) AppleWebKit/537.36 (KHTML, like Gecko) Chrome/78.0.3904.108 Safari/537.36"
34.139.223.187 - - [17/Jul/2026:05:13:37 -0600] "POST /xmlrpc.php HTTP/1.1" 200 401 "-" "Mozilla/5.0 (Windows NT 10.0; Win64; x64) AppleWebKit/537.36 (KHTML, like Gecko) Chrome/78.0.3904.108 Safari/537.36"
34.139.223.187 - - [17/Jul/2026:05:13:39 -0600] "POST /xmlrpc.php HTTP/1.1" 200 401 "-" "Mozilla/5.0 (Windows NT 10.0; Win64; x64) AppleWebKit/537.36 (KHTML, like Gecko) Chrome/78.0.3904.108 Safari/537.36"
34.139.223.187 - - [17/Jul/2026:05:13:43 -0600] "POST /xmlrpc.php HTTP/1.1" 200 401 "-" "Mozilla/5.0 (Windows NT 10.0; Win64; x64) AppleWebKit/537.36 (KHTML, like Gecko) Chrome/78.0.3904.108 Safari/537.36"
34.139.223.187 - - [17/Jul/2026:05:13:46 -0600] "POST /xmlrpc.php HTTP/1.1" 200 401 "-" "Mozilla/5.0 (Windows NT 10.0; Win64; x64) AppleWebKit/537.36 (KHTML, like Gecko) Chrome/78.0.3904.108 Safari/537.36"
34.139.223.187 - - [17/Jul/2026:05:13:49 -0600] "POST /xmlrpc.php HTTP/1.1" 200 401 "-" "Mozilla/5.0 (Windows NT 10.0; Win64; x64) AppleWebKit/537.36 (KHTML, like Gecko) Chrome/78.0.3904.108 Safari/537.36"
34.139.223.187 - - [17/Jul/2026:05:13:51 -0600] "POST /xmlrpc.php HTTP/1.1" 200 401 "-" "Mozilla/5.0 (Windows NT 10.0; Win64; x64) AppleWebKit/537.36 (KHTML, like Gecko) Chrome/78.0.3904.108 Safari/537.36"
34.139.223.187 - - [17/Jul/2026:05:13:54 -0600] "POST /xmlrpc.php HTTP/1.1" 200 401 "-" "Mozilla/5.0 (Windows NT 10.0; Win64; x64) AppleWebKit/537.36 (KHTML, like Gecko) Chrome/78.0.3904.108 Safari/537.36"
34.139.223.187 - - [17/Jul/2026:05:13:56 -0600] "POST /xmlrpc.php HTTP/1.1" 200 401 "-" "Mozilla/5.0 (Windows NT 10.0; Win64; x64) AppleWebKit/537.36 (KHTML, like Gecko) Chrome/78.0.3904.108 Safari/537.36"
34.139.223.187 - - [17/Jul/2026:05:13:59 -0600] "POST /xmlrpc.php HTTP/1.1" 200 401 "-" "Mozilla/5.0 (Windows NT 10.0; Win64; x64) AppleWebKit/537.36 (KHTML, like Gecko) Chrome/78.0.3904.108 Safari/537.36"
34.139.223.187 - - [17/Jul/2026:05:14:01 -0600] "POST /xmlrpc.php HTTP/1.1" 200 401 "-" "Mozilla/5.0 (Windows NT 10.0; Win64; x64) AppleWebKit/537.36 (KHTML, like Gecko) Chrome/78.0.3904.108 Safari/537.36"
